000
CXUS53 KLSX 011716
CF6STL

PRELIMINARY LOCAL CLIMATOLOGICAL DATA (WS FORM: F-6)

                                          STATION:   ST. LOUIS
                                          MONTH:     JULY
                                          YEAR:      2013
                                          LATITUDE:   38 45 N
                                          LONGITUDE:  90 23 W

  TEMPERATURE IN F:       :PCPN:    SNOW:  WIND      :SUNSHINE: SKY     :PK WND
================================================================================
1   2   3   4   5  6A  6B    7    8   9   10  11  12  13   14  15   16   17  18
                                     12Z  AVG MX 2MIN
DY MAX MIN AVG DEP HDD CDD  WTR  SNW DPTH SPD SPD DIR MIN PSBL S-S WX    SPD DR
================================================================================

 1  81  64  73  -7   0   8    T  0.0    0 11.6 22  20   M    M   8        29  10
 2  70  62  66 -14   0   1 0.54  0.0    0  7.4 18  30   M    M  10 1      24  30
 3  83  64  74  -6   0   9    T  0.0    0  4.1 12 170   M    M   6        16 260
 4  84  64  74  -6   0   9 0.00  0.0    0   M   M   M   M    M   2 8       M  M
 5  84  67  76  -4   0  11 0.00  0.0    0  6.7 15 150   M    M   4 18     21 110
 6  88  70  79  -1   0  14 0.07  0.0    0  6.9 23 210   M    M   6 38     28 210
 7  92  69  81   1   0  16 0.00  0.0    0  8.2 15 190   M    M   3        22 220
 8  94  77  86   6   0  21 0.00  0.0    0  8.3 15 210   M    M   6        23 200
 9  95  81  88   8   0  23 0.00  0.0    0  9.5 16 210   M    M   7        22 220
10  88  74  81   1   0  16 0.55  0.0    0  9.2 32 220   M    M   6 13     39 210
11  84  68  76  -4   0  11 0.00  0.0    0  7.1 16  30   M    M   2        20  30
12  85  65  75  -5   0  10 0.00  0.0    0  5.4 12  60   M    M   1        15  60
13  86  65  76  -4   0  11 0.00  0.0    0  5.5 14  80   M    M   3        28  90
14  90  68  79  -1   0  14 0.28  0.0    0  7.1 18 110   M    M   4 1      23 120
15  91  74  83   3   0  18    T  0.0    0  7.1 16 110   M    M   6        21 120
16  93  76  85   5   0  20 0.00  0.0    0  6.3 12 160   M    M   2        16 160
17  94  77  86   6   0  21 0.05  0.0    0  1.9 28 200   M    M   4 3      32 200
18  94  78  86   6   0  21 0.28  0.0    0  2.8 14 120   M    M   6 3      16 120
19  98  78  88   8   0  23 0.00  0.0    0  7.6 14 220   M    M   4 3      21 230
20  93  77  85   5   0  20 0.00  0.0    0  8.1 23 330   M    M   7        26 320
21  84  74  79  -1   0  14    T  0.0    0  4.7  9 340   M    M  10        14 200
22  93  72  83   3   0  18    T  0.0    0  3.8 16 240   M    M   6 18     22 230
23  92  74  83   3   0  18 0.00  0.0    0  9.1 16  20   M    M   6        21 310
24  81  66  74  -6   0   9 0.00  0.0    0  8.5 15 350   M    M   4        20  10
25  83  63  73  -7   0   8 0.00  0.0    0  3.4 12  20   M    M   6        15  30
26  76  69  73  -7   0   8 0.05  0.0    0  8.1 18 270   M    M   9        29 320
27  78  62  70 -10   0   5 0.00  0.0    0  8.2 20 340   M    M   4        25 340
28  83  56  70 -10   0   5 0.00  0.0    0  4.6 17 270   M    M   4        20 220
29  81  60  71  -9   0   6    T  0.0    0  4.8 13 150   M    M   8        16 150
30  77  67  72  -8   0   7 1.53  0.0    0  8.6 16 140   M    M  10 1238   21 140
31  82  69  76  -4   0  11    T  0.0    0  5.8 16 330   M    M   7 128    21 320
================================================================================
SM 2677 2150         0 406  3.35     0.0 200.4          M      171
================================================================================
AV 86.4 69.4                               6.7 FASTST   M    M   6    MAX(MPH)
                                 MISC ---->  # 32 220               # 39  210
================================================================================
NOTES:
# LAST OF SEVERAL OCCURRENCES

COLUMN 17 PEAK WIND IN M.P.H.

PRELIMINARY LOCAL CLIMATOLOGICAL DATA (WS FORM: F-6) , PAGE 2

                                          STATION:  ST. LOUIS
                                          MONTH:    JULY
                                          YEAR:     2013
                                          LATITUDE:   38 45 N
                                          LONGITUDE:  90 23 W

[TEMPERATURE DATA]      [PRECIPITATION DATA]       SYMBOLS USED IN COLUMN 16

AVERAGE MONTHLY: 77.9   TOTAL FOR MONTH:   3.35    1 = FOG OR MIST
DPTR FM NORMAL:  -2.1   DPTR FM NORMAL:   -0.76    2 = FOG REDUCING VISIBILITY
HIGHEST:    98 ON 19    GRTST 24HR  1.53 ON 30-30      TO 1/4 MILE OR LESS
LOWEST:     56 ON 28                               3 = THUNDER
                        SNOW, ICE PELLETS, HAIL    4 = ICE PELLETS
                        TOTAL MONTH:   0.0 INCH    5 = HAIL
                        GRTST 24HR     0.0         6 = FREEZING RAIN OR DRIZZLE
                        GRTST DEPTH:   0           7 = DUSTSTORM OR SANDSTORM:
                                                       VSBY 1/2 MILE OR LESS
                                                   8 = SMOKE OR HAZE
[NO. OF DAYS WITH]      [WEATHER - DAYS WITH]      9 = BLOWING SNOW
                                                   X = TORNADO
MAX 32 OR BELOW:   0    0.01 INCH OR MORE:   8
MAX 90 OR ABOVE:  12    0.10 INCH OR MORE:   5
MIN 32 OR BELOW:   0    0.50 INCH OR MORE:   3
MIN  0 OR BELOW:   0    1.00 INCH OR MORE:   1

[HDD (BASE 65) ]
TOTAL THIS MO.     0    CLEAR  (SCALE 0-3)   6
DPTR FM NORMAL     0    PTCLDY (SCALE 4-7)  19
TOTAL FM JUL 1     0    CLOUDY (SCALE 8-10)  6
DPTR FM NORMAL     0

[CDD (BASE 65) ]
TOTAL THIS MO.   406
DPTR FM NORMAL   -61    [PRESSURE DATA]
TOTAL FM JAN 1   954    HIGHEST SLP 30.30 ON 17
DPTR FM NORMAL   -21    LOWEST  SLP 29.70 ON 23

[REMARKS]
#FINAL-07-13#
