000
CXUS53 KLSX 020257 CCB
CF6STL

PRELIMINARY LOCAL CLIMATOLOGICAL DATA (WS FORM: F-6)

                                          STATION:   ST. LOUIS
                                          MONTH:     MARCH
                                          YEAR:      2013
                                          LATITUDE:   38 45 N
                                          LONGITUDE:  90 23 W

  TEMPERATURE IN F:       :PCPN:    SNOW:  WIND      :SUNSHINE: SKY     :PK WND
================================================================================
1   2   3   4   5  6A  6B    7    8   9   10  11  12  13   14  15   16   17  18
                                     12Z  AVG MX 2MIN
DY MAX MIN AVG DEP HDD CDD  WTR  SNW DPTH SPD SPD DIR MIN PSBL S-S WX    SPD DR
================================================================================

 1  34  29  32  -9  33   0 0.08  0.8    1  9.5 17 330   M    M  10 1      20 340
 2  36  23  30 -11  35   0    T    T    T 11.1 20 320   M    M   7        25 320
 3  40  19  30 -12  35   0    T    T    T  4.0 13 150   M    M   6 18     16 140
 4  53  35  44   2  21   0 0.02    T    0 14.1 21 120   M    M   9 4      31 120
 5  43  32  38  -4  27   0 0.25  0.6    0 15.8 32 280   M    M  10 1      44 310
 6  39  28  34  -9  31   0    T    T    T 11.8 28 320   M    M   6        37 310
 7  46  22  34  -9  31   0 0.00  0.0    0  6.2 14 100   M    M   3 18     17 160
 8  54  28  41  -2  24   0    T  0.0    0 11.0 18 110   M    M   5 18     23 120
 9  68  42  55  11  10   0 0.44  0.0    0 14.7 26 130   M    M   9 1      32 130
10  61  45  53   9  12   0 1.35  0.0    0  9.4 22 280   M    M  10 13     26 280
11  45  34  40  -4  25   0 0.01    T    0 14.7 23 270   M    M   9 1      29 260
12  52  30  41  -4  24   0    T    T    0 13.1 28 290   M    M   5        36 290
13  42  28  35 -10  30   0 0.01    T    0 10.8 26 310   M    M   4        36 310
14  52  29  41  -5  24   0    T    T    0  8.1 20 170   M    M   7 4      24 180
15  73  32  53   7  12   0 0.00  0.0    0  3.9 16 160   M    M   6        21 180
16  64  39  52   6  13   0 0.09  0.0    0 10.4 21 330   M    M   8 8      25 330
17  39  34  37 -10  28   0 1.19  0.1    0 11.1 21 100   M    M  10 1348   37 200
18  51  35  43  -4  22   0 0.02  0.0    0 11.3 24 280   M    M   7 1      32 290
19  47  29  38  -9  27   0 0.00  0.0    0  8.8 22 280   M    M   5        26 280
20  38  25  32 -16  33   0    T    T    0 12.2 24 300   M    M   4        33 280
21  37  21  29 -19  36   0 0.00  0.0    0  5.6 15 100   M    M   5        18 100
22  43  32  38 -10  27   0 0.00  0.0    0  7.3 12  80   M    M  10        15 140
23  54  38  46  -3  19   0 0.06  0.0    0  9.0 20  60   M    M   8 1      24  70
24  41  32  37 -12  28   0 1.25 12.4    T 15.6 23 310   M    M  10 1234   31 310
25  36  30  33 -17  32   0 0.03  0.4    8 13.0 22 280   M    M  10 1      26 280
26  40  29  35 -15  30   0 0.00  0.0    5  7.9 17 280   M    M   6        23 280
27  45  25  35 -15  30   0    T  0.0    2  3.5 10  70   M    M   6        12  80
28  57  36  47  -4  18   0    T  0.0    1  9.6 15 100   M    M   7        21 140
29  62  43  53   2  12   0 0.00  0.0    0  6.6 15 150   M    M   5        24 350
30  55  41  48  -3  17   0 0.15  0.0    0  8.0 20 140   M    M   8 18     25 140
31  69  47  58   6   7   0 0.00  0.0    0  8.3 23 280   M    M   6 18     29 280
================================================================================
SM 1516  992       753   0  4.95    14.3 306.4          M      221
================================================================================
AV 48.9 32.0                               9.9 FASTST   M    M   7    MAX(MPH)
                                 MISC ---->  # 32 280               # 44  310
================================================================================
NOTES:
# LAST OF SEVERAL OCCURRENCES

COLUMN 17 PEAK WIND IN M.P.H.

PRELIMINARY LOCAL CLIMATOLOGICAL DATA (WS FORM: F-6) , PAGE 2

                                          STATION:  ST. LOUIS
                                          MONTH:    MARCH
                                          YEAR:     2013
                                          LATITUDE:   38 45 N
                                          LONGITUDE:  90 23 W

[TEMPERATURE DATA]      [PRECIPITATION DATA]       SYMBOLS USED IN COLUMN 16

AVERAGE MONTHLY: 40.5   TOTAL FOR MONTH:   4.95    1 = FOG OR MIST
DPTR FM NORMAL:  -5.8   DPTR FM NORMAL:    1.63    2 = FOG REDUCING VISIBILITY
HIGHEST:    73 ON 15    GRTST 24HR  1.35 ON 10-10      TO 1/4 MILE OR LESS
LOWEST:     19 ON  3                               3 = THUNDER
                        SNOW, ICE PELLETS, HAIL    4 = ICE PELLETS
                        TOTAL MONTH:  14.3 INCHES  5 = HAIL
                        GRTST 24HR  12.7 ON 24-25  6 = FREEZING RAIN OR DRIZZLE
                        GRTST DEPTH:   8 ON 25     7 = DUSTSTORM OR SANDSTORM:
                                                       VSBY 1/2 MILE OR LESS
                                                   8 = SMOKE OR HAZE
[NO. OF DAYS WITH]      [WEATHER - DAYS WITH]      9 = BLOWING SNOW
                                                   X = TORNADO
MAX 32 OR BELOW:   0    0.01 INCH OR MORE:  14
MAX 90 OR ABOVE:   0    0.10 INCH OR MORE:   6
MIN 32 OR BELOW:  19    0.50 INCH OR MORE:   3
MIN  0 OR BELOW:   0    1.00 INCH OR MORE:   3

[HDD (BASE 65) ]
TOTAL THIS MO.   753    CLEAR  (SCALE 0-3)   1
DPTR FM NORMAL   165    PTCLDY (SCALE 4-7)  17
TOTAL FM JUL 1  4070    CLOUDY (SCALE 8-10) 13
DPTR FM NORMAL  -116

[CDD (BASE 65) ]
TOTAL THIS MO.     0
DPTR FM NORMAL    -7    [PRESSURE DATA]
TOTAL FM JAN 1     0    HIGHEST SLP 30.46 ON  7
DPTR FM NORMAL    -7    LOWEST  SLP 29.59 ON 24

[REMARKS]
#FINAL-03-13#
