000
CXUS53 KLSX 011754
CF6STL

PRELIMINARY LOCAL CLIMATOLOGICAL DATA (WS FORM: F-6)

                                          STATION:   ST. LOUIS
                                          MONTH:     AUGUST
                                          YEAR:      2012
                                          LATITUDE:   38 45 N
                                          LONGITUDE:  90 23 W

  TEMPERATURE IN F:       :PCPN:    SNOW:  WIND      :SUNSHINE: SKY     :PK WND
================================================================================
1   2   3   4   5  6A  6B    7    8   9   10  11  12  13   14  15   16   17  18
                                     12Z  AVG MX 2MIN
DY MAX MIN AVG DEP HDD CDD  WTR  SNW DPTH SPD SPD DIR MIN PSBL S-S WX    SPD DR
================================================================================

 1 101  77  89   9   0  24 0.00  0.0    0  6.1 14  90   M    M   4        17  80
 2  98  76  87   7   0  22 0.01  0.0    0  8.6 21 260   M    M   6 3      24 260
 3  97  73  85   5   0  20 0.00  0.0    0  8.2 14 130   M    M   5        21 110
 4  98  75  87   7   0  22 0.48  0.0    0 11.3 35 240   M    M   8 13     48 270
 5  92  75  84   4   0  19    T  0.0    0  7.0 17  10   M    M   7 3      24 350
 6  95  68  82   2   0  17 0.00  0.0    0  3.4 10 310   M    M   2        14 310
 7 100  70  85   5   0  20 0.00  0.0    0  3.7 12 190   M    M   3        18 200
 8 100  69  85   5   0  20 0.46  0.0    0  9.1 36 320   M    M   7 13     44 330
 9  93  71  82   2   0  17 0.01  0.0    0  6.9 20 350   M    M   5 3      25 350
10  80  67  74  -5   0   9 0.00  0.0    0  9.6 20 340   M    M   4        24 330
11  86  61  74  -5   0   9 0.00  0.0    0  3.4 14 340   M    M   3        20 330
12  85  65  75  -4   0  10 0.03  0.0    0  7.3 18 150   M    M   7 3      23 160
13  81  66  74  -5   0   9 0.09  0.0    0 10.3 21 140   M    M   7 3      25 150
14  81  63  72  -7   0   7 0.00  0.0    0  5.0 12 330   M    M   7        16 260
15  92  63  78  -1   0  13 0.00  0.0    0  6.7 16 140   M    M   1        22 200
16  98  70  84   5   0  19 0.51  0.0    0  8.9 32 330   M    M   6 35     53 330
17  82  62  72  -7   0   7 0.00  0.0    0  5.3 13 320   M    M   3        21 360
18  83  61  72  -7   0   7 0.00  0.0    0  3.8 12 330   M    M   5        15 320
19  84  64  74  -5   0   9    T  0.0    0  3.5 17 360   M    M   7        21 360
20  87  60  74  -4   0   9 0.00  0.0    0  4.6 16 290   M    M   2        24 310
21  89  63  76  -2   0  11    T  0.0    0  3.8  9  60   M    M   4         M  M
22  94  64  79   1   0  14 0.00  0.0    0  4.9 13 110   M    M   2        15 120
23  98  67  83   5   0  18 0.00  0.0    0  6.2 14 130   M    M   4        17 150
24  95  75  85   7   0  20 0.00  0.0    0  7.8 16 200   M    M   7        21 200
25  91  72  82   4   0  17 0.08  0.0    0 11.2 20 160   M    M   6 1      35 150
26  87  71  79   1   0  14 0.83  0.0    0  9.4 16 160   M    M   8 13      M  M
27  88  72  80   3   0  15 0.02  0.0    0  7.5 13  10   M    M   6 1      21  20
28  93  66  80   3   0  15 0.00  0.0    0  4.3 17  10   M    M   1        25 360
29  91  67  79   2   0  14 0.00  0.0    0  7.1 16 110   M    M   0        20 110
30  96  70  83   6   0  18 0.00  0.0    0  8.5 15 120   M    M   2        21 110
31  83  75  79   3   0  14 1.48  0.0    0 10.5 25 110   M    M   9 18     31 120
================================================================================
SM 2818 2118         0 459  4.00     0.0 213.9          M      148
================================================================================
AV 90.9 68.3                               6.9 FASTST   M    M   5    MAX(MPH)
                                 MISC ---->  # 36 320               # 53  330
================================================================================
NOTES:
# LAST OF SEVERAL OCCURRENCES

COLUMN 17 PEAK WIND IN M.P.H.

PRELIMINARY LOCAL CLIMATOLOGICAL DATA (WS FORM: F-6) , PAGE 2

                                          STATION:  ST. LOUIS
                                          MONTH:    AUGUST
                                          YEAR:     2012
                                          LATITUDE:   38 45 N
                                          LONGITUDE:  90 23 W

[TEMPERATURE DATA]      [PRECIPITATION DATA]       SYMBOLS USED IN COLUMN 16

AVERAGE MONTHLY: 79.6   TOTAL FOR MONTH:   4.00    1 = FOG OR MIST
DPTR FM NORMAL:   1.0   DPTR FM NORMAL:    1.01    2 = FOG REDUCING VISIBILITY
HIGHEST:   101 ON  1    GRTST 24HR  1.48 ON 31-31      TO 1/4 MILE OR LESS
LOWEST:     60 ON 20                               3 = THUNDER
                        SNOW, ICE PELLETS, HAIL    4 = ICE PELLETS
                        TOTAL MONTH:   0.0 INCH    5 = HAIL
                        GRTST 24HR     0.0         6 = FREEZING RAIN OR DRIZZLE
                        GRTST DEPTH:   0           7 = DUSTSTORM OR SANDSTORM:
                                                       VSBY 1/2 MILE OR LESS
                                                   8 = SMOKE OR HAZE
[NO. OF DAYS WITH]      [WEATHER - DAYS WITH]      9 = BLOWING SNOW
                                                   X = TORNADO
MAX 32 OR BELOW:   0    0.01 INCH OR MORE:  11
MAX 90 OR ABOVE:  18    0.10 INCH OR MORE:   5
MIN 32 OR BELOW:   0    0.50 INCH OR MORE:   3
MIN  0 OR BELOW:   0    1.00 INCH OR MORE:   1

[HDD (BASE 65) ]
TOTAL THIS MO.     0    CLEAR  (SCALE 0-3)  10
DPTR FM NORMAL    -1    PTCLDY (SCALE 4-7)  16
TOTAL FM JUL 1     0    CLOUDY (SCALE 8-10)  5
DPTR FM NORMAL    -1

[CDD (BASE 65) ]
TOTAL THIS MO.   459
DPTR FM NORMAL    35    [PRESSURE DATA]
TOTAL FM JAN 1  1998    HIGHEST SLP 30.13 ON  6
DPTR FM NORMAL   599    LOWEST  SLP 29.69 ON  2

[REMARKS]
#FINAL-08-12#
