000
CXUS53 KLSX 011600
CF6STL
PRELIMINARY LOCAL CLIMATOLOGICAL DATA (WS FORM: F-6)

                                          STATION:   ST. LOUIS
                                          MONTH:     SEPTEMBER
                                          YEAR:      2012
                                          LATITUDE:   38 45 N
                                          LONGITUDE:  90 23 W

  TEMPERATURE IN F:       :PCPN:    SNOW:  WIND      :SUNSHINE: SKY     :PK WND
================================================================================
1   2   3   4   5  6A  6B    7    8   9   10  11  12  13   14  15   16   17  18
                                     12Z  AVG MX 2MIN
DY MAX MIN AVG DEP HDD CDD  WTR  SNW DPTH SPD SPD DIR MIN PSBL S-S WX    SPD DR
================================================================================

 1  82  74  78   2   0  13 0.57  0.0    0  8.6 20 170   M    M   9 1      25 170
 2  84  74  79   3   0  14 0.11  0.0    0  8.7 21 270   M    M   8 1      25 280
 3  88  74  81   6   0  16    T  0.0    0  5.8 14  40   M    M   7 18     17  20
 4  92  74  83   8   0  18 0.01  0.0    0  2.3  9 240   M    M   5        12 240
 5  86  69  78   3   0  13 0.13  0.0    0  6.2 28  40   M    M   5 13     38  40
 6  92  68  80   6   0  15 0.00  0.0    0  2.4 28 250   M    M   3 8      41 270
 7  93  64  79   5   0  14 0.57  0.0    0  8.1 30 330   M    M   7 13     38 330
 8  74  59  67  -7   0   2 0.00  0.0    0  9.6 18 310   M    M   1        24 340
 9  75  58  67  -6   0   2 0.00  0.0    0  7.9 17 330   M    M   1        24 310
10  79  56  68  -5   0   3 0.00  0.0    0  5.1 12 130   M    M   1        17 140
11  85  60  73   0   0   8 0.00  0.0    0  8.0 17 200   M    M   1        24 210
12  86  64  75   3   0  10 0.00  0.0    0  7.7 18 220   M    M   2        23 230
13  88  61  75   3   0  10 0.00  0.0    0  7.3 24 350   M    M   6        29 350
14  70  58  64  -7   1   0 0.10  0.0    0  7.1 14  10   M    M  10 1      17  40
15  69  57  63  -8   2   0 0.00  0.0    0  4.6 15 100   M    M   8        18 100
16  74  63  69  -1   0   4 0.00  0.0    0  3.5  8 160   M    M   8 8      12 180
17  76  60  68  -2   0   3 0.29  0.0    0  3.9 21 350   M    M  10 138    25 340
18  69  50  60  -9   5   0 0.01  0.0    0  7.9 20 320   M    M   3        25 320
19  77  50  64  -5   1   0 0.00  0.0    0  8.8 18 200   M    M   3 8      26 120
20  79  57  68  -1   0   3    T  0.0    0  7.3 18 280   M    M   6 3      23 280
21  84  57  71   3   0   6 0.00  0.0    0  9.5 23 260   M    M   6        30 260
22  69  49  59  -9   6   0 0.00  0.0    0  7.9 21 320   M    M   0        26 320
23  68  44  56 -11   9   0 0.00  0.0    0  2.0 15 320   M    M   2        20 320
24  74  45  60  -7   5   0 0.00  0.0    0  7.5 17 190   M    M   5        21 180
25  81  61  71   5   0   6 0.97  0.0    0  8.2 23 330   M    M   9 138    29 330
26  79  66  73   7   0   8 0.19  0.0    0  5.1 16 300   M    M   8 13     23 290
27  71  64  68   2   0   3 0.00  0.0    0  3.2  9  20   M    M   9 128    12  20
28  72  55  64  -1   1   0 0.08  0.0    0  4.9 12 350   M    M   7        16  10
29  76  52  64  -1   1   0 0.00  0.0    0  1.9  M   M   M    M   2         M  M
30  74  55  65   1   0   0 0.00  0.0    0  4.5 10  40   M    M   9        14  40
================================================================================
SM 2366 1798        31 171  3.03     0.0 185.5          M      161
================================================================================
AV 78.9 59.9                               6.2 FASTST   M    M   5    MAX(MPH)
                                 MISC ---->  # 30 330               # 41  270
================================================================================
NOTES:
# LAST OF SEVERAL OCCURRENCES

COLUMN 17 PEAK WIND IN M.P.H.

PRELIMINARY LOCAL CLIMATOLOGICAL DATA (WS FORM: F-6) , PAGE 2

                                          STATION:  ST. LOUIS
                                          MONTH:    SEPTEMBER
                                          YEAR:     2012
                                          LATITUDE:   38 45 N
                                          LONGITUDE:  90 23 W

[TEMPERATURE DATA]      [PRECIPITATION DATA]       SYMBOLS USED IN COLUMN 16

AVERAGE MONTHLY: 69.4   TOTAL FOR MONTH:   3.03    1 = FOG OR MIST
DPTR FM NORMAL:  -1.0   DPTR FM NORMAL:   -0.10    2 = FOG REDUCING VISIBILITY
HIGHEST:    93 ON  7    GRTST 24HR  1.90 ON 31- 1      TO 1/4 MILE OR LESS
LOWEST:     44 ON 23                               3 = THUNDER
                        SNOW, ICE PELLETS, HAIL    4 = ICE PELLETS
                        TOTAL MONTH:   0.0 INCH    5 = HAIL
                        GRTST 24HR     0.0         6 = FREEZING RAIN OR DRIZZLE
                        GRTST DEPTH:   0           7 = DUSTSTORM OR SANDSTORM:
                                                       VSBY 1/2 MILE OR LESS
                                                   8 = SMOKE OR HAZE
[NO. OF DAYS WITH]      [WEATHER - DAYS WITH]      9 = BLOWING SNOW
                                                   X = TORNADO
MAX 32 OR BELOW:   0    0.01 INCH OR MORE:  11
MAX 90 OR ABOVE:   3    0.10 INCH OR MORE:   8
MIN 32 OR BELOW:   0    0.50 INCH OR MORE:   3
MIN  0 OR BELOW:   0    1.00 INCH OR MORE:   0

[HDD (BASE 65) ]
TOTAL THIS MO.    31    CLEAR  (SCALE 0-3)  10
DPTR FM NORMAL    -9    PTCLDY (SCALE 4-7)  10
TOTAL FM JUL 1    31    CLOUDY (SCALE 8-10) 10
DPTR FM NORMAL   -10

[CDD (BASE 65) ]
TOTAL THIS MO.   171
DPTR FM NORMAL   -31    [PRESSURE DATA]
TOTAL FM JAN 1  2169    HIGHEST SLP 30.35 ON 14
DPTR FM NORMAL   568    LOWEST  SLP 29.61 ON  7

[REMARKS]
#FINAL-09-12#
