000
CXUS53 KLSX 031238 CCA
CF6STL

PRELIMINARY LOCAL CLIMATOLOGICAL DATA (WS FORM: F-6)

                                          STATION:   ST. LOUIS
                                          MONTH:     APRIL
                                          YEAR:      2012
                                          LATITUDE:   38 45 N
                                          LONGITUDE:  90 23 W

  TEMPERATURE IN F:       :PCPN:    SNOW:  WIND      :SUNSHINE: SKY     :PK WND
================================================================================
1   2   3   4   5  6A  6B    7    8   9   10  11  12  13   14  15   16   17  18
                                     12Z  AVG MX 2MIN
DY MAX MIN AVG DEP HDD CDD  WTR  SNW DPTH SPD SPD DIR MIN PSBL S-S WX    SPD DR
================================================================================

 1  89  61  75  23   0  10 0.00  0.0    0  6.9 17 250   M    M   3        25 220
 2  89  66  78  26   0  13 0.00  0.0    0  6.8 15 130   M    M   0        20 130
 3  83  63  73  20   0   8 0.72  0.0    0  4.7 26 190   M    M   7 13     36 240
 4  68  53  61   8   4   0 0.31  0.0    0  7.0 20  40   M    M  10 138    26  40
 5  62  47  55   1  10   0 0.72  0.0    0 10.6 21  40   M    M   8 13     28  40
 6  61  39  50  -4  15   0 0.00  0.0    0  6.1  M   M   M    M   3         M  M
 7  69  42  56   2   9   0    T  0.0    0  6.4 14 310   M    M   6        20 310
 8  69  45  57   2   8   0 0.00  0.0    0  4.1 15  60   M    M   2        20  30
 9  71  46  59   4   6   0 0.00  0.0    0  8.7 23 280   M    M   1        30 320
10  61  44  53  -2  12   0 0.00  0.0    0 10.7 21 320   M    M   1        25 310
11  57  37  47  -9  18   0 0.00  0.0    0  5.8 14  30   M    M   0        18  10
12  64  36  50  -6  15   0 0.00  0.0    0  6.1 15 140   M    M   6        22 150
13  57  49  53  -3  12   0 1.12  0.0    0 10.8 28 130   M    M  10 13     35 130
14  80  53  67  10   0   2 1.30  0.0    0  8.4 22 160   M    M   9 13     30 180
15  78  58  68  11   0   3 0.92  0.0    0 18.2 37 270   M    M   8 13     46 270
16  68  51  60   2   5   0 0.00  0.0    0 13.5 32 270   M    M   5        41 260
17  70  47  59   1   6   0 0.00  0.0    0  5.1 13 120   M    M   2        17 120
18  75  49  62   4   3   0 0.00  0.0    0  6.7 16 170   M    M   3        20 170
19  79  56  68   9   0   3 0.00  0.0    0 10.1 22 140   M    M   5        30 150
20  66  48  57  -2   8   0 0.10  0.0    0 12.5 22 310   M    M  10 1      29 310
21  60  41  51  -8  14   0    T  0.0    0  6.3 15 360   M    M   5        20 350
22  59  43  51  -9  14   0 0.14  0.0    0  8.1 20  20   M    M   7 13     25  20
23  64  37  51  -9  14   0 0.00  0.0    0 10.2 24 320   M    M   2        33 340
24  78  47  63   3   2   0 0.00  0.0    0  8.2 17 250   M    M   5        23 260
25  89  59  74  13   0   9    T  0.0    0  5.3 21 210   M    M   6        28 210
26  80  58  69   8   0   4 0.00  0.0    0 10.7 21 100   M    M   5        25 100
27  59  47  53  -8  12   0    T  0.0    0 16.1 29 110   M    M   9        36 120
28  80  56  68   6   0   3 1.40  0.0    0  8.5 29 280   M    M   8 135    35 280
29  65  51  58  -4   7   0 0.52  0.0    0  6.8 17 140   M    M   9 138    39 350
30  73  60  67   5   0   2 0.05  0.0    0  5.7 16 310   M    M   9 138    22 320
================================================================================
SM 2123 1489       194  57  7.30     0.0 255.1          M      164
================================================================================
AV 70.8 49.6                               8.5 FASTST   M    M   5    MAX(MPH)
                                 MISC ---->  # 37 270               # 46  270
================================================================================
NOTES:
# LAST OF SEVERAL OCCURRENCES

COLUMN 17 PEAK WIND IN M.P.H.

PRELIMINARY LOCAL CLIMATOLOGICAL DATA (WS FORM: F-6) , PAGE 2

                                          STATION:  ST. LOUIS
                                          MONTH:    APRIL
                                          YEAR:     2012
                                          LATITUDE:   38 45 N
                                          LONGITUDE:  90 23 W

[TEMPERATURE DATA]      [PRECIPITATION DATA]       SYMBOLS USED IN COLUMN 16

AVERAGE MONTHLY: 60.2   TOTAL FOR MONTH:   7.30    1 = FOG OR MIST
DPTR FM NORMAL:   2.9   DPTR FM NORMAL:    3.61    2 = FOG REDUCING VISIBILITY
HIGHEST:   89 ON 25,2,1 GRTST 24HR  2.29 ON 13-14      TO 1/4 MILE OR LESS
LOWEST:    36 ON 12                                3 = THUNDER
                        SNOW, ICE PELLETS          4 = ICE PELLETS
                        TOTAL MONTH:   0.0 INCH    5 = HAIL
                        GRTST 24HR     0.0         6 = FREEZING RAIN OR DRIZZLE
                        GRTST DEPTH:   0           7 = DUSTSTORM OR SANDSTORM:
                                                       VSBY 1/2 MILE OR LESS
                                                   8 = SMOKE OR HAZE
[NO. OF DAYS WITH]      [WEATHER - DAYS WITH]      9 = BLOWING SNOW
                                                   X = TORNADO
MAX 32 OR BELOW:   0    0.01 INCH OR MORE:  11
MAX 90 OR ABOVE:   0    0.10 INCH OR MORE:  10
MIN 32 OR BELOW:   0    0.50 INCH OR MORE:   7
MIN  0 OR BELOW:   0    1.00 INCH OR MORE:   3

[HDD (BASE 65) ]
TOTAL THIS MO.   194    CLEAR  (SCALE 0-3)  10
DPTR FM NORMAL   -76    PTCLDY (SCALE 4-7)  10
TOTAL FM JUL 1  3287    CLOUDY (SCALE 8-10) 10
DPTR FM NORMAL -1169

[CDD (BASE 65) ]
TOTAL THIS MO.    57
DPTR FM NORMAL    18    [PRESSURE DATA]
TOTAL FM JAN 1   137    HIGHEST SLP 30.37 ON  8
DPTR FM NORMAL    91    LOWEST  SLP 29.51 ON 25

[REMARKS]
#FINAL-04-12#
