000
CXUS53 KLSX 011600
CF6STL
PRELIMINARY LOCAL CLIMATOLOGICAL DATA (WS FORM: F-6)

                                          STATION:   ST. LOUIS
                                          MONTH:     JANUARY
                                          YEAR:      2012
                                          LATITUDE:   38 45 N
                                          LONGITUDE:  90 23 W

  TEMPERATURE IN F:       :PCPN:    SNOW:  WIND      :SUNSHINE: SKY     :PK WND
================================================================================
1   2   3   4   5  6A  6B    7    8   9   10  11  12  13   14  15   16   17  18
                                     12Z  AVG MX 2MIN
DY MAX MIN AVG DEP HDD CDD  WTR  SNW DPTH SPD SPD DIR MIN PSBL S-S WX    SPD DR
================================================================================

 1  56  34  45  13  20   0    T  0.0    0 21.8 31 280   M    M   3        44 310
 2  34  22  28  -4  37   0    T    T    0 17.2 31 310   M    M   1        44 310
 3  39  18  29  -3  36   0 0.00  0.0    0  7.2 13 150   M    M   3        21 170
 4  52  34  43  11  22   0 0.00  0.0    0 10.2 20 290   M    M   4        26 290
 5  66  36  51  19  14   0 0.00  0.0    0  9.8 20 250   M    M   2        24 260
 6  70  44  57  25   8   0 0.00  0.0    0  9.8 21 220   M    M   1        26 250
 7  53  36  45  13  20   0 0.00  0.0    0  6.5 15 320   M    M   6        20 310
 8  44  29  37   5  28   0 0.00  0.0    0  4.0  9  30   M    M   8        12  40
 9  52  28  40   8  25   0 0.00  0.0    0  3.6 10 250   M    M   2 1      13 250
10  58  30  44  12  21   0 0.00  0.0    0  2.6 10 140   M    M   3        13 150
11  56  38  47  15  18   0 0.04  0.0    0  7.7 25 310   M    M   8 1      35 310
12  38  16  27  -5  38   0 0.15  1.8    1 20.0 32 280   M    M  10 1      40 270
13  23  14  19 -13  46   0    T    T    2 10.1 26 280   M    M   6        36 270
14  35  13  24  -8  41   0 0.00  0.0    1  6.3 13 340   M    M   5         M  M
15  45  21  33   1  32   0 0.00  0.0    1 11.5 24 150   M    M   1        29 180
16  68  41  55  23  10   0 0.00  0.0    T 13.8 28 220   M    M   5        36 200
17  69  25  47  15  18   0 0.85  0.0    0 16.9 32 280   M    M   8 1358   46 290
18  35  15  25  -7  40   0 0.00  0.0    0  6.9 15 160   M    M   4        18 160
19  35  18  27  -5  38   0 0.00  0.0    0  8.6 18  20   M    M   8        21  20
20  29  16  23  -9  42   0    T  0.0    0  9.6 17 340   M    M   9 16     22  80
21  32  22  27  -5  38   0    T    T    T 10.8 22 130   M    M  10 18     26 140
22  55  29  42  10  23   0    T  0.0    0 13.6 22 130   M    M  10 16     29 140
23  56  31  44  12  21   0 0.00  0.0    0 16.1 36 260   M    M   6        46 270
24  44  26  35   3  30   0 0.00  0.0    0  4.5 10 260   M    M   3        13 260
25  35  31  33   1  32   0 0.77    T    0  8.3 17 130   M    M  10 14     20 120
26  40  34  37   5  28   0 0.34  0.0    0  6.2 13 310   M    M   9 1      20 310
27  42  31  37   5  28   0 0.12  0.0    0  5.0 13 330   M    M   8 1      28 200
28  44  30  37   5  28   0 0.07    T    0 12.7 23 280   M    M   4 1      26 280
29  48  31  40   7  25   0 0.00  0.0    0  9.0 22 280   M    M   4        31 290
30  67  33  50  17  15   0 0.00  0.0    0 11.9 22 230   M    M   7        29 200
31  66  51  59  26   6   0    T  0.0    0 12.5 26 230   M    M   6        33 230
================================================================================
SM 1486  877       828   0  2.34     1.8 314.7          M      174
================================================================================
AV 47.9 28.3                              10.2 FASTST   M    M   6    MAX(MPH)
                                 MISC ---->  # 36 260               # 46  290
================================================================================
NOTES:
# LAST OF SEVERAL OCCURRENCES

COLUMN 17 PEAK WIND IN M.P.H.

PRELIMINARY LOCAL CLIMATOLOGICAL DATA (WS FORM: F-6) , PAGE 2

                                          STATION:  ST. LOUIS
                                          MONTH:    JANUARY
                                          YEAR:     2012
                                          LATITUDE:   38 45 N
                                          LONGITUDE:  90 23 W

[TEMPERATURE DATA]      [PRECIPITATION DATA]       SYMBOLS USED IN COLUMN 16

AVERAGE MONTHLY: 38.1   TOTAL FOR MONTH:   2.34    1 = FOG OR MIST
DPTR FM NORMAL:   6.3   DPTR FM NORMAL:   -0.06    2 = FOG REDUCING VISIBILITY
HIGHEST:    70 ON  6    GRTST 24HR  1.07 ON 25-26      TO 1/4 MILE OR LESS
LOWEST:     13 ON 14                               3 = THUNDER
                        SNOW, ICE PELLETS, HAIL    4 = ICE PELLETS
                        TOTAL MONTH:   1.8 INCHES  5 = HAIL
                        GRTST 24HR   1.8 ON   M    6 = FREEZING RAIN OR DRIZZLE
                        GRTST DEPTH:   2 ON 13     7 = DUSTSTORM OR SANDSTORM:
                                                       VSBY 1/2 MILE OR LESS
                                                   8 = SMOKE OR HAZE
[NO. OF DAYS WITH]      [WEATHER - DAYS WITH]      9 = BLOWING SNOW
                                                   X = TORNADO
MAX 32 OR BELOW:   3    0.01 INCH OR MORE:   7
MAX 90 OR ABOVE:   0    0.10 INCH OR MORE:   5
MIN 32 OR BELOW:  21    0.50 INCH OR MORE:   2
MIN  0 OR BELOW:   0    1.00 INCH OR MORE:   0

[HDD (BASE 65) ]
TOTAL THIS MO.   828    CLEAR  (SCALE 0-3)   8
DPTR FM NORMAL  -201    PTCLDY (SCALE 4-7)  17
TOTAL FM JUL 1  2225    CLOUDY (SCALE 8-10)  6
DPTR FM NORMAL  -569

[CDD (BASE 65) ]
TOTAL THIS MO.     0
DPTR FM NORMAL     0    [PRESSURE DATA]
TOTAL FM JAN 1     0    HIGHEST SLP 30.57 ON  3
DPTR FM NORMAL     0    LOWEST  SLP 29.43 ON 23

[REMARKS]
#FINAL-01-12#
