000
CXUS53 KLSX 011757
CF6STL

PRELIMINARY LOCAL CLIMATOLOGICAL DATA (WS FORM: F-6)

                                          STATION:   ST. LOUIS
                                          MONTH:     MAY
                                          YEAR:      2014
                                          LATITUDE:   38 45 N
                                          LONGITUDE:  90 23 W

  TEMPERATURE IN F:       :PCPN:    SNOW:  WIND      :SUNSHINE: SKY     :PK WND
================================================================================
1   2   3   4   5  6A  6B    7    8   9   10  11  12  13   14  15   16   17  18
                                     12Z  AVG MX 2MIN
DY MAX MIN AVG DEP HDD CDD  WTR  SNW DPTH SPD SPD DIR MIN PSBL S-S WX    SPD DR
================================================================================

 1  56  43  50 -12  15   0    T  0.0    0 11.6 21 280   M    M   7        28 260
 2  63  48  56  -7   9   0 0.00  0.0    0 10.0 18 260   M    M   8        23 240
 3  77  57  67   4   0   2 0.00  0.0    0  5.0 17 250   M    M   7        23 250
 4  80  52  66   3   0   1 0.00  0.0    0  8.9 23  90   M    M   3        28  70
 5  88  57  73   9   0   8 0.00  0.0    0  7.8 23  90   M    M   6        28  90
 6  87  58  73   9   0   8 0.00  0.0    0 10.1 24 130   M    M   7        31 150
 7  86  71  79  15   0  14 0.00  0.0    0 11.6 24 200   M    M   6        33 160
 8  89  71  80  16   0  15 0.02  0.0    0 13.5 24 160   M    M   9        31 180
 9  81  64  73   8   0   8    T  0.0    0  9.1 23 260   M    M   7 8      30 250
10  84  59  72   7   0   7 0.32  0.0    0  7.9 32 320   M    M   7 13     40 310
11  88  63  76  11   0  11 0.17  0.0    0 11.5 23 200   M    M   5 138    29 170
12  89  70  80  14   0  15 0.17  0.0    0 13.1 28 170   M    M   9 1      35 150
13  70  53  62  -4   3   0 0.15  0.0    0  8.6 16 290   M    M  10 1      24 250
14  55  48  52 -14  13   0 0.53  0.0    0  9.9 18 340   M    M  10 1      23 350
15  64  47  56 -10   9   0 0.35  0.0    0  7.1 23 280   M    M   7 13     28 280
16  60  43  52 -15  13   0 0.00  0.0    0 10.5 24 280   M    M   5        30 280
17  65  42  54 -13  11   0 0.00  0.0    0  3.4 10 340   M    M   5        14 350
18  69  48  59  -8   6   0 0.00  0.0    0  6.7 15 180   M    M   2        22 150
19  79  55  67  -1   0   2 0.00  0.0    0 13.1 26 150   M    M   7        36 170
20  89  63  76   8   0  11 0.00  0.0    0 10.5 16 220   M    M   3 8      22 210
21  89  71  80  12   0  15 0.13  0.0    0  8.0 20 250   M    M   6 38     26 250
22  80  67  74   6   0   9 0.00  0.0    0  6.0 16 320   M    M   7        22 310
23  82  65  74   5   0   9 0.00  0.0    0  5.2 12  40   M    M   7 8      15 310
24  82  60  71   2   0   6    T  0.0    0  6.9 16 120   M    M   9 8      21 110
25  79  64  72   3   0   7 1.48  0.0    0  7.5 16  60   M    M   7 1      20  60
26  88  68  78   8   0  13 0.52  0.0    0  6.5 32 280   M    M   7 13     41 260
27  87  67  77   7   0  12 0.00  0.0    0  5.3 13 220   M    M   7        20 190
28  87  67  77   7   0  12 0.00  0.0    0  4.6 12 230   M    M   7        15 220
29  86  70  78   7   0  13 0.00  0.0    0  5.8 14 170   M    M   7        22 190
30  86  70  78   7   0  13    T  0.0    0  5.2 18  90   M    M   7 38     28  90
31  89  69  79   8   0  14 0.14  0.0    0  5.5 26  90   M    M   5 138    33  90
================================================================================
SM 2454 1850        79 225  3.98     0.0 256.4          M      206
================================================================================
AV 79.2 59.7                               8.3 FASTST   M    M   7    MAX(MPH)
                                 MISC ---->  # 32 320               # 41  260
================================================================================
NOTES:
# LAST OF SEVERAL OCCURRENCES

COLUMN 17 PEAK WIND IN M.P.H.

PRELIMINARY LOCAL CLIMATOLOGICAL DATA (WS FORM: F-6) , PAGE 2

                                          STATION:  ST. LOUIS
                                          MONTH:    MAY
                                          YEAR:     2014
                                          LATITUDE:   38 45 N
                                          LONGITUDE:  90 23 W

[TEMPERATURE DATA]      [PRECIPITATION DATA]       SYMBOLS USED IN COLUMN 16

AVERAGE MONTHLY: 69.5   TOTAL FOR MONTH:   3.98    1 = FOG OR MIST
DPTR FM NORMAL:   2.7   DPTR FM NORMAL:   -0.74    2 = FOG REDUCING VISIBILITY
HIGHEST:    89 ON 31,21 GRTST 24HR  1.48 ON 25         TO 1/4 MILE OR LESS
LOWEST:     42 ON 17                               3 = THUNDER
                        SNOW, ICE PELLETS, HAIL    4 = ICE PELLETS
                        TOTAL MONTH:   0.0 INCH    5 = HAIL
                        GRTST 24HR     0.0         6 = FREEZING RAIN OR DRIZZLE
                        GRTST DEPTH:   0           7 = DUSTSTORM OR SANDSTORM:
                                                       VSBY 1/2 MILE OR LESS
                                                   8 = SMOKE OR HAZE
[NO. OF DAYS WITH]      [WEATHER - DAYS WITH]      9 = BLOWING SNOW
                                                   X = TORNADO
MAX 32 OR BELOW:   0    0.01 INCH OR MORE:  11
MAX 90 OR ABOVE:   0    0.10 INCH OR MORE:  10
MIN 32 OR BELOW:   0    0.50 INCH OR MORE:   3
MIN  0 OR BELOW:   0    1.00 INCH OR MORE:   1

[HDD (BASE 65) ]
TOTAL THIS MO.    79    CLEAR  (SCALE 0-3)   3
DPTR FM NORMAL     5    PTCLDY (SCALE 4-7)  22
TOTAL FM JUL 1  5027    CLOUDY (SCALE 8-10)  6
DPTR FM NORMAL   497

[CDD (BASE 65) ]
TOTAL THIS MO.   225
DPTR FM NORMAL    97    [PRESSURE DATA]
TOTAL FM JAN 1   262    HIGHEST SLP 30.28 ON 18
DPTR FM NORMAL    88    LOWEST  SLP 29.65 ON  6

[REMARKS]
#FINAL-05-14#
