000
CXUS53 KLSX 011600
CF6STL
PRELIMINARY LOCAL CLIMATOLOGICAL DATA (WS FORM: F-6)

                                          STATION:   ST. LOUIS
                                          MONTH:     DECEMBER
                                          YEAR:      2016
                                          LATITUDE:   38 45 N
                                          LONGITUDE:  90 23 W

  TEMPERATURE IN F:       :PCPN:    SNOW:  WIND      :SUNSHINE: SKY     :PK WND
================================================================================
1   2   3   4   5  6A  6B    7    8   9   10  11  12  13   14  15   16   17  18
                                     12Z  AVG MX 2MIN
DY MAX MIN AVG DEP HDD CDD  WTR  SNW DPTH SPD SPD DIR MIN PSBL S-S WX    SPD DR
================================================================================

 1  47  30  39   0  26   0 0.00  0.0    0  8.2 18 290   M    M   3        23 290
 2  49  28  39   0  26   0 0.00  0.0    0  3.0 13 280   M    M   2        16 280
 3  45  30  38  -1  27   0 0.00  0.0    0  5.5 12 110   M    M   8        14 160
 4  42  36  39   1  26   0 0.27  0.0    0  8.1 17 290   M    M  10 1      21 290
 5  46  32  39   1  26   0 0.00  0.0    0  8.1 16 120   M    M   7        20 120
 6  43  32  38   1  27   0    T  0.0    0  9.2 18 310   M    M   9 18     24 290
 7  40  28  34  -3  31   0 0.00  0.0    0  7.9 18 290   M    M   8        26 310
 8  31  21  26 -11  39   0 0.00  0.0    0 14.2 24 280   M    M   3        32 290
 9  31  17  24 -12  41   0 0.00  0.0    0  5.7 13 280   M    M   3        16 270
10  37  26  32  -4  33   0 0.00  0.0    0  8.7 22 160   M    M  10        30 160
11  49  37  43   7  22   0 0.01  0.0    0 11.0 21 200   M    M  10 1      27 210
12  40  29  35   0  30   0    T  0.0    0  8.7 18 310   M    M   8        25 310
13  38  20  29  -6  36   0 0.02    T    0  8.0 18 360   M    M   8 8      24  10
14  31  16  24 -11  41   0 0.00  0.0    0  7.1 18 320   M    M   6        25 310
15  21  15  18 -16  47   0 0.00  0.0    0  8.6 20 310   M    M   7        25 310
16  36  20  28  -6  37   0    T    T    0 13.8 21 130   M    M  10 168    28 170
17  40  16  28  -6  37   0 0.06  0.2    0 11.8 23 320   M    M  10 146    29 310
18  16   4  10 -24  55   0    T    T    T 10.1 24 310   M    M   4        33 320
19  25   3  14 -20  51   0 0.00  0.0    T  4.6 10 150   M    M   1        14 160
20  45  16  31  -2  34   0 0.00  0.0    T  5.8 17 220   M    M   4        22 220
21  54  22  38   5  27   0 0.00  0.0    0  5.8 15 190   M    M   5        20 240
22  47  33  40   7  25   0    T  0.0    0  5.4 13 310   M    M   7        18 310
23  43  36  40   7  25   0 0.19    T    0  8.3 20 170   M    M  10 148    24 170
24  45  41  43  10  22   0 0.00  0.0    0  7.6 15 120   M    M  10 18     18 120
25  65  40  53  20  12   0 0.14  0.0    0 12.4 24 160   M    M  10 128    30 140
26  68  37  53  21  12   0 0.42  0.0    0 12.9 25 280   M    M   6 1      34 200
27  50  31  41   9  24   0 0.00  0.0    0  7.0 18 280   M    M   1        22 280
28  52  32  42  10  23   0 0.02  0.0    0  8.0 15 160   M    M   5        21 180
29  49  37  43  11  22   0 0.00  0.0    0 19.5 32 280   M    M   1        42 280
30  50  29  40   8  25   0 0.00  0.0    0 11.0 20 290   M    M   3        27 280
31  55  30  43  11  22   0 0.00  0.0    0 11.7 26 220   M    M   5        35 210
================================================================================
SM 1330  824       931   0  1.13     0.2 277.7          M      194
================================================================================
AV 42.9 26.6                               9.0 FASTST   M    M   6    MAX(MPH)
                                 MISC ---->  # 32 280               # 42  280
================================================================================
NOTES:
# LAST OF SEVERAL OCCURRENCES

COLUMN 17 PEAK WIND IN M.P.H.

PRELIMINARY LOCAL CLIMATOLOGICAL DATA (WS FORM: F-6) , PAGE 2

                                          STATION:  ST. LOUIS
                                          MONTH:    DECEMBER
                                          YEAR:     2016
                                          LATITUDE:   38 45 N
                                          LONGITUDE:  90 23 W

[TEMPERATURE DATA]      [PRECIPITATION DATA]       SYMBOLS USED IN COLUMN 16

AVERAGE MONTHLY: 34.7   TOTAL FOR MONTH:   1.13    1 = FOG OR MIST
DPTR FM NORMAL:   0.0   DPTR FM NORMAL:   -1.71    2 = FOG REDUCING VISIBILITY
HIGHEST:    68 ON 26    GRTST 24HR  0.55 ON 25-26      TO 1/4 MILE OR LESS
LOWEST:      3 ON 19                               3 = THUNDER
                        SNOW, ICE PELLETS, HAIL    4 = ICE PELLETS
                        TOTAL MONTH:   0.2 INCH    5 = HAIL
                        GRTST 24HR   0.2 ON   M    6 = FREEZING RAIN OR DRIZZLE
                        GRTST DEPTH:   0           7 = DUSTSTORM OR SANDSTORM:
                                                       VSBY 1/2 MILE OR LESS
                                                   8 = SMOKE OR HAZE
[NO. OF DAYS WITH]      [WEATHER - DAYS WITH]      9 = BLOWING SNOW
                                                   X = TORNADO
MAX 32 OR BELOW:   6    0.01 INCH OR MORE:   8
MAX 90 OR ABOVE:   0    0.10 INCH OR MORE:   4
MIN 32 OR BELOW:  23    0.50 INCH OR MORE:   0
MIN  0 OR BELOW:   0    1.00 INCH OR MORE:   0

[HDD (BASE 65) ]
TOTAL THIS MO.   931    CLEAR  (SCALE 0-3)   6
DPTR FM NORMAL    -8    PTCLDY (SCALE 4-7)  15
TOTAL FM JUL 1  1422    CLOUDY (SCALE 8-10) 10
DPTR FM NORMAL  -343

[CDD (BASE 65) ]
TOTAL THIS MO.     0
DPTR FM NORMAL     0    [PRESSURE DATA]
TOTAL FM JAN 1  2162    HIGHEST SLP 30.88 ON 19
DPTR FM NORMAL   516    LOWEST  SLP 29.58 ON 17

[REMARKS]
#FINAL-12-16#
