000
CXUS53 KLSX 031345 CCA
CF6STL

PRELIMINARY LOCAL CLIMATOLOGICAL DATA (WS FORM: F-6)

                                          STATION:   ST. LOUIS
                                          MONTH:     JUNE
                                          YEAR:      2015
                                          LATITUDE:   38 45 N
                                          LONGITUDE:  90 23 W

  TEMPERATURE IN F:       :PCPN:    SNOW:  WIND      :SUNSHINE: SKY     :PK WND
================================================================================
1   2   3   4   5  6A  6B    7    8   9   10  11  12  13   14  15   16   17  18
                                     12Z  AVG MX 2MIN
DY MAX MIN AVG DEP HDD CDD  WTR  SNW DPTH SPD SPD DIR MIN PSBL S-S WX    SPD DR
================================================================================

 1  67  57  62 -10   3   0    T  0.0    0  6.3 13  40   M    M  10 18     15  30
 2  74  59  67  -5   0   2 0.00  0.0    0  5.6 13 100   M    M   6 18     16 100
 3  77  60  69  -3   0   4 0.00  0.0    0  6.1 17 130   M    M   7 8      21 130
 4  78  67  73   0   0   8 0.10  0.0    0  5.1 14 270   M    M   8 138    17 270
 5  87  68  78   5   0  13 1.90  0.0    0  7.1 36 250   M    M   7 13     43 250
 6  85  62  74   1   0   9 0.00  0.0    0  5.7 15  50   M    M   5        20  50
 7  94  72  83   9   0  18 0.06  0.0    0 13.7 26 220   M    M   7 3      33 220
 8  87  70  79   5   0  14 1.32  0.0    0  6.4 25 320   M    M   7 13     29 320
 9  92  68  80   6   0  15 0.00  0.0    0  5.5 12 250   M    M   1        18 210
10  95  73  84   9   0  19 0.00  0.0    0  9.1 15 210   M    M   4        23 220
11  93  73  83   8   0  18 0.00  0.0    0  9.6 21 230   M    M   8        26 170
12  93  75  84   9   0  19 0.07  0.0    0 10.7 25 260   M    M   8 3      32 250
13  90  75  83   7   0  18 0.02  0.0    0  9.8 24 160   M    M   7        29 150
14  83  74  79   3   0  14 2.43  0.0    0  7.6 16 220   M    M   8 13     22 210
15  90  74  82   6   0  17 0.11  0.0    0  8.7 21 210   M    M   7 13     30 270
16  84  73  79   3   0  14 0.75  0.0    0  4.3 13 150   M    M   9 1      16 130
17  80  73  77   0   0  12 0.08  0.0    0  6.6 17 220   M    M  10 1      22 220
18  81  73  77   0   0  12 0.87  0.0    0  5.2 15 250   M    M  10 1      18 250
19  76  72  74  -3   0   9 1.33  0.0    0 10.3 17  20   M    M  10 18     24  30
20  90  71  81   4   0  16    T  0.0    0  7.1 26 360   M    M   6 18     37  10
21  89  70  80   2   0  15 0.38  0.0    0  6.3 24 340   M    M   8 13     36 340
22  93  76  85   7   0  20    T  0.0    0 11.5 21 250   M    M   7 3      28 260
23  88  71  80   2   0  15    T  0.0    0  6.1 21 250   M    M   7 3      28 260
24  87  69  78   0   0  13 0.00  0.0    0  8.2 18 130   M    M   7 8      23 200
25  95  71  83   4   0  18 1.57  0.0    0 11.3 38  20   M    M   8 13     47  20
26  83  70  77  -2   0  12 1.11  0.0    0  7.8 17 360   M    M   9 13     23 340
27  82  67  75  -4   0  10    T  0.0    0  7.6 15 360   M    M   7        21 350
28  84  66  75  -4   0  10 1.02  0.0    0  8.3 31 190   M    M   7 3      41 200
29  85  70  78  -1   0  13 0.02  0.0    0  6.7 15 340   M    M   5        21 330
30  86  70  78  -1   0  13 0.00  0.0    0  6.0 15 260   M    M   4 8      18 250
================================================================================
SM 2568 2089         3 390 13.14     0.0 230.3          M      214
================================================================================
AV 85.6 69.6                               7.7 FASTST   M    M   7    MAX(MPH)
                                 MISC ---->  # 38  20               # 47   20
================================================================================
NOTES:
# LAST OF SEVERAL OCCURRENCES

COLUMN 17 PEAK WIND IN M.P.H.

PRELIMINARY LOCAL CLIMATOLOGICAL DATA (WS FORM: F-6) , PAGE 2

                                          STATION:  ST. LOUIS
                                          MONTH:    JUNE
                                          YEAR:     2015
                                          LATITUDE:   38 45 N
                                          LONGITUDE:  90 23 W

[TEMPERATURE DATA]      [PRECIPITATION DATA]       SYMBOLS USED IN COLUMN 16

AVERAGE MONTHLY: 77.6   TOTAL FOR MONTH:  13.14    1 = FOG OR MIST
DPTR FM NORMAL:   1.7   DPTR FM NORMAL:    8.86    2 = FOG REDUCING VISIBILITY
HIGHEST:    95 ON 25,10 GRTST 24HR  2.68 ON 25-26      TO 1/4 MILE OR LESS
LOWEST:     57 ON  1                               3 = THUNDER
                        SNOW, ICE PELLETS, HAIL    4 = ICE PELLETS
                        TOTAL MONTH:   0.0 INCH    5 = HAIL
                        GRTST 24HR     0.0         6 = FREEZING RAIN OR DRIZZLE
                        GRTST DEPTH:   0           7 = DUSTSTORM OR SANDSTORM:
                                                       VSBY 1/2 MILE OR LESS
                                                   8 = SMOKE OR HAZE
[NO. OF DAYS WITH]      [WEATHER - DAYS WITH]      9 = BLOWING SNOW
                                                   X = TORNADO
MAX 32 OR BELOW:   0    0.01 INCH OR MORE:  17
MAX 90 OR ABOVE:  10    0.10 INCH OR MORE:  12
MIN 32 OR BELOW:   0    0.50 INCH OR MORE:   9
MIN  0 OR BELOW:   0    1.00 INCH OR MORE:   7

[HDD (BASE 65) ]
TOTAL THIS MO.     3    CLEAR  (SCALE 0-3)   1
DPTR FM NORMAL    -2    PTCLDY (SCALE 4-7)  17
TOTAL FM JUL 1  4585    CLOUDY (SCALE 8-10) 12
DPTR FM NORMAL    50

[CDD (BASE 65) ]
TOTAL THIS MO.   390
DPTR FM NORMAL    56    [PRESSURE DATA]
TOTAL FM JAN 1   614    HIGHEST SLP 30.19 ON 24
DPTR FM NORMAL   106    LOWEST  SLP 29.71 ON 11

[REMARKS]
#FINAL-06-15#
