000
CXUS53 KLSX 040051 CCA
CF6STL

PRELIMINARY LOCAL CLIMATOLOGICAL DATA (WS FORM: F-6)

                                          STATION:   ST. LOUIS
                                          MONTH:     JULY
                                          YEAR:      2017
                                          LATITUDE:   38 45 N
                                          LONGITUDE:  90 23 W

  TEMPERATURE IN F:       :PCPN:    SNOW:  WIND      :SUNSHINE: SKY     :PK WND
================================================================================
1   2   3   4   5  6A  6B    7    8   9   10  11  12  13   14  15   16   17  18
                                     12Z  AVG MX 2MIN
DY MAX MIN AVG DEP HDD CDD  WTR  SNW DPTH SPD SPD DIR MIN PSBL S-S WX    SPD DR
================================================================================

 1  90  71  81   1   0  16 0.00  0.0    0  5.9 15 320   M    M   6        22 330
 2  93  67  80   0   0  15 0.00  0.0    0  4.3 10 140   M    M   4        15 220
 3  94  72  83   3   0  18 0.00  0.0    0  5.9 15 120   M    M   5        20 100
 4  87  73  80   0   0  15 0.00  0.0    0  4.5 12  70   M    M   7 8      15 110
 5  88  74  81   1   0  16 0.07  0.0    0 10.3 21 110   M    M   9 18     26 120
 6  92  73  83   3   0  18 0.01  0.0    0  6.3 13 330   M    M   5        18  20
 7  97  77  87   7   0  22    T  0.0    0 10.5 20 330   M    M   4        27 230
 8  93  69  81   1   0  16    T  0.0    0  6.9 18 320   M    M   2        24 320
 9  97  72  85   5   0  20 0.00  0.0    0  8.4 20 270   M    M   3        24 260
10 100  79  90  10   0  25 0.00  0.0    0 13.4 25 260   M    M   7        33 220
11 101  81  91  11   0  26 0.00  0.0    0 12.5 20 220   M    M   5        26 210
12 103  79  91  11   0  26 0.00  0.0    0 11.7 21 270   M    M   4        26 240
13  97  78  88   8   0  23 0.01  0.0    0  7.8 16 240   M    M   8 3      20 200
14  92  74  83   3   0  18 0.17  0.0    0  6.9 14  40   M    M   6 13     17 360
15  89  69  79  -1   0  14 0.00  0.0    0  4.1 13 350   M    M   2        19 350
16  97  71  84   4   0  19 0.01  0.0    0  6.7 18 150   M    M   5 3      23 140
17  92  74  83   3   0  18 0.00  0.0    0  5.3 14  50   M    M   5        18  50
18  98  74  86   6   0  21 0.00  0.0    0  6.8 13 140   M    M   5        17 350
19 102  80  91  11   0  26 0.00  0.0    0  5.2 15 270   M    M   5        22 230
20 102  83  93  13   0  28 0.00  0.0    0  9.2 17 260   M    M   5        20 270
21 104  82  93  13   0  28 0.00  0.0    0  7.8 15 210   M    M   2        22 200
22 108  85  97  17   0  32 0.02  0.0    0 12.6 24 220   M    M   3 3      37 190
23  94  73  84   4   0  19 0.32  0.0    0 10.9 38 290   M    M   4 13     56 320
24  91  73  82   2   0  17 0.00  0.0    0  7.7 14  90   M    M   2        18  50
25  93  72  83   3   0  18 0.00  0.0    0  9.8 15 110   M    M   3        21  90
26  98  78  88   8   0  23 0.05  0.0    0  7.5 25 310   M    M   7 3      30 310
27  88  75  82   2   0  17 0.72  0.0    0  6.6 17 260   M    M   9 13     22 330
28  88  74  81   1   0  16 0.00  0.0    0 11.1 22  20   M    M   5        29  10
29  84  67  76  -4   0  11 0.00  0.0    0  8.8 18  20   M    M   3        26  40
30  85  64  75  -5   0  10 0.00  0.0    0  6.0 15  90   M    M   3        20  80
31  87  67  77  -3   0  12    T  0.0    0  5.0 14 130   M    M   7        17 110
================================================================================
SM 2924 2300         0 603  1.38     0.0 246.4          M      150
================================================================================
AV 94.3 74.2                               7.9 FASTST   M    M   5    MAX(MPH)
                                 MISC ---->  # 38 290               # 56  320
================================================================================
NOTES:
# LAST OF SEVERAL OCCURRENCES

COLUMN 17 PEAK WIND IN M.P.H.

PRELIMINARY LOCAL CLIMATOLOGICAL DATA (WS FORM: F-6) , PAGE 2

                                          STATION:  ST. LOUIS
                                          MONTH:    JULY
                                          YEAR:     2017
                                          LATITUDE:   38 45 N
                                          LONGITUDE:  90 23 W

[TEMPERATURE DATA]      [PRECIPITATION DATA]       SYMBOLS USED IN COLUMN 16

AVERAGE MONTHLY: 84.3   TOTAL FOR MONTH:   1.38    1 = FOG OR MIST
DPTR FM NORMAL:   4.3   DPTR FM NORMAL:   -2.73    2 = FOG REDUCING VISIBILITY
HIGHEST:   108 ON 22    GRTST 24HR  0.72 ON 27         TO 1/4 MILE OR LESS
LOWEST:     64 ON 30                               3 = THUNDER
                        SNOW, ICE PELLETS, HAIL    4 = ICE PELLETS
                        TOTAL MONTH:   0.0 INCH    5 = HAIL
                        GRTST 24HR     0.0         6 = FREEZING RAIN OR DRIZZLE
                        GRTST DEPTH:   0           7 = DUSTSTORM OR SANDSTORM:
                                                       VSBY 1/2 MILE OR LESS
                                                   8 = SMOKE OR HAZE
[NO. OF DAYS WITH]      [WEATHER - DAYS WITH]      9 = BLOWING SNOW
                                                   X = TORNADO
MAX 32 OR BELOW:   0    0.01 INCH OR MORE:   9
MAX 90 OR ABOVE:  23    0.10 INCH OR MORE:   3
MIN 32 OR BELOW:   0    0.50 INCH OR MORE:   1
MIN  0 OR BELOW:   0    1.00 INCH OR MORE:   0

[HDD (BASE 65) ]
TOTAL THIS MO.     0    CLEAR  (SCALE 0-3)   9
DPTR FM NORMAL     0    PTCLDY (SCALE 4-7)  19
TOTAL FM JUL 1     0    CLOUDY (SCALE 8-10)  3
DPTR FM NORMAL     0

[CDD (BASE 65) ]
TOTAL THIS MO.   603
DPTR FM NORMAL   136    [PRESSURE DATA]
TOTAL FM JAN 1  1264    HIGHEST SLP 30.16 ON 30
DPTR FM NORMAL   289    LOWEST  SLP 29.70 ON 22

[REMARKS]
#FINAL-07-17#
