000
CXUS53 KLSX 041958 RRA
CF6STL

PRELIMINARY LOCAL CLIMATOLOGICAL DATA (WS FORM: F-6)

                                          STATION:   ST. LOUIS MO
                                          MONTH:     SEPTEMBER
                                          YEAR:      2011
                                          LATITUDE:   38 45 N
                                          LONGITUDE:  90 23 W

  TEMPERATURE IN F:       :PCPN:    SNOW:  WIND      :SUNSHINE: SKY     :PK WND
================================================================================
1   2   3   4   5  6A  6B    7    8   9   10  11  12  13   14  15   16   17  18
                                     12Z  AVG MX 2MIN
DY MAX MIN AVG DEP HDD CDD  WTR  SNW DPTH SPD SPD DIR MIN PSBL S-S WX    SPD DR
================================================================================

 1 104  82  93  17   0  28 0.00  0.0    0 10.0 18 230   M    M   2        30 210
 2 101  80  91  15   0  26 0.00  0.0    0  8.3 16 220   M    M   1        23 230
 3 101  74  88  13   0  23 0.16  0.0    0  7.2 43 200   M    M   4 3      68 200
 4  80  62  71  -4   0   6    T  0.0    0  9.6 20 340   M    M   7        24 350
 5  75  57  66  -9   0   1 0.00  0.0    0 14.6 23  20   M    M   3        31  30
 6  75  52  64 -10   1   0 0.00  0.0    0 11.4 20 350   M    M   1        32  10
 7  79  51  65  -9   0   0 0.00  0.0    0  9.0 20  30   M    M   2        28 340
 8  81  52  67  -7   0   2 0.00  0.0    0  9.2 21  10   M    M   5        30  10
 9  67  62  65  -8   0   0 0.18  0.0    0  6.9  7 290   M    M  10 1       8 280
10  76  64  70  -3   0   5 0.02  0.0    0  1.6  8  80   M    M   9 18     12 210
11  83  60  72   0   0   7 0.00  0.0    0  2.1  9 320   M    M   4 128    14 310
12  90  64  77   5   0  12 0.00  0.0    0  5.7 15 230   M    M   1        22 210
13  93  70  82  10   0  17    T  0.0    0  6.6 17  30   M    M   4 3      22  30
14  70  52  61 -10   4   0 1.78  0.0    0 11.3 23 360   M    M   8 13     30 340
15  64  46  55 -16  10   0 0.00  0.0    0  9.5 20  40   M    M   7        24  40
16  67  54  61  -9   4   0 0.02  0.0    0  7.2 17  20   M    M   9        21  30
17  70  57  64  -6   1   0 0.02  0.0    0  6.4 14 130   M    M  10        17 120
18  71  60  66  -3   0   1 0.93  0.0    0  7.3 15 120   M    M   9 18     18 180
19  71  56  64  -5   1   0    T  0.0    0  5.6 16 330   M    M   7 1      20 320
20  77  53  65  -4   0   0 0.00  0.0    0  2.2  9 170   M    M   4 1      13 200
21  79  60  70   2   0   5    T  0.0    0  7.4 16 280   M    M   3        22 260
22  64  54  59  -9   6   0 0.03  0.0    0  5.0 13 210   M    M   6        17 180
23  66  50  58  -9   7   0 0.04  0.0    0  3.1 10 250   M    M   5 128    17 240
24  68  46  57 -10   8   0 0.00  0.0    0  4.0 15  50   M    M   4        20  40
25  69  45  57  -9   8   0 0.00  0.0    0  3.9 12 330   M    M   5 1      16 330
26  73  48  61  -5   4   0    T  0.0    0 12.5 25 260   M    M   5        32 240
27  72  56  64  -2   1   0 0.00  0.0    0  9.2 21 320   M    M   6        30 320
28  76  57  67   2   0   2 0.00  0.0    0  4.7 14 320   M    M   8        18 310
29  88  61  75  10   0  10 0.00  0.0    0 10.2 28 330   M    M   3        36 310
30  73  54  64   0   1   0 0.00  0.0    0 12.0 22 310   M    M   1        30 320
================================================================================
SM 2323 1739        56 145  3.18     0.0 223.7          M      153
================================================================================
AV 77.4 58.0                               7.5 FASTST   M    M   5    MAX(MPH)
                                 MISC ---->  # 43 200               # 68  200
================================================================================
NOTES:
# LAST OF SEVERAL OCCURRENCES

COLUMN 17 PEAK WIND IN M.P.H.

PRELIMINARY LOCAL CLIMATOLOGICAL DATA (WS FORM: F-6) , PAGE 2

                                          STATION:  ST. LOUIS MO
                                          MONTH:    SEPTEMBER
                                          YEAR:     2011
                                          LATITUDE:   38 45 N
                                          LONGITUDE:  90 23 W

[TEMPERATURE DATA]      [PRECIPITATION DATA]       SYMBOLS USED IN COLUMN 16

AVERAGE MONTHLY: 67.7   TOTAL FOR MONTH:   3.18    1 = FOG OR MIST
DPTR FM NORMAL:  -2.7   DPTR FM NORMAL:    0.05    2 = FOG REDUCING VISIBILITY
HIGHEST:   104 ON  1    GRTST 24HR  1.78 ON 13-14      TO 1/4 MILE OR LESS
LOWEST:     45 ON 25                               3 = THUNDER
                        SNOW, ICE PELLETS, HAIL    4 = ICE PELLETS
                        TOTAL MONTH:   0.0 INCH    5 = HAIL
                        GRTST 24HR     0.0         6 = FREEZING RAIN OR DRIZZLE
                        GRTST DEPTH:   0           7 = DUSTSTORM OR SANDSTORM:
                                                       VSBY 1/2 MILE OR LESS
                                                   8 = SMOKE OR HAZE
[NO. OF DAYS WITH]      [WEATHER - DAYS WITH]      9 = BLOWING SNOW
                                                   X = TORNADO
MAX 32 OR BELOW:   0    0.01 INCH OR MORE:   9
MAX 90 OR ABOVE:   5    0.10 INCH OR MORE:   4
MIN 32 OR BELOW:   0    0.50 INCH OR MORE:   2
MIN  0 OR BELOW:   0    1.00 INCH OR MORE:   1

[HDD (BASE 65) ]
TOTAL THIS MO.    56    CLEAR  (SCALE 0-3)   9
DPTR FM NORMAL    16    PTCLDY (SCALE 4-7)  13
TOTAL FM JUL 1    56    CLOUDY (SCALE 8-10)  8
DPTR FM NORMAL    15

[CDD (BASE 65) ]
TOTAL THIS MO.   145
DPTR FM NORMAL   -57    [PRESSURE DATA]
TOTAL FM JAN 1  1963    HIGHEST SLP 30.37 ON 15
DPTR FM NORMAL   362    LOWEST  SLP 29.70 ON 27

[REMARKS]
#FINAL-09-11#
