000
CXUS53 KLSX 011604 CCA
CF6STL

PRELIMINARY LOCAL CLIMATOLOGICAL DATA (WS FORM: F-6)

                                          STATION:   ST. LOUIS MO
                                          MONTH:     OCTOBER
                                          YEAR:      2011
                                          LATITUDE:   38 45 N
                                          LONGITUDE:  90 23 W

  TEMPERATURE IN F:       :PCPN:    SNOW:  WIND      :SUNSHINE: SKY     :PK WND
================================================================================
1   2   3   4   5  6A  6B    7    8   9   10  11  12  13   14  15   16   17  18
                                     12Z  AVG MX 2MIN
DY MAX MIN AVG DEP HDD CDD  WTR  SNW DPTH SPD SPD DIR MIN PSBL S-S WX    SPD DR
================================================================================

 1  67  44  56  -8   9   0 0.00  0.0    0  5.6 15 350   M    M   0        21 320
 2  71  42  57  -7   8   0 0.00  0.0    0  1.4  9 340   M    M   2        13 320
 3  78  47  63   0   2   0 0.00  0.0    0  2.4  9 290   M    M   0        14 290
 4  81  49  65   2   0   0 0.00  0.0    0  2.8 12 180   M    M   0        15 180
 5  82  53  68   6   0   3 0.00  0.0    0  4.6 14 140   M    M   1        16 150
 6  84  54  69   7   0   4 0.00  0.0    0  9.2 18 140   M    M   4        23 130
 7  85  59  72  10   0   7 0.00  0.0    0 10.3 21 140   M    M   2        28 140
 8  82  58  70   9   0   5 0.00  0.0    0  9.3 18 140   M    M   0        23 150
 9  82  56  69   8   0   4 0.00  0.0    0  8.1 20 120   M    M   1        26 200
10  80  55  68   7   0   3 0.00  0.0    0  6.8 14 150   M    M   5        20 150
11  81  60  71  11   0   6 0.00  0.0    0  4.4 13 130   M    M   7        15 160
12  73  62  68   8   0   3 0.34  0.0    0  6.0 15 240   M    M   9 13     23 110
13  75  59  67   7   0   2 0.01  0.0    0 11.6 26 280   M    M   5 1      33 310
14  72  53  63   4   2   0 0.00  0.0    0 12.9 31 290   M    M   3        38 270
15  71  47  59   0   6   0 0.00  0.0    0  9.4 18 270   M    M   1        25 280
16  83  52  68   9   0   3 0.00  0.0    0 11.5 25 280   M    M   5        35 250
17  62  47  55  -3  10   0 0.57  0.0    0  4.0 15 340   M    M   8 13     18  30
18  55  46  51  -7  14   0 0.61  0.0    0  7.7 18 330   M    M  10 13     23 320
19  50  45  48 -10  17   0 0.05  0.0    0 13.6 24 320   M    M  10        31 320
20  57  41  49  -9  16   0 0.00  0.0    0 13.6 28 280   M    M   4        36 290
21  63  39  51  -6  14   0 0.00  0.0    0  5.6 16 280   M    M   2        23 280
22  73  41  57   0   8   0 0.00  0.0    0  2.3  9 270   M    M   4        13 230
23  76  53  65   9   0   0 0.00  0.0    0  5.1 15 220   M    M   6        20 220
24  75  53  64   8   1   0 0.00  0.0    0  7.0 17 230   M    M   3        22 220
25  83  54  69  13   0   4 0.00  0.0    0 14.1 31 190   M    M   5        39 190
26  73  48  61   5   4   0 0.08  0.0    0  9.4 17 280   M    M   9 18     21 280
27  57  45  51  -4  14   0    T  0.0    0  6.5 14  10   M    M   8        18  10
28  60  39  50  -5  15   0    T  0.0    0  3.0 15 270   M    M   6        18 260
29  63  37  50  -4  15   0 0.00  0.0    0  7.3 15 270   M    M   2        18 280
30  64  48  56   2   9   0    T  0.0    0 10.1 26 190   M    M   7        35 220
31  63  42  53  -1  12   0 0.00  0.0    0  6.9 17 310   M    M   0        21 310
================================================================================
SM 2221 1528       176  44  1.66     0.0 232.5          M      129
================================================================================
AV 71.6 49.3                               7.5 FASTST   M    M   4    MAX(MPH)
                                 MISC ---->  # 31 290               # 39  190
================================================================================
NOTES:
# LAST OF SEVERAL OCCURRENCES

COLUMN 17 PEAK WIND IN M.P.H.

PRELIMINARY LOCAL CLIMATOLOGICAL DATA (WS FORM: F-6) , PAGE 2

                                          STATION:  ST. LOUIS MO
                                          MONTH:    OCTOBER
                                          YEAR:     2011
                                          LATITUDE:   38 45 N
                                          LONGITUDE:  90 23 W

[TEMPERATURE DATA]      [PRECIPITATION DATA]       SYMBOLS USED IN COLUMN 16

AVERAGE MONTHLY: 60.5   TOTAL FOR MONTH:   1.66    1 = FOG OR MIST
DPTR FM NORMAL:   1.8   DPTR FM NORMAL:   -1.67    2 = FOG REDUCING VISIBILITY
HIGHEST:    85 ON  7    GRTST 24HR  1.18 ON 17-18      TO 1/4 MILE OR LESS
LOWEST:     37 ON 29                               3 = THUNDER
                        SNOW, ICE PELLETS, HAIL    4 = ICE PELLETS
                        TOTAL MONTH:   0.0 INCH    5 = HAIL
                        GRTST 24HR     0.0         6 = FREEZING RAIN OR DRIZZLE
                        GRTST DEPTH:   0           7 = DUSTSTORM OR SANDSTORM:
                                                       VSBY 1/2 MILE OR LESS
                                                   8 = SMOKE OR HAZE
[NO. OF DAYS WITH]      [WEATHER - DAYS WITH]      9 = BLOWING SNOW
                                                   X = TORNADO
MAX 32 OR BELOW:   0    0.01 INCH OR MORE:   6
MAX 90 OR ABOVE:   0    0.10 INCH OR MORE:   3
MIN 32 OR BELOW:   0    0.50 INCH OR MORE:   2
MIN  0 OR BELOW:   0    1.00 INCH OR MORE:   0

[HDD (BASE 65) ]
TOTAL THIS MO.   176    CLEAR  (SCALE 0-3)  14
DPTR FM NORMAL   -59    PTCLDY (SCALE 4-7)  11
TOTAL FM JUL 1   232    CLOUDY (SCALE 8-10)  6
DPTR FM NORMAL   -44

[CDD (BASE 65) ]
TOTAL THIS MO.    44
DPTR FM NORMAL     3    [PRESSURE DATA]
TOTAL FM JAN 1  2007    HIGHEST SLP 30.33 ON  2
DPTR FM NORMAL   365    LOWEST  SLP 29.60 ON 13

[REMARKS]
#FINAL-10-11#
