000
CXUS53 KLSX 011720 CCA
CF6STL

PRELIMINARY LOCAL CLIMATOLOGICAL DATA (WS FORM: F-6)

                                          STATION:   ST. LOUIS MO
                                          MONTH:     NOVEMBER
                                          YEAR:      2011
                                          LATITUDE:   38 45 N
                                          LONGITUDE:  90 23 W

  TEMPERATURE IN F:       :PCPN:    SNOW:  WIND      :SUNSHINE: SKY     :PK WND
================================================================================
1   2   3   4   5  6A  6B    7    8   9   10  11  12  13   14  15   16   17  18
                                     12Z  AVG MX 2MIN
DY MAX MIN AVG DEP HDD CDD  WTR  SNW DPTH SPD SPD DIR MIN PSBL S-S WX    SPD DR
================================================================================

 1  75  42  59   6   6   0 0.00  0.0    0  8.1 21 170   M    M   2        25 200
 2  76  49  63  10   2   0 0.05  0.0    0 12.0 23 200   M    M   6        30 170
 3  57  47  52  -1  13   0 0.96  0.0    0 14.1 23 340   M    M  10 1      31 350
 4  57  42  50  -2  15   0 0.00  0.0    0  6.6 13 360   M    M   6        18 360
 5  60  38  49  -3  16   0 0.00  0.0    0 10.3 20 150   M    M   4 128    25 150
 6  65  50  58   7   7   0    T  0.0    0 12.6 26 180   M    M   8        32 180
 7  65  55  60   9   5   0 1.20  0.0    0  6.5 15 150   M    M   9 1       M  M
 8  69  60  65  15   0   0 0.37  0.0    0 10.7 23 130   M    M  10 1      26 120
 9  62  42  52   2  13   0 0.02  0.0    0 17.8 33 250   M    M   6 1      41 270
10  50  32  41  -9  24   0 0.00  0.0    0 11.7 26 280   M    M   1        36 290
11  65  29  47  -2  18   0 0.00  0.0    0  7.7 20 170   M    M   3        25 170
12  64  48  56   7   9   0 0.00  0.0    0 14.3 25 210   M    M   6        33 200
13  77  60  69  21   0   4 0.03  0.0    0 13.5 32 230   M    M   6        39 230
14  77  58  68  20   0   3    T  0.0    0 13.5 35 240   M    M   9        43 240
15  65  52  59  12   6   0 0.00  0.0    0  8.1 22 360   M    M   7        31 350
16  53  37  45  -2  20   0 0.00  0.0    0 10.4 23  20   M    M   8        30  20
17  49  30  40  -6  25   0 0.00  0.0    0  7.2 18 270   M    M   2        24 270
18  58  34  46   0  19   0 0.00  0.0    0 13.6 25 160   M    M   5        33 190
19  65  50  58  13   7   0    T  0.0    0 14.3 30 170   M    M   8        38 170
20  62  38  50   5  15   0 0.06  0.0    0  7.4 17 350   M    M  10 1      22 350
21  47  44  46   2  19   0    T  0.0    0  5.6 10  40   M    M  10 123    15  30
22  49  45  47   3  18   0 1.31  0.0    0 10.9 18 320   M    M  10 123    25 320
23  48  44  46   3  19   0    T  0.0    0  6.9 13 280   M    M  10 1      16 190
24  60  44  52   9  13   0 0.00  0.0    0  9.0 15 170   M    M   5        21 330
25  67  42  55  13  10   0 0.00  0.0    0 12.2 22 170   M    M   5 1      30 170
26  64  42  53  11  12   0 0.45  0.0    0 12.7 28 310   M    M  10 1      36 310
27  42  36  39  -2  26   0 0.02  0.0    0 12.8 21 320   M    M  10 18     26 330
28  40  34  37  -4  28   0 0.21    T    0 14.8 25 330   M    M  10 1      31 330
29  43  29  36  -4  29   0    T  0.0    0 13.0 22 330   M    M   7 1      29 330
30  45  24  35  -5  30   0 0.00  0.0    0  5.3 13 170   M    M   3        20 170
================================================================================
SM 1776 1277       424   7  4.68    T    323.6          M      206
================================================================================
AV 59.2 42.6                              10.8 FASTST   M    M   7    MAX(MPH)
                                 MISC ---->  # 35 240               # 43  240
================================================================================
NOTES:
# LAST OF SEVERAL OCCURRENCES

COLUMN 17 PEAK WIND IN M.P.H.

PRELIMINARY LOCAL CLIMATOLOGICAL DATA (WS FORM: F-6) , PAGE 2

                                          STATION:  ST. LOUIS MO
                                          MONTH:    NOVEMBER
                                          YEAR:     2011
                                          LATITUDE:   38 45 N
                                          LONGITUDE:  90 23 W

[TEMPERATURE DATA]      [PRECIPITATION DATA]       SYMBOLS USED IN COLUMN 16

AVERAGE MONTHLY: 50.9   TOTAL FOR MONTH:   4.68    1 = FOG OR MIST
DPTR FM NORMAL:   4.1   DPTR FM NORMAL:    0.77    2 = FOG REDUCING VISIBILITY
HIGHEST:    77 ON 14,13 GRTST 24HR  1.31 ON 22-22      TO 1/4 MILE OR LESS
LOWEST:     24 ON 30                               3 = THUNDER
                        SNOW, ICE PELLETS, HAIL    4 = ICE PELLETS
                        TOTAL MONTH:    T          5 = HAIL
                        GRTST 24HR    T  ON 28-28  6 = FREEZING RAIN OR DRIZZLE
                        GRTST DEPTH:   0           7 = DUSTSTORM OR SANDSTORM:
                                                       VSBY 1/2 MILE OR LESS
                                                   8 = SMOKE OR HAZE
[NO. OF DAYS WITH]      [WEATHER - DAYS WITH]      9 = BLOWING SNOW
                                                   X = TORNADO
MAX 32 OR BELOW:   0    0.01 INCH OR MORE:  11
MAX 90 OR ABOVE:   0    0.10 INCH OR MORE:   6
MIN 32 OR BELOW:   5    0.50 INCH OR MORE:   3
MIN  0 OR BELOW:   0    1.00 INCH OR MORE:   2

[HDD (BASE 65) ]
TOTAL THIS MO.   424    CLEAR  (SCALE 0-3)   5
DPTR FM NORMAL  -126    PTCLDY (SCALE 4-7)  11
TOTAL FM JUL 1   656    CLOUDY (SCALE 8-10) 14
DPTR FM NORMAL  -170

[CDD (BASE 65) ]
TOTAL THIS MO.     7
DPTR FM NORMAL     3    [PRESSURE DATA]
TOTAL FM JAN 1  2014    HIGHEST SLP 30.39 ON 17
DPTR FM NORMAL   368    LOWEST  SLP 29.50 ON 13

[REMARKS]
#FINAL-11-11#
