000
CXUS53 KLSX 011623
CF6STL

PRELIMINARY LOCAL CLIMATOLOGICAL DATA (WS FORM: F-6)

                                          STATION:   ST. LOUIS MO
                                          MONTH:     JULY
                                          YEAR:      2011
                                          LATITUDE:   38 45 N
                                          LONGITUDE:  90 23 W

  TEMPERATURE IN F:       :PCPN:    SNOW:  WIND      :SUNSHINE: SKY     :PK WND
================================================================================
1   2   3   4   5  6A  6B    7    8   9   10  11  12  13   14  15   16   17  18
                                     12Z  AVG MX 2MIN
DY MAX MIN AVG DEP HDD CDD  WTR  SNW DPTH SPD SPD DIR MIN PSBL S-S WX    SPD DR
================================================================================

 1  96  75  86   7   0  21    T  0.0    0  7.1 13 210   M    M   4        16 190
 2  99  77  88   9   0  23 0.00  0.0    0  6.1 14 270   M    M   3        16 240
 3  91  70  81   2   0  16 1.59  0.0    0  6.9 25 280   M    M   8 138    30 270
 4  85  71  78  -1   0  13 0.06  0.0    0  3.5 10 220   M    M   8 138    15  30
 5  89  71  80   1   0  15 0.00  0.0    0  4.6 14 100   M    M   4 18     17 120
 6  93  73  83   3   0  18    T  0.0    0  3.0 15 160   M    M   6 3      21 160
 7  87  71  79  -1   0  14 0.56  0.0    0  5.9 15  30   M    M   8 138    20  40
 8  87  69  78  -2   0  13 0.00  0.0    0  7.6 15  50   M    M   3 18     20  30
 9  90  69  80   0   0  15 0.00  0.0    0  7.2 18 140   M    M   2        26 140
10  97  77  87   7   0  22 0.00  0.0    0  8.9 16 160   M    M   1        21 150
11 100  85  93  13   0  28 0.00  0.0    0  6.8 17 280   M    M   2        23 290
12 102  77  90  10   0  25    T  0.0    0  6.9 32 340   M    M   3 3      54 320
13  91  76  84   4   0  19    T  0.0    0  7.4 16  40   M    M   7        21  50
14  89  70  80   0   0  15 0.00  0.0    0  7.3 13 110   M    M   4        16 100
15  90  74  82   2   0  17 0.00  0.0    0  6.8 13  70   M    M   4        15 110
16  92  74  83   3   0  18 0.00  0.0    0  5.6 14 130   M    M   5        18 140
17  95  79  87   6   0  22 0.00  0.0    0  6.2 13 170   M    M   2 8      16 170
18  97  78  88   7   0  23 0.00  0.0    0  6.4 13 250   M    M   3        23 120
19  99  81  90   9   0  25 0.00  0.0    0  7.9 13 250   M    M   1        21 230
20 100  82  91  10   0  26 0.00  0.0    0  7.7 15 190   M    M   3        29 210
21 103  83  93  12   0  28 0.00  0.0    0  7.3 10 180   M    M   1         M  M
22 101  84  93  12   0  28 0.00  0.0    0  8.1 16 130   M    M   3        21 130
23 100  83  92  11   0  27 0.53  0.0    0  8.0 16 130   M    M   4 3      21 120
24  93  76  85   4   0  20    T  0.0    0  6.7 20  20   M    M   6        25  60
25  95  74  85   4   0  20 0.00  0.0    0  4.5 12 360   M    M   5        16 330
26  98  80  89   8   0  24 0.00  0.0    0  5.6 14 150   M    M   3        18 140
27 100  79  90   9   0  25 0.00  0.0    0 10.5 18 170   M    M   3        25 200
28 101  82  92  12   0  27 0.00  0.0    0 11.1 18 220   M    M   3        24 180
29  98  81  90  10   0  25 0.00  0.0    0  7.7 14 340   M    M   6        18 350
30  87  76  82   2   0  17 0.17  0.0    0  2.6 17 320   M    M   8 138    24 310
31  95  78  87   7   0  22 0.00  0.0    0  3.7 10  90   M    M   5        14  10
================================================================================
SM 2940 2375         0 651  2.91     0.0 205.6          M      128
================================================================================
AV 94.8 76.6                               6.6 FASTST   M    M   4    MAX(MPH)
                                 MISC ---->  # 32 340               # 54  320
================================================================================
NOTES:
# LAST OF SEVERAL OCCURRENCES

COLUMN 17 PEAK WIND IN M.P.H.

PRELIMINARY LOCAL CLIMATOLOGICAL DATA (WS FORM: F-6) , PAGE 2

                                          STATION:  ST. LOUIS MO
                                          MONTH:    JULY
                                          YEAR:     2011
                                          LATITUDE:   38 45 N
                                          LONGITUDE:  90 23 W

[TEMPERATURE DATA]      [PRECIPITATION DATA]       SYMBOLS USED IN COLUMN 16

AVERAGE MONTHLY: 85.7   TOTAL FOR MONTH:   2.91    1 = FOG OR MIST
DPTR FM NORMAL:   5.5   DPTR FM NORMAL:   -0.99    2 = FOG REDUCING VISIBILITY
HIGHEST:   103 ON 21    GRTST 24HR  1.65 ON  3- 4      TO 1/4 MILE OR LESS
LOWEST:     69 ON  9, 8                            3 = THUNDER
                        SNOW, ICE PELLETS, HAIL    4 = ICE PELLETS
                        TOTAL MONTH:   0.0 INCH    5 = HAIL
                        GRTST 24HR     0.0         6 = FREEZING RAIN OR DRIZZLE
                        GRTST DEPTH:   0           7 = DUSTSTORM OR SANDSTORM:
                                                       VSBY 1/2 MILE OR LESS
                                                   8 = SMOKE OR HAZE
[NO. OF DAYS WITH]      [WEATHER - DAYS WITH]      9 = BLOWING SNOW
                                                   X = TORNADO
MAX 32 OR BELOW:   0    0.01 INCH OR MORE:   5
MAX 90 OR ABOVE:  25    0.10 INCH OR MORE:   4
MIN 32 OR BELOW:   0    0.50 INCH OR MORE:   3
MIN  0 OR BELOW:   0    1.00 INCH OR MORE:   1

[HDD (BASE 65) ]
TOTAL THIS MO.     0    CLEAR  (SCALE 0-3)  15
DPTR FM NORMAL     0    PTCLDY (SCALE 4-7)  12
TOTAL FM JUL 1     0    CLOUDY (SCALE 8-10)  4
DPTR FM NORMAL     0

[CDD (BASE 65) ]
TOTAL THIS MO.   651
DPTR FM NORMAL   190    [PRESSURE DATA]
TOTAL FM JAN 1  1295    HIGHEST SLP 30.08 ON 31
DPTR FM NORMAL   365    LOWEST  SLP 29.79 ON 27

[REMARKS]
#FINAL-07-11#
