000
CXUS53 KLSX 011738
CF6STL

PRELIMINARY LOCAL CLIMATOLOGICAL DATA (WS FORM: F-6)

                                          STATION:   ST. LOUIS MO
                                          MONTH:     AUGUST
                                          YEAR:      2011
                                          LATITUDE:   38 45 N
                                          LONGITUDE:  90 23 W

  TEMPERATURE IN F:       :PCPN:    SNOW:  WIND      :SUNSHINE: SKY     :PK WND
================================================================================
1   2   3   4   5  6A  6B    7    8   9   10  11  12  13   14  15   16   17  18
                                     12Z  AVG MX 2MIN
DY MAX MIN AVG DEP HDD CDD  WTR  SNW DPTH SPD SPD DIR MIN PSBL S-S WX    SPD DR
================================================================================

 1 100  79  90  10   0  25 0.00  0.0    0  6.4 13 150   M    M   2 8      16 150
 2 102  80  91  11   0  26 0.00  0.0    0  9.1 17 220   M    M   1 8      23 220
 3  95  82  89   9   0  24 0.00  0.0    0  9.0 16 220   M    M   3        21 220
 4  91  76  84   4   0  19    T  0.0    0  9.0 17 120   M    M   6        23 170
 5  86  76  81   1   0  16 0.56  0.0    0  5.9 14 130   M    M   9 1      20 200
 6  95  76  86   6   0  21 0.02  0.0    0  8.1 17 340   M    M   7 3      22 190
 7  98  80  89   9   0  24 0.00  0.0    0  6.1 15 310   M    M   6 1      22 250
 8  90  75  83   3   0  18 0.00  0.0    0  9.6 25 260   M    M   6        31 270
 9  94  70  82   2   0  17 0.00  0.0    0  5.4 15 330   M    M   3        24 320
10  80  69  75  -4   0  10 0.04  0.0    0  4.6 14 350   M    M   5 8      16 360
11  85  65  75  -4   0  10    T  0.0    0  4.1 12 350   M    M   4        16  30
12  89  67  78  -1   0  13 0.10  0.0    0  7.2 18 140   M    M   5 3      24 140
13  92  70  81   2   0  16 0.09  0.0    0  6.7 23 320   M    M   6        30 320
14  84  65  75  -4   0  10 0.00  0.0    0  8.0 17 360   M    M   3        23  10
15  82  63  73  -6   0   8 0.00  0.0    0  2.4  8  60   M    M   5        12  50
16  84  62  73  -6   0   8    T  0.0    0  6.0 15 140   M    M   6        18 140
17  90  75  83   4   0  18 0.00  0.0    0  5.3 12 350   M    M   8        14 350
18  94  72  83   4   0  18 0.00  0.0    0  4.0 10  70   M    M   4 18     14  20
19  94  72  83   4   0  18 0.11  0.0    0  5.4 24 190   M    M   5 3      35 200
20  93  72  83   5   0  18 0.07  0.0    0  5.3 25 160   M    M   8        32 170
21  91  73  82   4   0  17 0.00  0.0    0  5.2 14 360   M    M   3        17  10
22  87  71  79   1   0  14 0.05  0.0    0  7.2 13 140   M    M   6        20 110
23  99  75  87   9   0  22 0.00  0.0    0 10.7 20 240   M    M   3        23 200
24 100  81  91  13   0  26 0.00  0.0    0 13.7 26 260   M    M   5        36 250
25  88  67  78   0   0  13 0.00  0.0    0  8.3 15 360   M    M   1        21 360
26  90  67  79   1   0  14 0.00  0.0    0  2.8 13 360   M    M   3        16 360
27  93  70  82   5   0  17 0.00  0.0    0  7.7 17 340   M    M   2        22 360
28  87  67  77   0   0  12    T  0.0    0  6.9 20 350   M    M   3        28  90
29  87  66  77   0   0  12 0.00  0.0    0  4.9 13  70   M    M   3        17 120
30  91  67  79   2   0  14 0.00  0.0    0 11.9 21 130   M    M   7        26 150
31 103  76  90  14   0  25 0.00  0.0    0 10.1 23 200   M    M   2        29 210
================================================================================
SM 2834 2226         0 523  1.04     0.0 217.0          M      140
================================================================================
AV 91.4 71.8                               7.0 FASTST   M    M   5    MAX(MPH)
                                 MISC ---->  # 26 260               # 36  250
================================================================================
NOTES:
# LAST OF SEVERAL OCCURRENCES

COLUMN 17 PEAK WIND IN M.P.H.

PRELIMINARY LOCAL CLIMATOLOGICAL DATA (WS FORM: F-6) , PAGE 2

                                          STATION:  ST. LOUIS MO
                                          MONTH:    AUGUST
                                          YEAR:     2011
                                          LATITUDE:   38 45 N
                                          LONGITUDE:  90 23 W

[TEMPERATURE DATA]      [PRECIPITATION DATA]       SYMBOLS USED IN COLUMN 16

AVERAGE MONTHLY: 81.6   TOTAL FOR MONTH:   1.04    1 = FOG OR MIST
DPTR FM NORMAL:   3.0   DPTR FM NORMAL:   -1.95    2 = FOG REDUCING VISIBILITY
HIGHEST:   103 ON 31    GRTST 24HR  0.58 ON  5- 6      TO 1/4 MILE OR LESS
LOWEST:     62 ON 16                               3 = THUNDER
                        SNOW, ICE PELLETS, HAIL    4 = ICE PELLETS
                        TOTAL MONTH:   0.0 INCH    5 = HAIL
                        GRTST 24HR     0.0         6 = FREEZING RAIN OR DRIZZLE
                        GRTST DEPTH:   0           7 = DUSTSTORM OR SANDSTORM:
                                                       VSBY 1/2 MILE OR LESS
                                                   8 = SMOKE OR HAZE
[NO. OF DAYS WITH]      [WEATHER - DAYS WITH]      9 = BLOWING SNOW
                                                   X = TORNADO
MAX 32 OR BELOW:   0    0.01 INCH OR MORE:   8
MAX 90 OR ABOVE:  20    0.10 INCH OR MORE:   3
MIN 32 OR BELOW:   0    0.50 INCH OR MORE:   1
MIN  0 OR BELOW:   0    1.00 INCH OR MORE:   0

[HDD (BASE 65) ]
TOTAL THIS MO.     0    CLEAR  (SCALE 0-3)  13
DPTR FM NORMAL    -1    PTCLDY (SCALE 4-7)  15
TOTAL FM JUL 1     0    CLOUDY (SCALE 8-10)  3
DPTR FM NORMAL    -1

[CDD (BASE 65) ]
TOTAL THIS MO.   523
DPTR FM NORMAL    99    [PRESSURE DATA]
TOTAL FM JAN 1  1818    HIGHEST SLP 30.09 ON 22
DPTR FM NORMAL   419    LOWEST  SLP 29.64 ON  8

[REMARKS]
#FINAL-08-11#
