000
CXUS53 KLSX 012223
CF6STL
PRELIMINARY LOCAL CLIMATOLOGICAL DATA (WS FORM: F-6)

                                          STATION:   ST. LOUIS MO
                                          MONTH:     FEBRUARY
                                          YEAR:      2011
                                          LATITUDE:   38 45 N
                                          LONGITUDE:  90 23 W

  TEMPERATURE IN F:       :PCPN:    SNOW:  WIND      :SUNSHINE: SKY     :PK WND
================================================================================
1   2   3   4   5  6A  6B    7    8   9   10  11  12  13   14  15   16   17  18
                                     12Z  AVG MX 2MIN
DY MAX MIN AVG DEP HDD CDD  WTR  SNW DPTH SPD SPD DIR MIN PSBL S-S WX    SPD DR
================================================================================

 1  31  20  26  -5  39   0 0.90  3.0    T 14.2 25  30   M    M  10 12469  32 290
 2  21  11  16 -16  49   0    T  0.2    3 13.8 10 300   M    M   8 189    13 310
 3  23   4  14 -18  51   0 0.00  0.0    3  3.0 10 310   M    M   2        12 190
 4  30  10  20 -12  45   0    T    T    3  2.2  8 150   M    M   6        12 160
 5  38  25  32   0  33   0 0.20  2.3    4  7.2 14 170   M    M   7 1      18 160
 6  41  32  37   4  28   0    T    T    5  8.6 16 260   M    M  10 1      20 320
 7  32  24  28  -5  37   0    T    T    3 11.7 21 290   M    M  10 8      24 280
 8  24   9  17 -16  48   0    T    T    3  9.4 18 320   M    M   8        23 330
 9  20  11  16 -18  49   0 0.00  0.0    3  6.3 12 310   M    M   8        15 310
10  32   8  20 -14  45   0 0.00  0.0    3  8.7 18 250   M    M   4        24 230
11  43  19  31  -3  34   0 0.00  0.0    3 10.1 18 250   M    M   5        22 250
12  51  30  41   6  24   0 0.00  0.0    2  9.8 16 220   M    M   3        20 220
13  65  40  53  18  12   0 0.00  0.0    1 11.5 21 240   M    M   3        26 240
14  50  33  42   7  23   0 0.00  0.0    T  9.2 22 280   M    M   5        26 280
15  54  33  44   9  21   0 0.00  0.0    0 12.2 23 150   M    M   8        29 150
16  74  38  56  20   9   0 0.00  0.0    0  7.7 24 200   M    M   6        29 170
17  76  58  67  31   0   2 0.00  0.0    0 14.7 29 200   M    M   6        37 200
18  64  39  52  16  13   0 0.00  0.0    0  6.7  M   M   M    M   4         M  M
19  54  37  46   9  19   0 0.01  0.0    0 10.4 18 120   M    M   8        22 130
20  74  47  61  24   4   0 0.00  0.0    0 16.1 28 210   M    M   9        36 190
21  64  31  48  11  17   0 0.43  0.0    0 11.8 25 310   M    M   9 1      31 310
22  37  26  32  -6  33   0 0.00  0.0    0  8.3 18 310   M    M   4        24 320
23  44  28  36  -2  29   0 0.08    T    0 11.4 22 140   M    M   8 46     28 140
24  44  33  39   1  26   0 0.80  0.2    0 10.3 26  50   M    M   8 1348   36  50
25  34  32  33  -6  32   0 0.40  0.8    1  9.0 21 350   M    M  10 13     27 350
26  44  32  38  -1  27   0    T  0.0    T  7.0 15 130   M    M  10 168    17 140
27  65  35  50  10  15   0 0.39  0.0    0  9.2 52 280   M    M   9 1358   67 280
28  46  31  39  -1  26   0 0.16  0.0    0 10.1 24 340   M    M   5 3      31 340
================================================================================
SM 1275  776       788   2  3.37     6.5 270.6          M      193
================================================================================
AV 45.5 27.7                               9.7 FASTST   M    M   7    MAX(MPH)
                                 MISC ---->  # 52 280               # 67  280
================================================================================
NOTES:
# LAST OF SEVERAL OCCURRENCES

COLUMN 17 PEAK WIND IN M.P.H.

PRELIMINARY LOCAL CLIMATOLOGICAL DATA (WS FORM: F-6) , PAGE 2

                                          STATION:  ST. LOUIS MO
                                          MONTH:    FEBRUARY
                                          YEAR:     2011
                                          LATITUDE:   38 45 N
                                          LONGITUDE:  90 23 W

[TEMPERATURE DATA]      [PRECIPITATION DATA]       SYMBOLS USED IN COLUMN 16

AVERAGE MONTHLY: 36.6   TOTAL FOR MONTH:   3.37    1 = FOG OR MIST
DPTR FM NORMAL:   1.2   DPTR FM NORMAL:    1.09    2 = FOG REDUCING VISIBILITY
HIGHEST:    76 ON 17    GRTST 24HR  0.90 ON  1- 1      TO 1/4 MILE OR LESS
LOWEST:      4 ON  3                               3 = THUNDER
                        SNOW, ICE PELLETS, HAIL    4 = ICE PELLETS
                        TOTAL MONTH:   6.5 INCHES  5 = HAIL
                        GRTST 24HR   3.0 ON  1- 1  6 = FREEZING RAIN OR DRIZZLE
                        GRTST DEPTH:   5 ON  6     7 = DUSTSTORM OR SANDSTORM:
                                                       VSBY 1/2 MILE OR LESS
                                                   8 = SMOKE OR HAZE
[NO. OF DAYS WITH]      [WEATHER - DAYS WITH]      9 = BLOWING SNOW
                                                   X = TORNADO
MAX 32 OR BELOW:   8    0.01 INCH OR MORE:   9
MAX 90 OR ABOVE:   0    0.10 INCH OR MORE:   7
MIN 32 OR BELOW:  18    0.50 INCH OR MORE:   2
MIN  0 OR BELOW:   0    1.00 INCH OR MORE:   0

[HDD (BASE 65) ]
TOTAL THIS MO.   788    CLEAR  (SCALE 0-3)   2
DPTR FM NORMAL   -56    PTCLDY (SCALE 4-7)  15
TOTAL FM JUL 1  3645    CLOUDY (SCALE 8-10) 11
DPTR FM NORMAL  -121

[CDD (BASE 65) ]
TOTAL THIS MO.     2
DPTR FM NORMAL     2    [PRESSURE DATA]
TOTAL FM JAN 1     2    HIGHEST SLP 30.69 ON  3
DPTR FM NORMAL     2    LOWEST  SLP 29.44 ON 27

[REMARKS]
#FINAL-02-11#
