000
CXUS53 KLSX 011736 RRA
CF6STL

PRELIMINARY LOCAL CLIMATOLOGICAL DATA (WS FORM: F-6)

                                          STATION:   ST. LOUIS
                                          MONTH:     MAY
                                          YEAR:      2017
                                          LATITUDE:   38 45 N
                                          LONGITUDE:  90 23 W

  TEMPERATURE IN F:       :PCPN:    SNOW:  WIND      :SUNSHINE: SKY     :PK WND
================================================================================
1   2   3   4   5  6A  6B    7    8   9   10  11  12  13   14  15   16   17  18
                                     12Z  AVG MX 2MIN
DY MAX MIN AVG DEP HDD CDD  WTR  SNW DPTH SPD SPD DIR MIN PSBL S-S WX    SPD DR
================================================================================

 1  58  49  54  -8  11   0 0.02  0.0    0 17.2 31 230   M    M   8 8      38 250
 2  71  48  60  -3   5   0    T  0.0    0 10.1 25 310   M    M   4        33 280
 3  59  47  53 -10  12   0 1.84  0.0    0 11.0 20  40   M    M  10 1      25  30
 4  54  48  51 -12  14   0 0.90  0.0    0 17.3 29 360   M    M   9 1      35  10
 5  69  47  58  -6   7   0 0.00  0.0    0 11.9 28 360   M    M   2        36 350
 6  70  53  62  -2   3   0 0.00  0.0    0 10.1 23  10   M    M   2        29 330
 7  77  48  63  -1   2   0 0.00  0.0    0  4.1 14 320   M    M   1        19 360
 8  84  54  69   5   0   4 0.00  0.0    0  5.7 14 130   M    M   5        17 220
 9  88  66  77  12   0  12 0.00  0.0    0 11.1 21 240   M    M   3        26 250
10  88  68  78  13   0  13 0.38  0.0    0  9.1 20 320   M    M   7 13     27 330
11  74  62  68   3   0   3 0.04  0.0    0  8.0 17  10   M    M  10 18     20  20
12  74  59  67   1   0   2 0.00  0.0    0  9.2 18  10   M    M   5        23  40
13  82  55  69   3   0   4 0.00  0.0    0  2.9 12 340   M    M   1 18     15 320
14  86  62  74   8   0   9 0.00  0.0    0  8.8 18 210   M    M   1        24 180
15  90  62  76  10   0  11 0.00  0.0    0  7.5 17 160   M    M   3        22 170
16  90  71  81  14   0  16 0.00  0.0    0 13.8 26 200   M    M   4        34 220
17  84  74  79  12   0  14    T  0.0    0 18.5 38 200   M    M   7        47 200
18  91  72  82  15   0  17 0.00  0.0    0 11.0 18 200   M    M   4        25 200
19  85  58  72   4   0   7 0.52  0.0    0 10.1 48 210   M    M   9 13     68 220
20  82  58  70   2   0   5 1.32  0.0    0  8.9 28 260   M    M   9 13     35 260
21  73  59  66  -2   0   1 0.00  0.0    0 10.8 21 270   M    M   3        27 280
22  79  54  67  -1   0   2 0.00  0.0    0  5.6 15 170   M    M   7        20 190
23  73  59  66  -3   0   1 0.18  0.0    0  6.4 18 320   M    M   9 13     24 320
24  71  53  62  -7   3   0 0.00  0.0    0  9.3 20 350   M    M   5        25  10
25  78  55  67  -2   0   2    T  0.0    0  8.1 16 260   M    M   2        22 310
26  87  63  75   5   0  10 0.00  0.0    0  9.0 18 150   M    M   6        24 200
27  84  66  75   5   0  10 0.41  0.0    0  6.9 36 280   M    M   7 3      51 270
28  82  64  73   3   0   8    T  0.0    0  9.2 20 280   M    M   7 18     25 290
29  88  64  76   5   0  11 0.39  0.0    0  8.0 38 310   M    M   4 3      53 310
30  83  60  72   1   0   7 0.00  0.0    0  6.6 17 250   M    M   5        22 240
31  84  61  73   2   0   8 0.00  0.0    0  5.3 13 320   M    M   3        16 260
================================================================================
SM 2438 1819        57 177  6.00     0.0 291.5          M      162
================================================================================
AV 78.7 58.7                               9.4 FASTST   M    M   5    MAX(MPH)
                                 MISC ---->  # 48 210               # 68  220
================================================================================
NOTES:
# LAST OF SEVERAL OCCURRENCES

COLUMN 17 PEAK WIND IN M.P.H.

PRELIMINARY LOCAL CLIMATOLOGICAL DATA (WS FORM: F-6) , PAGE 2

                                          STATION:  ST. LOUIS
                                          MONTH:    MAY
                                          YEAR:     2017
                                          LATITUDE:   38 45 N
                                          LONGITUDE:  90 23 W

[TEMPERATURE DATA]      [PRECIPITATION DATA]       SYMBOLS USED IN COLUMN 16

AVERAGE MONTHLY: 68.7   TOTAL FOR MONTH:   6.00    1 = FOG OR MIST
DPTR FM NORMAL:   1.9   DPTR FM NORMAL:    1.28    2 = FOG REDUCING VISIBILITY
HIGHEST:    91 ON 18    GRTST 24HR  2.51 ON 3- 4      TO 1/4 MILE OR LESS
LOWEST:     47 ON  5, 3                            3 = THUNDER
                        SNOW, ICE PELLETS, HAIL    4 = ICE PELLETS
                        TOTAL MONTH:   0.0 INCH    5 = HAIL
                        GRTST 24HR     0.0         6 = FREEZING RAIN OR DRIZZLE
                        GRTST DEPTH:   0           7 = DUSTSTORM OR SANDSTORM:
                                                       VSBY 1/2 MILE OR LESS
                                                   8 = SMOKE OR HAZE
[NO. OF DAYS WITH]      [WEATHER - DAYS WITH]      9 = BLOWING SNOW
                                                   X = TORNADO
MAX 32 OR BELOW:   0    0.01 INCH OR MORE:  10
MAX 90 OR ABOVE:   3    0.10 INCH OR MORE:   8
MIN 32 OR BELOW:   0    0.50 INCH OR MORE:   4
MIN  0 OR BELOW:   0    1.00 INCH OR MORE:   2

[HDD (BASE 65) ]
TOTAL THIS MO.    57    CLEAR  (SCALE 0-3)  10
DPTR FM NORMAL   -17    PTCLDY (SCALE 4-7)  14
TOTAL FM JUL 1  3397    CLOUDY (SCALE 8-10)  7
DPTR FM NORMAL -1133

[CDD (BASE 65) ]
TOTAL THIS MO.   177
DPTR FM NORMAL    49    [PRESSURE DATA]
TOTAL FM JAN 1   252    HIGHEST SLP 30.14 ON  3
DPTR FM NORMAL    78    LOWEST  SLP 29.50 ON  1

[REMARKS]
#FINAL-05-17#
