000
CXUS53 KLSX 031316 CCA
CF6STL

PRELIMINARY LOCAL CLIMATOLOGICAL DATA (WS FORM: F-6)

                                          STATION:   ST. LOUIS
                                          MONTH:     JUNE
                                          YEAR:      2014
                                          LATITUDE:   38 45 N
                                          LONGITUDE:  90 23 W

  TEMPERATURE IN F:       :PCPN:    SNOW:  WIND      :SUNSHINE: SKY     :PK WND
================================================================================
1   2   3   4   5  6A  6B    7    8   9   10  11  12  13   14  15   16   17  18
                                     12Z  AVG MX 2MIN
DY MAX MIN AVG DEP HDD CDD  WTR  SNW DPTH SPD SPD DIR MIN PSBL S-S WX    SPD DR
================================================================================

 1  90  71  81   9   0  16    T  0.0    0 10.4 26 200   M    M   6 18     32 200
 2  85  75  80   8   0  15    T  0.0    0 12.4 24 200   M    M   6        33 200
 3  92  73  83  11   0  18 0.00  0.0    0  5.5 13 180   M    M   5        18 210
 4  85  68  77   4   0  12 0.87  0.0    0 10.8 28 330   M    M   8 13     37 220
 5  75  65  70  -3   0   5 0.00  0.0    0  6.9 22 110   M    M   8 8      24 110
 6  84  64  74   1   0   9 0.00  0.0    0  3.5 12 100   M    M   6 18     14 100
 7  79  67  73  -1   0   8 0.66  0.0    0 10.9 26 280   M    M   8 138    32 280
 8  77  64  71  -3   0   6 0.00  0.0    0  6.6 20 330   M    M  10        26 340
 9  79  64  72  -2   0   7 0.90  0.0    0 11.8 21  70   M    M   9 1      25  70
10  80  64  72  -3   0   7 0.43  0.0    0  7.8 21 270   M    M   9 13     24 290
11  75  63  69  -6   0   4    T  0.0    0  6.7 14 330   M    M   7 1      18 330
12  82  62  72  -3   0   7 0.15  0.0    0  4.9 15 320   M    M   7 13     18 310
13  76  60  68  -8   0   3 0.00  0.0    0  6.4 14 340   M    M   2        21  10
14  81  56  69  -7   0   4 0.00  0.0    0 10.0 21 150   M    M   2        26 140
15  88  67  78   2   0  13    T  0.0    0 11.5 24 170   M    M   6        31 160
16  92  75  84   8   0  19    T  0.0    0 10.3 21 180   M    M   5        29 180
17  92  78  85   8   0  20 0.00  0.0    0 12.7 23 210   M    M   5        30 200
18  94  77  86   9   0  21 0.00  0.0    0 11.1 18 200   M    M   4        25 200
19  95  77  86   9   0  21 0.00  0.0    0  8.6 20 210   M    M   7        24 210
20  92  75  84   7   0  19 0.00  0.0    0  5.5 26  10   M    M   7        35 360
21  94  70  82   4   0  17 0.73  0.0    0  5.1 37 330   M    M   8 13     54 320
22  87  70  79   1   0  14    T  0.0    0  5.2 13 190   M    M   7 3      16 200
23  90  73  82   4   0  17 0.06  0.0    0  5.5 16 170   M    M   8 13     20 170
24  88  72  80   2   0  15 0.51  0.0    0  5.9 17 310   M    M   6 13     22 320
25  90  70  80   1   0  15 0.00  0.0    0  4.4 12 350   M    M   6        18 280
26  92  72  82   3   0  17    T  0.0    0  6.1 18 160   M    M   7 3      23 160
27  88  73  81   2   0  16 0.95  0.0    0  9.8 28 100   M    M   7 3      40 100
28  90  74  82   3   0  17 0.00  0.0    0 13.6 23 160   M    M   7        29 180
29  86  75  81   2   0  16    T  0.0    0  9.5 18 180   M    M   8        23 170
30  94  76  85   6   0  20 0.00  0.0    0 12.3 23 200   M    M   6        29 200
================================================================================
SM 2592 2090         0 398  5.26     0.0 251.7          M      197
================================================================================
AV 86.4 69.7                               8.4 FASTST   M    M   7    MAX(MPH)
                                 MISC ---->  # 37 330               # 54  320
================================================================================
NOTES:
# LAST OF SEVERAL OCCURRENCES

COLUMN 17 PEAK WIND IN M.P.H.

PRELIMINARY LOCAL CLIMATOLOGICAL DATA (WS FORM: F-6) , PAGE 2

                                          STATION:  ST. LOUIS
                                          MONTH:    JUNE
                                          YEAR:     2014
                                          LATITUDE:   38 45 N
                                          LONGITUDE:  90 23 W

[TEMPERATURE DATA]      [PRECIPITATION DATA]       SYMBOLS USED IN COLUMN 16

AVERAGE MONTHLY: 78.1   TOTAL FOR MONTH:   5.26    1 = FOG OR MIST
DPTR FM NORMAL:   2.2   DPTR FM NORMAL:    0.98    2 = FOG REDUCING VISIBILITY
HIGHEST:    95 ON 19    GRTST 24HR  1.33 ON  9-10      TO 1/4 MILE OR LESS
LOWEST:     56 ON 14                               3 = THUNDER
                        SNOW, ICE PELLETS, HAIL    4 = ICE PELLETS
                        TOTAL MONTH:   0.0 INCH    5 = HAIL
                        GRTST 24HR     0.0         6 = FREEZING RAIN OR DRIZZLE
                        GRTST DEPTH:   0           7 = DUSTSTORM OR SANDSTORM:
                                                       VSBY 1/2 MILE OR LESS
                                                   8 = SMOKE OR HAZE
[NO. OF DAYS WITH]      [WEATHER - DAYS WITH]      9 = BLOWING SNOW
                                                   X = TORNADO
MAX 32 OR BELOW:   0    0.01 INCH OR MORE:   9
MAX 90 OR ABOVE:  13    0.10 INCH OR MORE:   8
MIN 32 OR BELOW:   0    0.50 INCH OR MORE:   6
MIN  0 OR BELOW:   0    1.00 INCH OR MORE:   0

[HDD (BASE 65) ]
TOTAL THIS MO.     0    CLEAR  (SCALE 0-3)   2
DPTR FM NORMAL    -5    PTCLDY (SCALE 4-7)  19
TOTAL FM JUL 1  5027    CLOUDY (SCALE 8-10)  9
DPTR FM NORMAL   492

[CDD (BASE 65) ]
TOTAL THIS MO.   398
DPTR FM NORMAL    64    [PRESSURE DATA]
TOTAL FM JAN 1   660    HIGHEST SLP 30.10 ON 14
DPTR FM NORMAL   152    LOWEST  SLP 29.64 ON  4

[REMARKS]
#FINAL-06-14#
