000
CXUS53 KLSX 212348 CCA
CF6STL

PRELIMINARY LOCAL CLIMATOLOGICAL DATA (WS FORM: F-6)

                                          STATION:   ST. LOUIS
                                          MONTH:     JUNE
                                          YEAR:      2016
                                          LATITUDE:   38 45 N
                                          LONGITUDE:  90 23 W

  TEMPERATURE IN F:       :PCPN:    SNOW:  WIND      :SUNSHINE: SKY     :PK WND
================================================================================
1   2   3   4   5  6A  6B    7    8   9   10  11  12  13   14  15   16   17  18
                                     12Z  AVG MX 2MIN
DY MAX MIN AVG DEP HDD CDD  WTR  SNW DPTH SPD SPD DIR MIN PSBL S-S WX    SPD DR
================================================================================

 1  86  69  78   6   0  13 0.09  0.0    0  3.8 16 240   M    M   8        20 320
 2  87  69  78   6   0  13 0.00  0.0    0  4.5 14  40   M    M   6        17  30
 3  79  67  73   1   0   8    T  0.0    0  4.8 12 140   M    M   9 8      14 150
 4  83  69  76   3   0  11 0.24  0.0    0  6.3 13 270   M    M   8 1      17 230
 5  80  65  73   0   0   8 0.00  0.0    0 11.3 16 300   M    M   3        24 310
 6  91  66  79   6   0  14 0.00  0.0    0 11.4 17 280   M    M   3        20 250
 7  81  61  71  -3   0   6 0.00  0.0    0  8.7 17 300   M    M   1        23 310
 8  85  59  72  -2   0   7 0.00  0.0    0  3.8  9 100   M    M   3        13  40
 9  91  65  78   4   0  13 0.00  0.0    0  8.2 15 200   M    M   3        21 210
10  95  74  85  10   0  20 0.00  0.0    0  7.5 15 170   M    M   2        20 190
11  95  76  86  11   0  21 0.00  0.0    0  8.3 17 250   M    M   4        23 220
12  98  78  88  13   0  23 0.00  0.0    0  4.7 25  40   M    M   6 3      31  10
13  96  74  85   9   0  20 0.12  0.0    0  6.0 36 230   M    M   3 38     41 230
14  94  76  85   9   0  20 0.00  0.0    0  8.3 18 210   M    M   5        23 170
15  99  80  90  14   0  25 0.01  0.0    0  9.2 18 250   M    M   4        24 270
16  99  79  89  13   0  24 0.00  0.0    0  7.9 16 280   M    M   4        20  40
17  88  70  79   2   0  14 0.00  0.0    0  8.1 17  40   M    M   3        22  20
18  91  71  81   4   0  16 0.00  0.0    0  5.6 14  80   M    M   5        24  90
19  94  73  84   7   0  19 0.00  0.0    0  7.7 15 220   M    M   3        23 200
20  96  75  86   9   0  21 0.03  0.0    0 11.1 24 280   M    M   3        37 290
21  89  74  82   4   0  17 0.00  0.0    0  6.5 13 250   M    M   6        18 230
22  98  80  89  11   0  24    T  0.0    0 12.8 24 200   M    M   6        31 210
23  99  75  87   9   0  22 0.00  0.0    0 11.5 21 260   M    M   6        28 270
24  94  70  82   4   0  17 0.00  0.0    0  5.8 13  80   M    M   7         M  M
25  97  76  87   8   0  22 0.42  0.0    0  5.8 36 240   M    M   7 138    46 240
26  96  77  87   8   0  22    T  0.0    0  5.3 24 310   M    M   7 3      30 310
27  96  76  86   7   0  21 0.00  0.0    0  4.4 12 340   M    M   5        18 360
28  88  73  81   2   0  16 0.00  0.0    0  8.2 17 320   M    M   3        23 320
29  83  64  74  -5   0   9 0.00  0.0    0  6.5 13 110   M    M   4        16  20
30  81  66  74  -5   0   9 0.38  0.0    0  7.5 20 360   M    M   7 13     24 360
================================================================================
SM 2729 2147         0 495  1.29     0.0 221.5          M      144
================================================================================
AV 91.0 71.6                               7.4 FASTST   M    M   5    MAX(MPH)
                                 MISC ---->  # 36 230               # 46  240
================================================================================
NOTES:
# LAST OF SEVERAL OCCURRENCES

COLUMN 17 PEAK WIND IN M.P.H.

PRELIMINARY LOCAL CLIMATOLOGICAL DATA (WS FORM: F-6) , PAGE 2

                                          STATION:  ST. LOUIS
                                          MONTH:    JUNE
                                          YEAR:     2016
                                          LATITUDE:   38 45 N
                                          LONGITUDE:  90 23 W

[TEMPERATURE DATA]      [PRECIPITATION DATA]       SYMBOLS USED IN COLUMN 16

AVERAGE MONTHLY: 81.3   TOTAL FOR MONTH:   1.29    1 = FOG OR MIST
DPTR FM NORMAL:   5.4   DPTR FM NORMAL:   -2.99    2 = FOG REDUCING VISIBILITY
HIGHEST:    99 ON 23,16 GRTST 24HR  0.42 ON 25         TO 1/4 MILE OR LESS
LOWEST:     59 ON  8                               3 = THUNDER
                        SNOW, ICE PELLETS, HAIL    4 = ICE PELLETS
                        TOTAL MONTH:   0.0 INCH    5 = HAIL
                        GRTST 24HR     0.0         6 = FREEZING RAIN OR DRIZZLE
                        GRTST DEPTH:   0           7 = DUSTSTORM OR SANDSTORM:
                                                       VSBY 1/2 MILE OR LESS
                                                   8 = SMOKE OR HAZE
[NO. OF DAYS WITH]      [WEATHER - DAYS WITH]      9 = BLOWING SNOW
                                                   X = TORNADO
MAX 32 OR BELOW:   0    0.01 INCH OR MORE:   7
MAX 90 OR ABOVE:  18    0.10 INCH OR MORE:   4
MIN 32 OR BELOW:   0    0.50 INCH OR MORE:   0
MIN  0 OR BELOW:   0    1.00 INCH OR MORE:   0

[HDD (BASE 65) ]
TOTAL THIS MO.     0    CLEAR  (SCALE 0-3)  11
DPTR FM NORMAL    -5    PTCLDY (SCALE 4-7)  16
TOTAL FM JUL 1  3484    CLOUDY (SCALE 8-10)  3
DPTR FM NORMAL -1051

[CDD (BASE 65) ]
TOTAL THIS MO.   495
DPTR FM NORMAL   161    [PRESSURE DATA]
TOTAL FM JAN 1   689    HIGHEST SLP M ON M
DPTR FM NORMAL   181    LOWEST  SLP 29.70 ON 14

[REMARKS]
#FINAL-06-16#
