000
CXUS53 KLSX 012137 CCB
CF6STL

PRELIMINARY LOCAL CLIMATOLOGICAL DATA (WS FORM: F-6)

                                          STATION:   ST. LOUIS
                                          MONTH:     FEBRUARY
                                          YEAR:      2016
                                          LATITUDE:   38 45 N
                                          LONGITUDE:  90 23 W

  TEMPERATURE IN F:       :PCPN:    SNOW:  WIND      :SUNSHINE: SKY     :PK WND
================================================================================
1   2   3   4   5  6A  6B    7    8   9   10  11  12  13   14  15   16   17  18
                                     12Z  AVG MX 2MIN
DY MAX MIN AVG DEP HDD CDD  WTR  SNW DPTH SPD SPD DIR MIN PSBL S-S WX    SPD DR
================================================================================

 1  54  39  47  14  18   0 0.00  0.0    0  6.0 15  90   M    M   6        20 100
 2  66  42  54  21  11   0 0.15  0.0    0 12.7 28 120   M    M   7 18     32 120
 3  50  30  40   7  25   0    T    T    0 17.9 28 260   M    M   8        36 240
 4  43  22  33  -1  32   0 0.00  0.0    0  8.1 17 280   M    M   3        24 310
 5  42  27  35   1  30   0 0.00  0.0    0  4.1 10 230   M    M   4        13 270
 6  58  28  43   9  22   0 0.00  0.0    0  6.8 21 260   M    M   3        25 270
 7  55  38  47  13  18   0    T  0.0    0 12.9 28 290   M    M   8        38 290
 8  40  23  32  -2  33   0    T  0.2    0 18.4 30 280   M    M   9        39 280
 9  26  19  23 -12  42   0 0.01  0.3    T 14.5 24 320   M    M   8        31 310
10  24  15  20 -15  45   0 0.06  1.1    T  8.4 22 320   M    M   8        28 320
11  32  23  28  -7  37   0    T    T    1  5.7 13 120   M    M   9        15  30
12  33  18  26  -9  39   0 0.03  0.6    1 10.3 23 320   M    M   7 18     29 320
13  24  11  18 -18  47   0 0.00  0.0    0  7.7 17 350   M    M   6        23 350
14  31  22  27  -9  38   0 0.16  1.5    0 11.3 23 140   M    M  10 18     28 140
15  42  29  36   0  29   0 0.00  0.0    1  4.3  9 120   M    M   8 128    12 330
16  41  33  37   0  28   0 0.06  0.0    0  6.9 14 330   M    M  10 18     17 320
17  50  36  43   6  22   0 0.00  0.0    0  5.3 13 110   M    M   6 8      15 110
18  61  35  48  11  17   0 0.00  0.0    0 14.9 28 140   M    M   5 8      33 140
19  77  49  63  26   2   0 0.00  0.0    0 14.7 33 230   M    M   6        43 230
20  78  48  63  25   2   0 0.02  0.0    0  6.1 16  40   M    M   6 3      22  50
21  59  40  50  12  15   0 0.00  0.0    0  9.7 17  20   M    M   5        23  20
22  48  37  43   5  22   0 0.00  0.0    0  5.5 13  40   M    M   6        15  70
23  50  34  42   3  23   0 0.00  0.0    0 11.5 25  30   M    M   8        35  20
24  44  34  39   0  26   0 0.31  3.6    2 19.9 31 330   M    M  10 1      44 330
25  42  33  38  -1  27   0    T    T    T 12.1 22 280   M    M   8        28 290
26  42  28  35  -5  30   0 0.00  0.0    0  6.3 14 320   M    M   6        18 320
27  67  30  49   9  16   0 0.00  0.0    0  8.1 18 230   M    M   1        23 200
28  75  45  60  20   5   0 0.00  0.0    0 17.2 35 220   M    M   4        44 310
29  70  38  54  13  11   0 0.00  0.0    0  9.6 17 150   M    M   4        22 160
================================================================================
SM 1424  906       712   0  0.80     7.3 296.9          M      189
================================================================================
AV 49.1 31.2                              10.2 FASTST   M    M   7    MAX(MPH)
                                 MISC ---->  # 35 220               # 44  330
================================================================================
NOTES:
# LAST OF SEVERAL OCCURRENCES

COLUMN 17 PEAK WIND IN M.P.H.

PRELIMINARY LOCAL CLIMATOLOGICAL DATA (WS FORM: F-6) , PAGE 2

                                          STATION:  ST. LOUIS
                                          MONTH:    FEBRUARY
                                          YEAR:     2016
                                          LATITUDE:   38 45 N
                                          LONGITUDE:  90 23 W

[TEMPERATURE DATA]      [PRECIPITATION DATA]       SYMBOLS USED IN COLUMN 16

AVERAGE MONTHLY: 40.2   TOTAL FOR MONTH:   0.80    1 = FOG OR MIST
DPTR FM NORMAL:   3.9   DPTR FM NORMAL:   -1.44    2 = FOG REDUCING VISIBILITY
HIGHEST:    78 ON 20    GRTST 24HR  0.31 ON 24-24      TO 1/4 MILE OR LESS
LOWEST:     11 ON 13                               3 = THUNDER
                        SNOW, ICE PELLETS, HAIL    4 = ICE PELLETS
                        TOTAL MONTH:   7.3 INCHES  5 = HAIL
                        GRTST 24HR   3.6 ON  24    6 = FREEZING RAIN OR DRIZZLE
                        GRTST DEPTH:   2 ON 24     7 = DUSTSTORM OR SANDSTORM:
                                                       VSBY 1/2 MILE OR LESS
                                                   8 = SMOKE OR HAZE
[NO. OF DAYS WITH]      [WEATHER - DAYS WITH]      9 = BLOWING SNOW
                                                   X = TORNADO
MAX 32 OR BELOW:   5    0.01 INCH OR MORE:   8
MAX 90 OR ABOVE:   0    0.10 INCH OR MORE:   3
MIN 32 OR BELOW:  14    0.50 INCH OR MORE:   0
MIN  0 OR BELOW:   0    1.00 INCH OR MORE:   0

[HDD (BASE 65) ]
TOTAL THIS MO.   712    CLEAR  (SCALE 0-3)   3
DPTR FM NORMAL  -117    PTCLDY (SCALE 4-7)  14
TOTAL FM JUL 1  2830    CLOUDY (SCALE 8-10) 12
DPTR FM NORMAL  -792

[CDD (BASE 65) ]
TOTAL THIS MO.     0
DPTR FM NORMAL     0    [PRESSURE DATA]
TOTAL FM JAN 1     0    HIGHEST SLP 30.73 ON 13
DPTR FM NORMAL     0    LOWEST  SLP 29.43 ON  2

[REMARKS]
#FINAL-02-16#
