000
CXUS53 KLSX 012112 CCA
CF6STL

PRELIMINARY LOCAL CLIMATOLOGICAL DATA (WS FORM: F-6)

                                          STATION:   ST. LOUIS
                                          MONTH:     OCTOBER
                                          YEAR:      2017
                                          LATITUDE:   38 45 N
                                          LONGITUDE:  90 23 W

  TEMPERATURE IN F:       :PCPN:    SNOW:  WIND      :SUNSHINE: SKY     :PK WND
================================================================================
1   2   3   4   5  6A  6B    7    8   9   10  11  12  13   14  15   16   17  18
                                     12Z  AVG MX 2MIN
DY MAX MIN AVG DEP HDD CDD  WTR  SNW DPTH SPD SPD DIR MIN PSBL S-S WX    SPD DR
================================================================================

 1  79  54  67   3   0   2 0.00  0.0    0 10.0 17 160   M    M   5        25 160
 2  86  66  76  12   0  11 0.00  0.0    0 13.4 26 150   M    M   3        35 150
 3  80  71  76  13   0  11 0.12  0.0    0 10.2 21 190   M    M   8 3      27 200
 4  79  70  75  12   0  10 0.03  0.0    0  3.2  8 140   M    M   9 1      10 140
 5  82  71  77  15   0  12 0.04  0.0    0  3.7 10 170   M    M   9 1      16 240
 6  84  70  77  15   0  12 0.01  0.0    0  7.4 17 170   M    M   9        23 160
 7  82  58  70   8   0   5 0.13  0.0    0 11.7 31 230   M    M   6 1      42 250
 8  80  54  67   6   0   2 0.00  0.0    0  5.6 21 120   M    M   2 1      24 110
 9  80  64  72  11   0   7 1.72  0.0    0  6.7 21 160   M    M   6 1238   25 280
10  75  51  63   2   2   0 0.48  0.0    0 11.0 24 280   M    M   9 13     33 270
11  59  51  55  -5  10   0    T  0.0    0  9.8 21 280   M    M  10        27 270
12  61  55  58  -2   7   0    T  0.0    0  6.3 14 140   M    M   7        19 190
13  77  55  66   6   0   1 0.00  0.0    0  9.9 16 160   M    M   4 1      22 150
14  89  66  78  19   0  13 0.00  0.0    0 10.5 20 310   M    M   4        27 210
15  75  47  61   2   4   0 0.61  0.0    0 11.7 30 290   M    M   5 13     39 310
16  67  43  55  -4  10   0 0.00  0.0    0  3.8 12 230   M    M   0        16 230
17  70  49  60   2   5   0 0.00  0.0    0  8.8 16 230   M    M   4        22 200
18  75  50  63   5   2   0 0.00  0.0    0  8.4 16 160   M    M   3        21 220
19  80  54  67   9   0   2 0.00  0.0    0  5.5 12 160   M    M   1        16 150
20  76  52  64   6   1   0    T  0.0    0  8.3 18 160   M    M   6 1      22 140
21  81  62  72  15   0   7 0.01  0.0    0 13.1 24 160   M    M   8        29 180
22  71  52  62   5   3   0 0.50  0.0    0 11.6 22 350   M    M  10 1      28 330
23  70  51  61   4   4   0 0.05  0.0    0 10.4 22 290   M    M   8        32 290
24  55  45  50  -6  15   0    T  0.0    0 16.0 28 280   M    M   7        36 280
25  67  39  53  -3  12   0 0.00  0.0    0  8.8 25 260   M    M   4        31 260
26  77  43  60   4   5   0 0.00  0.0    0 11.6 24 150   M    M   3        29 150
27  54  39  47  -8  18   0    T    T    0 15.1 24 310   M    M   9        31 310
28  41  34  38 -17  27   0    T    T    0  9.4 20 280   M    M  10        24 290
29  54  30  42 -13  23   0 0.00  0.0    0  5.9 13 200   M    M   4        18 200
30  54  37  46  -8  19   0 0.01  0.0    0 10.7 24 280   M    M   8        32 270
31  44  30  37 -17  28   0    T    T    0  4.6 12 200   M    M   6        15 190
================================================================================
SM 2204 1613       195  95  3.71    T    283.1          M      187
================================================================================
AV 71.1 52.0                               9.1 FASTST   M    M   6    MAX(MPH)
                                 MISC ---->  # 31 230               # 42  250
================================================================================
NOTES:
# LAST OF SEVERAL OCCURRENCES

COLUMN 17 PEAK WIND IN M.P.H.

PRELIMINARY LOCAL CLIMATOLOGICAL DATA (WS FORM: F-6) , PAGE 2

                                          STATION:  ST. LOUIS
                                          MONTH:    OCTOBER
                                          YEAR:     2017
                                          LATITUDE:   38 45 N
                                          LONGITUDE:  90 23 W

[TEMPERATURE DATA]      [PRECIPITATION DATA]       SYMBOLS USED IN COLUMN 16

AVERAGE MONTHLY: 61.6   TOTAL FOR MONTH:   3.71    1 = FOG OR MIST
DPTR FM NORMAL:   2.9   DPTR FM NORMAL:    0.38    2 = FOG REDUCING VISIBILITY
HIGHEST:    89 ON 14    GRTST 24HR  1.72 ON  9         TO 1/4 MILE OR LESS
LOWEST:     30 ON 31,29                            3 = THUNDER
                        SNOW, ICE PELLETS, HAIL    4 = ICE PELLETS
                        TOTAL MONTH:    T          5 = HAIL
                        GRTST 24HR   T ON 31,28,27 6 = FREEZING RAIN OR DRIZZLE
                        GRTST DEPTH:   0           7 = DUSTSTORM OR SANDSTORM:
                                                       VSBY 1/2 MILE OR LESS
                                                   8 = SMOKE OR HAZE
[NO. OF DAYS WITH]      [WEATHER - DAYS WITH]      9 = BLOWING SNOW
                                                   X = TORNADO
MAX 32 OR BELOW:   0    0.01 INCH OR MORE:  12
MAX 90 OR ABOVE:   0    0.10 INCH OR MORE:   6
MIN 32 OR BELOW:   2    0.50 INCH OR MORE:   3
MIN  0 OR BELOW:   0    1.00 INCH OR MORE:   1

[HDD (BASE 65) ]
TOTAL THIS MO.   195    CLEAR  (SCALE 0-3)   6
DPTR FM NORMAL   -40    PTCLDY (SCALE 4-7)  13
TOTAL FM JUL 1   202    CLOUDY (SCALE 8-10) 12
DPTR FM NORMAL   -74

[CDD (BASE 65) ]
TOTAL THIS MO.    95
DPTR FM NORMAL    54    [PRESSURE DATA]
TOTAL FM JAN 1  1959    HIGHEST SLP 30.42 ON 16
DPTR FM NORMAL   317    LOWEST  SLP 29.58 ON 26

[REMARKS]
#FINAL-10-17#
