000
CXUS53 KLSX 011600
CF6STL
PRELIMINARY LOCAL CLIMATOLOGICAL DATA (WS FORM: F-6)

                                          STATION:   ST. LOUIS
                                          MONTH:     NOVEMBER
                                          YEAR:      2016
                                          LATITUDE:   38 45 N
                                          LONGITUDE:  90 23 W

  TEMPERATURE IN F:       :PCPN:    SNOW:  WIND      :SUNSHINE: SKY     :PK WND
================================================================================
1   2   3   4   5  6A  6B    7    8   9   10  11  12  13   14  15   16   17  18
                                     12Z  AVG MX 2MIN
DY MAX MIN AVG DEP HDD CDD  WTR  SNW DPTH SPD SPD DIR MIN PSBL S-S WX    SPD DR
================================================================================

 1  85  65  75  22   0  10 0.00  0.0    0 10.5 22 210   M    M   6        27 220
 2  85  65  75  22   0  10 2.11  0.0    0  8.7 29 340   M    M   8 13     35 360
 3  69  55  62   9   3   0 0.71  0.0    0  6.1 16 180   M    M   7 138    22 180
 4  68  49  59   7   6   0 0.00  0.0    0  2.2  9  40   M    M   0        11  30
 5  65  45  55   3  10   0 0.00  0.0    0  2.2  7 120   M    M   6        10  90
 6  66  42  54   3  11   0 0.00  0.0    0  5.9 14 110   M    M   2 18     17 140
 7  72  48  60   9   5   0    T  0.0    0  7.2 13 160   M    M   7        18 170
 8  63  50  57   6   8   0 0.07  0.0    0  4.8 13 280   M    M   6 1      14 290
 9  61  42  52   2  13   0 0.00  0.0    0  4.0 12 320   M    M   1        15 320
10  67  39  53   3  12   0 0.00  0.0    0  6.7 16 240   M    M   0        20 260
11  64  45  55   6  10   0 0.00  0.0    0 10.0 20  20   M    M   3        24  30
12  56  37  47  -2  18   0 0.00  0.0    0  2.9  9 120   M    M   0        13 110
13  62  32  47  -1  18   0 0.00  0.0    0  3.7 10 170   M    M   1        19 190
14  70  41  56   8   9   0    T  0.0    0  4.6 13 240   M    M   4        17 240
15  64  43  54   7  11   0 0.00  0.0    0  4.4 14 280   M    M   2 18     17 280
16  71  45  58  11   7   0 0.00  0.0    0  5.3 12 140   M    M   1        17 140
17  83  53  68  22   0   3 0.00  0.0    0 12.0 22 190   M    M   6        29 180
18  70  44  57  11   8   0 0.21  0.0    0 15.9 29 280   M    M   8        38 280
19  49  34  42  -3  23   0 0.00  0.0    0 15.8 29 280   M    M   2        36 280
20  45  28  37  -8  28   0 0.00  0.0    0  4.2  9 360   M    M   2        12 350
21  50  29  40  -4  25   0 0.00  0.0    0 10.1 18 130   M    M   4        21 130
22  51  37  44   0  21   0 0.09  0.0    0 14.2 26 120   M    M   9        33 130
23  57  45  51   8  14   0 0.15  0.0    0  9.5 21 290   M    M  10 18     26 290
24  45  38  42  -1  23   0 0.00  0.0    0  5.9 16 280   M    M  10 18     21 290
25  47  36  42   0  23   0 0.00  0.0    0  4.6 15 280   M    M   8 18     18 280
26  52  34  43   1  22   0 0.00  0.0    0  6.9 14 150   M    M   4 18     18 150
27  51  37  44   3  21   0 0.11  0.0    0 11.5 24 150   M    M   9 18     34 150
28  54  46  50   9  15   0 0.28  0.0    0 15.2 30 160   M    M   8 18     38 150
29  63  44  54  14  11   0 0.00  0.0    0 10.1 21 210   M    M   5        24 210
30  46  34  40   0  25   0 0.00  0.0    0 11.5 25 280   M    M   6        32 290
================================================================================
SM 1851 1282       400  23  3.73     0.0 236.6          M      145
================================================================================
AV 61.7 42.7                               7.9 FASTST   M    M   5    MAX(MPH)
                                 MISC ---->  # 30 160               # 38  280
================================================================================
NOTES:
# LAST OF SEVERAL OCCURRENCES

COLUMN 17 PEAK WIND IN M.P.H.

PRELIMINARY LOCAL CLIMATOLOGICAL DATA (WS FORM: F-6) , PAGE 2

                                          STATION:  ST. LOUIS
                                          MONTH:    NOVEMBER
                                          YEAR:     2016
                                          LATITUDE:   38 45 N
                                          LONGITUDE:  90 23 W

[TEMPERATURE DATA]      [PRECIPITATION DATA]       SYMBOLS USED IN COLUMN 16

AVERAGE MONTHLY: 52.2   TOTAL FOR MONTH:   3.73    1 = FOG OR MIST
DPTR FM NORMAL:   5.4   DPTR FM NORMAL:   -0.18    2 = FOG REDUCING VISIBILITY
HIGHEST:    85 ON  2, 1 GRTST 24HR  2.82 ON  2- 3      TO 1/4 MILE OR LESS
LOWEST:     28 ON 20                               3 = THUNDER
                        SNOW, ICE PELLETS, HAIL    4 = ICE PELLETS
                        TOTAL MONTH:   0.0 INCH    5 = HAIL
                        GRTST 24HR     0.0         6 = FREEZING RAIN OR DRIZZLE
                        GRTST DEPTH:   0           7 = DUSTSTORM OR SANDSTORM:
                                                       VSBY 1/2 MILE OR LESS
                                                   8 = SMOKE OR HAZE
[NO. OF DAYS WITH]      [WEATHER - DAYS WITH]      9 = BLOWING SNOW
                                                   X = TORNADO
MAX 32 OR BELOW:   0    0.01 INCH OR MORE:   8
MAX 90 OR ABOVE:   0    0.10 INCH OR MORE:   6
MIN 32 OR BELOW:   3    0.50 INCH OR MORE:   2
MIN  0 OR BELOW:   0    1.00 INCH OR MORE:   1

[HDD (BASE 65) ]
TOTAL THIS MO.   400    CLEAR  (SCALE 0-3)  11
DPTR FM NORMAL  -150    PTCLDY (SCALE 4-7)  13
TOTAL FM JUL 1   491    CLOUDY (SCALE 8-10)  6
DPTR FM NORMAL  -335

[CDD (BASE 65) ]
TOTAL THIS MO.    23
DPTR FM NORMAL    19    [PRESSURE DATA]
TOTAL FM JAN 1  2162    HIGHEST SLP 30.50 ON 12
DPTR FM NORMAL   516    LOWEST  SLP 29.23 ON 28

[REMARKS]
#FINAL-11-16#
