000
CXUS53 KLSX 142014
CF6STL
PRELIMINARY LOCAL CLIMATOLOGICAL DATA (WS FORM: F-6)

                                          STATION:   ST. LOUIS MO
                                          MONTH:     APRIL
                                          YEAR:      2011
                                          LATITUDE:   38 45 N
                                          LONGITUDE:  90 23 W

  TEMPERATURE IN F:       :PCPN:    SNOW:  WIND      :SUNSHINE: SKY     :PK WND
================================================================================
1   2   3   4   5  6A  6B    7    8   9   10  11  12  13   14  15   16   17  18
                                     12Z  AVG MX 2MIN
DY MAX MIN AVG DEP HDD CDD  WTR  SNW DPTH SPD SPD DIR MIN PSBL S-S WX    SPD DR
================================================================================

 1  61  37  49  -3  16   0 0.00  0.0    0 10.4 26 280   M    M   5        37 280
 2  68  38  53   1  12   0 0.00  0.0    0  8.1 18 310   M    M   5        28 310
 3  90  50  70  17   0   5 0.00  0.0    0 18.3 37 210   M    M   6        47 220
 4  78  42  60   7   5   0 0.67  0.0    0 15.4 32 280   M    M   8 13     37 290
 5  66  35  51  -3  14   0 0.00  0.0    0  9.8 24 220   M    M   3        36 220
 6  79  54  67  13   0   2 0.00  0.0    0 11.3 25 200   M    M   5        33 220
 7  69  47  58   4   7   0 0.00  0.0    0  9.2 20 110   M    M   6        24 160
 8  76  61  69  14   0   4 0.01  0.0    0  7.1 14 210   M    M   8        18 190
 9  88  59  74  19   0   9 0.69  0.0    0 11.2 26 340   M    M   5 13     32 350
10  90  67  79  24   0  14 0.18  0.0    0 15.7 28 210   M    M   4 13     38 220
11  68  55  62   6   3   0 0.17  0.0    0 10.3 29 290   M    M   8 13     37 280
12  68  52  60   4   5   0 0.00  0.0    0  6.4 14 360   M    M   2        20 350
13  74  47  61   5   4   0 0.00  0.0    0  4.4 13 100   M    M   5        16  60
14  73  53  63   6   2   0 0.00  0.0    0 12.5 21 110   M    M   8        28 140
15  69  48  59   2   6   0 0.81  0.0    0 17.4 32  80   M    M   9 135    40  80
16  53  43  48 -10  17   0 0.01  0.0    0 15.3 32 280   M    M   6 1      44 280
17  75  41  58   0   7   0 0.00  0.0    0  8.4 21 260   M    M   6        26 190
18  72  59  66   8   0   1 0.01  0.0    0  9.5 18 200   M    M   8        25 190
19  88  46  67   8   0   2 1.66  0.0    0 13.0 41 270   M    M   9 1358   49 270
20  55  41  48 -11  17   0 0.00  0.0    0 11.2 22 290   M    M   8        30 280
21  61  40  51  -8  14   0 0.09  0.0    0 13.1  M   M   M    M   8        29 110
22  77  53  65   5   0   0 1.29  0.0    0 11.8  M   M   M    M   7 135X   52 340
23  71  56  64   4   1   0 0.64  0.0    0  5.3 14 180   M    M   9 13      M  M
24  58  52  55  -5  10   0 0.26  0.0    0  6.5 21 130   M    M   9 13     25 130
25  66  57  62   1   3   0 0.66  0.0    0  9.0 17 250   M    M  10 13     23 130
26  71  57  64   3   1   0 0.05  0.0    0 11.8 28 220   M    M   8 1      37 220
27  58  46  52  -9  13   0 0.65  0.0    0  9.9 33  80   M    M   9 13     41  90
28  69  47  58  -4   7   0 0.03  0.0    0 14.5 38 280   M    M   5 3      46 270
29  72  46  59  -3   6   0 0.00  0.0    0  9.0 21 140   M    M   4        26 130
30  80  58  69   7   0   4 0.00  0.0    0 13.7 29 170   M    M   7        38 160
================================================================================
SM 2143 1487       170  41  7.88     0.0 329.5          M      200
================================================================================
AV 71.4 49.6                              11.0 FASTST   M    M   7    MAX(MPH)
                                 MISC ---->  # 41 270               # 52  340
================================================================================
NOTES:
# LAST OF SEVERAL OCCURRENCES

COLUMN 17 PEAK WIND IN M.P.H.

PRELIMINARY LOCAL CLIMATOLOGICAL DATA (WS FORM: F-6) , PAGE 2

                                          STATION:  ST. LOUIS MO
                                          MONTH:    APRIL
                                          YEAR:     2011
                                          LATITUDE:   38 45 N
                                          LONGITUDE:  90 23 W

[TEMPERATURE DATA]      [PRECIPITATION DATA]       SYMBOLS USED IN COLUMN 16

AVERAGE MONTHLY: 60.5   TOTAL FOR MONTH:   7.88    1 = FOG OR MIST
DPTR FM NORMAL:   3.2   DPTR FM NORMAL:    4.19    2 = FOG REDUCING VISIBILITY
HIGHEST:    90 ON 10, 3 GRTST 24HR  1.66 ON 19-19      TO 1/4 MILE OR LESS
LOWEST:     35 ON  5                               3 = THUNDER
                        SNOW, ICE PELLETS, HAIL    4 = ICE PELLETS
                        TOTAL MONTH:   0.0 INCH    5 = HAIL
                        GRTST 24HR     0.0         6 = FREEZING RAIN OR DRIZZLE
                        GRTST DEPTH:   0           7 = DUSTSTORM OR SANDSTORM:
                                                       VSBY 1/2 MILE OR LESS
                                                   8 = SMOKE OR HAZE
[NO. OF DAYS WITH]      [WEATHER - DAYS WITH]      9 = BLOWING SNOW
                                                   X = TORNADO
MAX 32 OR BELOW:   0    0.01 INCH OR MORE:  17
MAX 90 OR ABOVE:   2    0.10 INCH OR MORE:  11
MIN 32 OR BELOW:   0    0.50 INCH OR MORE:   8
MIN  0 OR BELOW:   0    1.00 INCH OR MORE:   2

[HDD (BASE 65) ]
TOTAL THIS MO.   170    CLEAR  (SCALE 0-3)   2
DPTR FM NORMAL  -100    PTCLDY (SCALE 4-7)  18
TOTAL FM JUL 1  4373    CLOUDY (SCALE 8-10) 10
DPTR FM NORMAL   -83

[CDD (BASE 65) ]
TOTAL THIS MO.    41
DPTR FM NORMAL     2    [PRESSURE DATA]
TOTAL FM JAN 1    58    HIGHEST SLP 30.37 ON 21
DPTR FM NORMAL    12    LOWEST  SLP 29.29 ON  3

[REMARKS]
#FINAL-04-11#
