000
CXUS53 KLSX 091518 CCA
CF6STL
PRELIMINARY LOCAL CLIMATOLOGICAL DATA (WS FORM: F-6)
STATION: ST. LOUIS
MONTH: NOVEMBER
YEAR: 2020
LATITUDE: 38 45 N
LONGITUDE: 90 23 W
TEMPERATURE IN F: :PCPN: SNOW: WIND :SUNSHINE: SKY :PK WND
================================================================================
1 2 3 4 5 6A 6B 7 8 9 10 11 12 13 14 15 16 17 18
12Z AVG MX 2MIN
DY MAX MIN AVG DEP HDD CDD WTR SNW DPTH SPD SPD DIR MIN PSBL S-S WX SPD DR
================================================================================
1 56 32 44 -9 21 0 0.00 0.0 0 11.8 25 310 M M 1 38 320
2 60 27 44 -9 21 0 0.00 0.0 0 6.1 14 210 M M 2 8 19 200
3 77 38 58 5 7 0 0.00 0.0 0 5.7 15 210 M M 0 21 210
4 80 55 68 16 0 3 0.00 0.0 0 9.6 20 210 M M 5 26 230
5 75 52 64 12 1 0 0.00 0.0 0 5.5 15 200 M M 4 21 210
6 76 49 63 12 2 0 0.00 0.0 0 5.9 14 150 M M 0 19 160
7 76 47 62 11 3 0 0.00 0.0 0 7.3 18 180 M M 1 24 160
8 76 57 67 16 0 2 0.00 0.0 0 9.3 18 160 M M 6 25 160
9 78 62 70 20 0 5 0.00 0.0 0 11.5 22 150 M M 5 29 160
10 76 44 60 10 5 0 0.23 0.0 0 15.0 39 250 M M 8 1 57 250
11 53 34 44 -5 21 0 0.00 0.0 0 4.3 16 310 M M 2 22 310
12 59 34 47 -2 18 0 0.00 0.0 0 7.7 17 120 M M 3 22 120
13 49 33 41 -7 24 0 0.00 0.0 0 7.3 21 320 M M 4 33 330
14 59 38 49 1 16 0 1.43 0.0 0 13.6 32 270 M M 10 13 43 280
15 59 40 50 3 15 0 T 0.0 0 17.5 35 280 M M 4 48 270
16 66 37 52 5 13 0 0.00 0.0 0 10.3 26 260 M M 1 37 250
17 49 36 43 -3 22 0 0.00 0.0 0 6.2 15 320 M M 2 20 330
18 58 36 47 1 18 0 0.00 0.0 0 14.4 22 160 M M 1 31 160
19 75 52 64 19 1 0 0.00 0.0 0 15.6 35 200 M M 3 48 210
20 71 50 61 16 4 0 0.10 0.0 0 10.2 20 210 M M 8 1 27 200
21 51 43 47 3 18 0 0.94 0.0 0 9.2 20 50 M M 10 1 29 40
22 50 42 46 2 19 0 0.16 0.0 0 9.2 17 360 M M 7 18 24 10
23 47 33 40 -3 25 0 0.03 0.0 0 5.6 13 110 M M 6 17 90
24 57 43 50 7 15 0 0.50 0.0 0 11.2 21 160 M M 10 1 29 160
25 56 46 51 9 14 0 0.44 0.0 0 11.6 30 120 M M 10 1 37 120
26 53 39 46 4 19 0 T 0.0 0 7.1 15 270 M M 8 20 270
27 54 33 44 3 21 0 0.00 0.0 0 6.9 16 310 M M 4 21 310
28 56 31 44 3 21 0 0.00 0.0 0 3.3 12 180 M M 1 18 220
29 54 36 45 5 20 0 0.01 0.0 0 8.6 25 330 M M 9 38 330
30 37 27 32 -8 33 0 T T 0 15.6 25 320 M M 8 35 330
================================================================================
SM 1843 1226 417 10 3.84 T 283.1 M 143
================================================================================
AV 61.4 40.9 9.4 FASTST M M 5 MAX(MPH)
MISC ----> 39 250 57 250
================================================================================
NOTES:
# LAST OF SEVERAL OCCURRENCES
COLUMN 17 PEAK WIND IN M.P.H.
PRELIMINARY LOCAL CLIMATOLOGICAL DATA (WS FORM: F-6) , PAGE 2
STATION: ST. LOUIS
MONTH: NOVEMBER
YEAR: 2020
LATITUDE: 38 45 N
LONGITUDE: 90 23 W
[TEMPERATURE DATA] [PRECIPITATION DATA] SYMBOLS USED IN COLUMN 16
AVERAGE MONTHLY: 51.1 TOTAL FOR MONTH: 3.84 1 = FOG OR MIST
DPTR FM NORMAL: 4.3 DPTR FM NORMAL: -0.07 2 = FOG REDUCING VISIBILITY
HIGHEST: 80 ON 4 GRTST 24HR 1.43 ON 14 TO 1/4 MILE OR LESS
LOWEST: 27 ON 30, 2 3 = THUNDER
SNOW, ICE PELLETS, HAIL 4 = ICE PELLETS
TOTAL MONTH: T 5 = HAIL
GRTST 24HR T ON 30 6 = FREEZING RAIN OR DRIZZLE
GRTST DEPTH: 0 7 = DUSTSTORM OR SANDSTORM:
VSBY 1/2 MILE OR LESS
8 = SMOKE OR HAZE
[NO. OF DAYS WITH] [WEATHER - DAYS WITH] 9 = BLOWING SNOW
X = TORNADO
MAX 32 OR BELOW: 0 0.01 INCH OR MORE: 9
MAX 90 OR ABOVE: 0 0.10 INCH OR MORE: 7
MIN 32 OR BELOW: 4 0.50 INCH OR MORE: 3
MIN 0 OR BELOW: 0 1.00 INCH OR MORE: 1
[HDD (BASE 65) ]
TOTAL THIS MO. 417 CLEAR (SCALE 0-3) 12
DPTR FM NORMAL -133 PTCLDY (SCALE 4-7) 9
TOTAL FM JUL 1 745 CLOUDY (SCALE 8-10) 9
DPTR FM NORMAL -80
[CDD (BASE 65) ]
TOTAL THIS MO. 10
DPTR FM NORMAL 6 [PRESSURE DATA]
TOTAL FM JAN 1 1764 HIGHEST SLP M ON M
DPTR FM NORMAL 118 LOWEST SLP 29.53 ON 15
[REMARKS]
#FINAL-11-20#