000
CXUS53 KLSX 022004 CCA
CF6STL

PRELIMINARY LOCAL CLIMATOLOGICAL DATA (WS FORM: F-6)

                                          STATION:   ST. LOUIS MO
                                          MONTH:     NOVEMBER
                                          YEAR:      2010
                                          LATITUDE:   38 45 N
                                          LONGITUDE:  90 23 W

  TEMPERATURE IN F:       :PCPN:    SNOW:  WIND      :SUNSHINE: SKY     :PK WND
================================================================================
1   2   3   4   5  6A  6B    7    8   9   10  11  12  13   14  15   16   17  18
                                     12Z  AVG MX 2MIN
DY MAX MIN AVG DEP HDD CDD  WTR  SNW DPTH SPD SPD DIR MIN PSBL S-S WX    SPD DR
================================================================================

 1  61  42  52   0  13   0 0.00  0.0    0 10.0 16  80   M    M   6        21  90
 2  58  41  50  -1  15   0 0.00  0.0    0  6.9 13  40   M    M   6        18  40
 3  67  34  51   0  14   0 0.00  0.0    0  5.1 16 310   M    M   2        23 310
 4  58  40  49  -1  16   0 0.03  0.0    0 13.8 23 360   M    M   3        28  20
 5  48  31  40 -10  25   0    T  0.0    0 10.4 21 320   M    M   2        29 330
 6  53  29  41  -8  24   0 0.00  0.0    0  3.8 12 150   M    M   2        17 150
 7  73  38  56   7   9   0 0.00  0.0    0  7.9 16 220   M    M   1        22 220
 8  75  38  57   9   8   0 0.00  0.0    0  5.7 16 170   M    M   1        21 170
 9  75  44  60  12   5   0 0.00  0.0    0  6.9 17 140   M    M   1        23 170
10  77  48  63  15   2   0 0.00  0.0    0  8.8 21 170   M    M   4        28 180
11  78  52  65  18   0   0 0.00  0.0    0  4.5 12 360   M    M   3        15  20
12  75  47  61  14   4   0 0.00  0.0    0  8.6 17 150   M    M   5        22 150
13  66  41  54   8  11   0 0.01  0.0    0 15.5 26 260   M    M   9        35 280
14  55  34  45  -1  20   0 0.00  0.0    0  7.3 17 220   M    M   4        21 210
15  59  40  50   5  15   0    T  0.0    0  6.5 14 140   M    M   7        17 150
16  54  38  46   1  19   0 0.00  0.0    0  3.4 12 310   M    M   8        14 310
17  57  35  46   1  19   0 0.14  0.0    0  5.4 15  20   M    M   6 1      20  10
18  45  38  42  -2  23   0 0.03  0.0    0  5.8 13 320   M    M   9 1      16 330
19  60  34  47   3  18   0 0.00  0.0    0  9.1 20 190   M    M   7        26 200
20  56  36  46   3  19   0 0.00  0.0    0  8.0 18 140   M    M   6 18     23 140
21  68  47  58  15   7   0 0.00  0.0    0 13.0 24 180   M    M   8        31 180
22  75  44  60  17   5   0 0.77  0.0    0 15.2 26 200   M    M   8 13     33 200
23  45  34  40  -2  25   0 0.00  0.0    0  7.3 16  90   M    M   2        20 310
24  58  36  47   5  18   0 3.08  0.0    0 13.7 24 290   M    M  10 13     36 290
25  57  27  42   1  23   0 0.78  0.2    0 10.6 23 330   M    M   9 14     29 330
26  46  25  36  -5  29   0 0.00  0.0    T  9.5 22 250   M    M   1        26 250
27  49  31  40   0  25   0 0.00  0.0    0  7.0 16 290   M    M   1        22 290
28  54  33  44   4  21   0 0.00  0.0    0 12.1 24 140   M    M   2        30 150
29  52  38  45   5  20   0 0.50  0.0    0 12.8 30 150   M    M   9 1      37 140
30  50  29  40   1  25   0    T    T    0 16.8 28 260   M    M  10        35 260
================================================================================
SM 1804 1124       477   0  5.34     0.2 271.4          M      152
================================================================================
AV 60.1 37.5                               9.0 FASTST   M    M   5    MAX(MPH)
                                 MISC ---->  # 30 150               # 37  140
================================================================================
NOTES:
# LAST OF SEVERAL OCCURRENCES

COLUMN 17 PEAK WIND IN M.P.H.

PRELIMINARY LOCAL CLIMATOLOGICAL DATA (WS FORM: F-6) , PAGE 2

                                          STATION:  ST. LOUIS MO
                                          MONTH:    NOVEMBER
                                          YEAR:     2010
                                          LATITUDE:   38 45 N
                                          LONGITUDE:  90 23 W

[TEMPERATURE DATA]      [PRECIPITATION DATA]       SYMBOLS USED IN COLUMN 16

AVERAGE MONTHLY: 48.8   TOTAL FOR MONTH:   5.34    1 = FOG OR MIST
DPTR FM NORMAL:   3.5   DPTR FM NORMAL:    1.63    2 = FOG REDUCING VISIBILITY
HIGHEST:    78 ON 11    GRTST 24HR  3.48 ON 24-25      TO 1/4 MILE OR LESS
LOWEST:     25 ON 26                               3 = THUNDER
                        SNOW, ICE PELLETS, HAIL    4 = ICE PELLETS
                        TOTAL MONTH:   0.2 INCH    5 = HAIL
                        GRTST 24HR   0.2 ON   M    6 = FREEZING RAIN OR DRIZZLE
                        GRTST DEPTH:   T           7 = DUSTSTORM OR SANDSTORM:
                                                       VSBY 1/2 MILE OR LESS
                                                   8 = SMOKE OR HAZE
[NO. OF DAYS WITH]      [WEATHER - DAYS WITH]      9 = BLOWING SNOW
                                                   X = TORNADO
MAX 32 OR BELOW:   0    0.01 INCH OR MORE:   8
MAX 90 OR ABOVE:   0    0.10 INCH OR MORE:   5
MIN 32 OR BELOW:   6    0.50 INCH OR MORE:   4
MIN  0 OR BELOW:   0    1.00 INCH OR MORE:   1

[HDD (BASE 65) ]
TOTAL THIS MO.   477    CLEAR  (SCALE 0-3)  12
DPTR FM NORMAL  -106    PTCLDY (SCALE 4-7)   9
TOTAL FM JUL 1   639    CLOUDY (SCALE 8-10)  9
DPTR FM NORMAL  -237

[CDD (BASE 65) ]
TOTAL THIS MO.     0
DPTR FM NORMAL    -3    [PRESSURE DATA]
TOTAL FM JAN 1  2083    HIGHEST SLP 30.43 ON  6
DPTR FM NORMAL   522    LOWEST  SLP 29.60 ON 24

[REMARKS]
#FINAL-11-10#
