000
CXUS53 KLSX 011628
CF6STL

PRELIMINARY LOCAL CLIMATOLOGICAL DATA (WS FORM: F-6)

                                          STATION:   ST. LOUIS MO
                                          MONTH:     AUGUST
                                          YEAR:      2010
                                          LATITUDE:   38 45 N
                                          LONGITUDE:  90 23 W

  TEMPERATURE IN F:       :PCPN:    SNOW:  WIND      :SUNSHINE: SKY     :PK WND
================================================================================
1   2   3   4   5  6A  6B    7    8   9   10  11  12  13   14  15   16   17  18
                                     12Z  AVG MX 2MIN
DY MAX MIN AVG DEP HDD CDD  WTR  SNW DPTH SPD SPD DIR MIN PSBL S-S WX    SPD DR
================================================================================

 1  88  72  80   0   0  15 0.00  0.0    0  4.5 12  70   M    M   3 18     14  30
 2  91  71  81   1   0  16 0.00  0.0    0  6.6 16 150   M    M   5 1      18 140
 3 102  82  92  12   0  27 0.00  0.0    0  7.6 20 360   M    M   3 8      25  10
 4 101  81  91  11   0  26 0.00  0.0    0  9.4 23 230   M    M   3        28 230
 5  91  75  83   3   0  18 0.39  0.0    0  6.5 14 350   M    M   7 138    21 360
 6  87  73  80   0   0  15 0.00  0.0    0  5.1 12  20   M    M   2        15  20
 7  90  69  80   0   0  15 0.00  0.0    0  5.9 13 110   M    M   1 8      16 190
 8  95  73  84   4   0  19 0.00  0.0    0  6.8 13 150   M    M   2 8      18 210
 9  99  80  90  10   0  25 0.00  0.0    0  4.6 12 310   M    M   6        18 210
10  98  81  90  11   0  25 0.04  0.0    0  3.5 16 270   M    M   6 3      20 220
11 100  79  90  11   0  25 0.00  0.0    0  5.6 16  10   M    M   4 8      22  10
12  99  81  90  11   0  25    T  0.0    0  3.9 22 260   M    M   4 3      25 260
13 100  77  89  10   0  24    T  0.0    0  8.5 20  40   M    M   3 13     23  40
14  97  73  85   6   0  20 1.64  0.0    0  6.5 31 320   M    M   7 13     41 320
15  91  73  82   3   0  17 0.00  0.0    0  7.4 18 330   M    M   6 1      22 320
16  87  68  78   0   0  13 0.00  0.0    0  4.6 12 340   M    M   4 8      17 320
17  85  69  77  -1   0  12    T  0.0    0  6.4 15  60   M    M   8        20  60
18  89  70  80   2   0  15    T  0.0    0  6.7 12 100   M    M   6        17 100
19  96  73  85   7   0  20 0.00  0.0    0  7.2 15 150   M    M   6        18 150
20  93  73  83   5   0  18 0.72  0.0    0  8.6 31 260   M    M   7 13     47 280
21  90  72  81   3   0  16 0.44  0.0    0  6.2 15 350   M    M   6 13     18 360
22  91  73  82   5   0  17 0.00  0.0    0  5.5 13  40   M    M   3 18     16  30
23  88  68  78   1   0  13 0.00  0.0    0  5.2 14  40   M    M   1        17  40
24  89  70  80   3   0  15 0.00  0.0    0  6.9 21 350   M    M   5        28 360
25  82  65  74  -3   0   9 0.00  0.0    0  8.0 17  10   M    M   3        25  20
26  82  62  72  -4   0   7 0.00  0.0    0  3.8 12 350   M    M   1        17 350
27  84  63  74  -2   0   9 0.00  0.0    0  5.2 13 110   M    M   0        16 110
28  91  62  77   1   0  12 0.00  0.0    0  7.1 17 160   M    M   0        21 160
29  92  76  84   8   0  19 0.00  0.0    0 12.3 23 140   M    M   2        30 140
30  86  73  80   5   0  15 0.39  0.0    0 10.8 18 180   M    M   7 18     23 190
31  91  75  83   8   0  18 0.00  0.0    0 11.5 18 160   M    M   5        24 160
================================================================================
SM 2845 2252         0 540  3.62     0.0 208.4          M      126
================================================================================
AV 91.8 72.6                               6.7 FASTST   M    M   4    MAX(MPH)
                                 MISC ---->  # 31 320               # 47  280
================================================================================
NOTES:
# LAST OF SEVERAL OCCURRENCES

COLUMN 17 PEAK WIND IN M.P.H.

PRELIMINARY LOCAL CLIMATOLOGICAL DATA (WS FORM: F-6) , PAGE 2

                                          STATION:  ST. LOUIS MO
                                          MONTH:    AUGUST
                                          YEAR:     2010
                                          LATITUDE:   38 45 N
                                          LONGITUDE:  90 23 W

[TEMPERATURE DATA]      [PRECIPITATION DATA]       SYMBOLS USED IN COLUMN 16

AVERAGE MONTHLY: 82.2   TOTAL FOR MONTH:   3.62    1 = FOG OR MIST
DPTR FM NORMAL:   4.0   DPTR FM NORMAL:    0.64    2 = FOG REDUCING VISIBILITY
HIGHEST:   102 ON  3    GRTST 24HR  1.64 ON 14-14      TO 1/4 MILE OR LESS
LOWEST:     62 ON 28,26                            3 = THUNDER
                        SNOW, ICE PELLETS, HAIL    4 = ICE PELLETS
                        TOTAL MONTH:   0.0 INCH    5 = HAIL
                        GRTST 24HR     0.0         6 = FREEZING RAIN OR DRIZZLE
                        GRTST DEPTH:   0           7 = DUSTSTORM OR SANDSTORM:
                                                       VSBY 1/2 MILE OR LESS
                                                   8 = SMOKE OR HAZE
[NO. OF DAYS WITH]      [WEATHER - DAYS WITH]      9 = BLOWING SNOW
                                                   X = TORNADO
MAX 32 OR BELOW:   0    0.01 INCH OR MORE:   6
MAX 90 OR ABOVE:  20    0.10 INCH OR MORE:   5
MIN 32 OR BELOW:   0    0.50 INCH OR MORE:   2
MIN  0 OR BELOW:   0    1.00 INCH OR MORE:   1

[HDD (BASE 65) ]
TOTAL THIS MO.     0    CLEAR  (SCALE 0-3)  12
DPTR FM NORMAL    -1    PTCLDY (SCALE 4-7)  19
TOTAL FM JUL 1     0    CLOUDY (SCALE 8-10)  0
DPTR FM NORMAL    -1

[CDD (BASE 65) ]
TOTAL THIS MO.   540
DPTR FM NORMAL   144    [PRESSURE DATA]
TOTAL FM JAN 1  1811    HIGHEST SLP 30.20 ON 26
DPTR FM NORMAL   485    LOWEST  SLP 29.67 ON 13

[REMARKS]
#FINAL-08-10#
