000
CXUS53 KLSX 132247
CF6STL

PRELIMINARY LOCAL CLIMATOLOGICAL DATA (WS FORM: F-6)

                                          STATION:   ST. LOUIS MO
                                          MONTH:     JUNE
                                          YEAR:      2010
                                          LATITUDE:   38 45 N
                                          LONGITUDE:  90 23 W

  TEMPERATURE IN F:       :PCPN:    SNOW:  WIND      :SUNSHINE: SKY     :PK WND
================================================================================
1   2   3   4   5  6A  6B    7    8   9   10  11  12  13   14  15   16   17  18
                                     12Z  AVG MX 2MIN
DY MAX MIN AVG DEP HDD CDD  WTR  SNW DPTH SPD SPD DIR MIN PSBL S-S WX    SPD DR
================================================================================

 1  90  69  80   8   0  15 0.00  0.0    0  5.0 14 190   M    M   5        18 180
 2  82  67  75   3   0  10 0.58  0.0    0  8.2 37 310   M    M   9 138    45 320
 3  85  68  77   5   0  12 0.05  0.0    0  2.8 17 250   M    M   6 3      22 270
 4  92  70  81   8   0  16 0.00  0.0    0  7.8 18 200   M    M   4        24 210
 5  90  78  84  11   0  19    T  0.0    0 11.4 22 200   M    M   9        29 220
 6  83  67  75   2   0  10 0.00  0.0    0 10.9 22 330   M    M   6        28 310
 7  83  67  75   1   0  10 0.00  0.0    0  5.7 13 120   M    M   7        14 120
 8  79  69  74   0   0   9 0.68  0.0    0  8.0 31 170   M    M   9 13     39 160
 9  86  69  78   4   0  13 0.03  0.0    0  5.1 13 260   M    M   7 3      15 250
10  92  65  79   5   0  14 0.00  0.0    0  7.9 18 140   M    M   7        23 190
11  86  76  81   6   0  16    T  0.0    0 11.3 25 210   M    M   9        33 200
12  94  73  84   9   0  19 0.26  0.0    0  9.8 24 190   M    M   7 13     31 320
13  95  72  84   9   0  19 0.34  0.0    0  4.7 32 210   M    M   6 13     48 230
14  90  74  82   7   0  17 0.25  0.0    0  5.9 25 240   M    M   7 3      30 230
15  88  72  80   4   0  15 0.38  0.0    0  5.7 22 280   M    M   6 138    30 280
16  89  70  80   4   0  15 0.00  0.0    0  3.1 10 310   M    M   3        14 310
17  87  72  80   4   0  15 0.41  0.0    0  8.4 18 290   M    M   6 13     24 290
18  95  75  85   9   0  20 0.00  0.0    0  8.8 21 190   M    M   4        26 180
19  93  69  81   4   0  16 0.07  0.0    0  6.4 35 290   M    M   6 3      41 290
20  96  73  85   8   0  20 0.00  0.0    0  2.9 12 340   M    M   4        14 340
21  95  78  87  10   0  22 0.00  0.0    0  8.1 17  40   M    M   6        23 230
22  94  76  85   8   0  20 0.01  0.0    0  9.9 23  40   M    M   6 3      26  40
23  96  80  88  11   0  23 0.00  0.0    0 10.7 21 210   M    M   4        28 220
24  86  72  79   1   0  14 0.03  0.0    0  6.9 14 350   M    M   6 3      20  10
25  92  69  81   3   0  16 0.00  0.0    0  5.9 15 170   M    M   3        18 160
26  96  79  88  10   0  23 0.00  0.0    0  8.1 16 260   M    M   3 8      20 220
27  96  74  85   7   0  20 0.95  0.0    0 11.0 44 330   M    M   6 138    52 330
28  89  73  81   3   0  16 0.00  0.0    0  8.1 17 310   M    M   7        23 310
29  83  67  75  -4   0  10 0.00  0.0    0  7.9 15  20   M    M   5        17  20
30  82  65  74  -5   0   9 0.00  0.0    0  5.1 13  70   M    M   1        23  60
================================================================================
SM 2684 2148         0 473  4.04     0.0 221.5          M      174
================================================================================
AV 89.5 71.6                               7.4 FASTST   M    M   6    MAX(MPH)
                                 MISC ---->  # 44 330               # 52  330
================================================================================
NOTES:
# LAST OF SEVERAL OCCURRENCES

COLUMN 17 PEAK WIND IN M.P.H.

PRELIMINARY LOCAL CLIMATOLOGICAL DATA (WS FORM: F-6) , PAGE 2

                                          STATION:  ST. LOUIS MO
                                          MONTH:    JUNE
                                          YEAR:     2010
                                          LATITUDE:   38 45 N
                                          LONGITUDE:  90 23 W

[TEMPERATURE DATA]      [PRECIPITATION DATA]       SYMBOLS USED IN COLUMN 16

AVERAGE MONTHLY: 80.6   TOTAL FOR MONTH:   4.04    1 = FOG OR MIST
DPTR FM NORMAL:   5.0   DPTR FM NORMAL:    0.28    2 = FOG REDUCING VISIBILITY
HIGHEST:    96 ON 27,26 GRTST 24HR  0.95 ON 26-27      TO 1/4 MILE OR LESS
LOWEST:     65 ON 30,10                            3 = THUNDER
                        SNOW, ICE PELLETS, HAIL    4 = ICE PELLETS
                        TOTAL MONTH:   0.0 INCH    5 = HAIL
                        GRTST 24HR     0.0         6 = FREEZING RAIN OR DRIZZLE
                        GRTST DEPTH:   0           7 = DUSTSTORM OR SANDSTORM:
                                                       VSBY 1/2 MILE OR LESS
                                                   8 = SMOKE OR HAZE
[NO. OF DAYS WITH]      [WEATHER - DAYS WITH]      9 = BLOWING SNOW
                                                   X = TORNADO
MAX 32 OR BELOW:   0    0.01 INCH OR MORE:  13
MAX 90 OR ABOVE:  16    0.10 INCH OR MORE:   8
MIN 32 OR BELOW:   0    0.50 INCH OR MORE:   3
MIN  0 OR BELOW:   0    1.00 INCH OR MORE:   0

[HDD (BASE 65) ]
TOTAL THIS MO.     0    CLEAR  (SCALE 0-3)   2
DPTR FM NORMAL    -6    PTCLDY (SCALE 4-7)  24
TOTAL FM JUL 1  4499    CLOUDY (SCALE 8-10)  4
DPTR FM NORMAL  -259

[CDD (BASE 65) ]
TOTAL THIS MO.   473
DPTR FM NORMAL   157    [PRESSURE DATA]
TOTAL FM JAN 1   720    HIGHEST SLP M ON M
DPTR FM NORMAL   251    LOWEST  SLP 29.54 ON 27

[REMARKS]
#FINAL-06-10#
