000
CXUS53 KLSX 012345 CCA
CF6STL

PRELIMINARY LOCAL CLIMATOLOGICAL DATA (WS FORM: F-6)

                                          STATION:   ST. LOUIS
                                          MONTH:     JUNE
                                          YEAR:      2017
                                          LATITUDE:   38 45 N
                                          LONGITUDE:  90 23 W

  TEMPERATURE IN F:       :PCPN:    SNOW:  WIND      :SUNSHINE: SKY     :PK WND
================================================================================
1   2   3   4   5  6A  6B    7    8   9   10  11  12  13   14  15   16   17  18
                                     12Z  AVG MX 2MIN
DY MAX MIN AVG DEP HDD CDD  WTR  SNW DPTH SPD SPD DIR MIN PSBL S-S WX    SPD DR
================================================================================

 1  84  62  73   1   0   8 0.00  0.0    0  3.9 10 190   M    M   7        14 190
 2  92  65  79   7   0  14 0.00  0.0    0  2.8  9 110   M    M   3        13 200
 3  92  71  82  10   0  17 0.00  0.0    0  3.9 13 210   M    M   7        17 210
 4  88  72  80   7   0  15 0.25  0.0    0  2.5 15 120   M    M   8 138     M  M
 5  92  70  81   8   0  16 0.00  0.0    0  5.7 18  40   M    M   6 18     26  20
 6  82  66  74   1   0   9 0.00  0.0    0 11.1 17 360   M    M   1        22 360
 7  82  59  71  -3   0   6 0.00  0.0    0  8.0 21 360   M    M   2        30 360
 8  83  57  70  -4   0   5 0.00  0.0    0  3.3 10 330   M    M   3        17 320
 9  88  65  77   3   0  12 0.00  0.0    0  8.3 20 270   M    M   1        25 280
10  89  70  80   5   0  15 0.00  0.0    0 12.8 23 200   M    M   2        30 190
11  93  71  82   7   0  17 0.00  0.0    0 12.9 23 170   M    M   1        32 210
12  95  76  86  11   0  21 0.00  0.0    0 10.3 18 200   M    M   2        24 210
13  96  80  88  12   0  23 0.00  0.0    0 10.4 20 200   M    M   3        25 210
14  93  67  80   4   0  15 0.63  0.0    0  9.1 60 260   M    M   6 3      71 250
15  90  68  79   3   0  14 0.29  0.0    0  7.6 17 150   M    M   4 13     21 140
16  92  74  83   7   0  18 0.00  0.0    0  9.2 17 180   M    M   8 3      24 220
17  90  72  81   4   0  16 0.21  0.0    0  8.8 16 210   M    M   8 3      21 210
18  84  71  78   1   0  13 1.06  0.0    0  9.0 37 290   M    M   7 138    48 290
19  88  67  78   1   0  13 0.00  0.0    0 10.0 23 280   M    M   3        28 280
20  92  66  79   2   0  14 0.00  0.0    0  8.7 21 250   M    M   3        28 210
21  97  76  87   9   0  22 0.00  0.0    0  8.1 20 190   M    M   5        24 210
22  87  76  82   4   0  17 0.00  0.0    0 10.9 18 160   M    M   8        25 150
23  88  70  79   1   0  14    T  0.0    0  9.9 26 350   M    M   7        32 340
24  81  64  73  -5   0   8 0.00  0.0    0  9.3 21 320   M    M   3        26 290
25  85  60  73  -6   0   8 0.00  0.0    0 10.6 24 280   M    M   2        32 280
26  81  58  70  -9   0   5    T  0.0    0  6.1 20 350   M    M   4        28 330
27  83  59  71  -8   0   6 0.00  0.0    0  6.1 15 150   M    M   2        22 110
28  90  69  80   1   0  15 0.00  0.0    0 13.2 23 200   M    M   7        33 210
29  93  74  84   5   0  19 0.02  0.0    0 10.6 24 230   M    M   8 3      31 220
30  87  70  79   0   0  14 0.26  0.0    0  8.1 18 210   M    M   6 1      25 210
================================================================================
SM 2657 2045         0 409  2.72     0.0 251.2          M      137
================================================================================
AV 88.6 68.2                               8.4 FASTST   M    M   5    MAX(MPH)
                                 MISC ---->  # 60 260               # 71  250
================================================================================
NOTES:
# LAST OF SEVERAL OCCURRENCES

COLUMN 17 PEAK WIND IN M.P.H.

PRELIMINARY LOCAL CLIMATOLOGICAL DATA (WS FORM: F-6) , PAGE 2

                                          STATION:  ST. LOUIS
                                          MONTH:    JUNE
                                          YEAR:     2017
                                          LATITUDE:   38 45 N
                                          LONGITUDE:  90 23 W

[TEMPERATURE DATA]      [PRECIPITATION DATA]       SYMBOLS USED IN COLUMN 16

AVERAGE MONTHLY: 78.4   TOTAL FOR MONTH:   2.72    1 = FOG OR MIST
DPTR FM NORMAL:   2.5   DPTR FM NORMAL:   -1.56    2 = FOG REDUCING VISIBILITY
HIGHEST:    97 ON 21    GRTST 24HR  1.06 ON 18         TO 1/4 MILE OR LESS
LOWEST:     57 ON  8                               3 = THUNDER
                        SNOW, ICE PELLETS, HAIL    4 = ICE PELLETS
                        TOTAL MONTH:   0.0 INCH    5 = HAIL
                        GRTST 24HR     0.0         6 = FREEZING RAIN OR DRIZZLE
                        GRTST DEPTH:   0           7 = DUSTSTORM OR SANDSTORM:
                                                       VSBY 1/2 MILE OR LESS
                                                   8 = SMOKE OR HAZE
[NO. OF DAYS WITH]      [WEATHER - DAYS WITH]      9 = BLOWING SNOW
                                                   X = TORNADO
MAX 32 OR BELOW:   0    0.01 INCH OR MORE:   7
MAX 90 OR ABOVE:  14    0.10 INCH OR MORE:   6
MIN 32 OR BELOW:   0    0.50 INCH OR MORE:   2
MIN  0 OR BELOW:   0    1.00 INCH OR MORE:   1

[HDD (BASE 65) ]
TOTAL THIS MO.     0    CLEAR  (SCALE 0-3)  14
DPTR FM NORMAL    -5    PTCLDY (SCALE 4-7)  11
TOTAL FM JUL 1  3397    CLOUDY (SCALE 8-10)  5
DPTR FM NORMAL -1138

[CDD (BASE 65) ]
TOTAL THIS MO.   409
DPTR FM NORMAL    75    [PRESSURE DATA]
TOTAL FM JAN 1   661    HIGHEST SLP 30.21 ON 25
DPTR FM NORMAL   153    LOWEST  SLP 29.60 ON 17

[REMARKS]
#FINAL-06-17#
