000
CXUS53 KLSX 012100 CCA
CF6STL

PRELIMINARY LOCAL CLIMATOLOGICAL DATA (WS FORM: F-6)

                                          STATION:   ST. LOUIS
                                          MONTH:     DECEMBER
                                          YEAR:      2015
                                          LATITUDE:   38 45 N
                                          LONGITUDE:  90 23 W

  TEMPERATURE IN F:       :PCPN:    SNOW:  WIND      :SUNSHINE: SKY     :PK WND
================================================================================
1   2   3   4   5  6A  6B    7    8   9   10  11  12  13   14  15   16   17  18
                                     12Z  AVG MX 2MIN
DY MAX MIN AVG DEP HDD CDD  WTR  SNW DPTH SPD SPD DIR MIN PSBL S-S WX    SPD DR
================================================================================

 1  53  36  45   6  20   0    T  0.0    0 10.7 22 280   M    M   3 1      26 270
 2  45  34  40   1  25   0 0.01    T    0 11.5 25 280   M    M   7        31 270
 3  49  32  41   2  24   0 0.00  0.0    0  3.6 12 340   M    M   4        14 330
 4  54  30  42   4  23   0 0.00  0.0    0  4.6 13 140   M    M   0 18     15 130
 5  54  29  42   4  23   0 0.00  0.0    0  8.1 15 130   M    M   3 128    17 130
 6  52  32  42   5  23   0    T  0.0    0  5.7 14 260   M    M   8 1      17 260
 7  50  38  44   7  21   0 0.00  0.0    0  4.9 14 150   M    M   8 18     18 150
 8  63  39  51  14  14   0 0.00  0.0    0  9.1 15 150   M    M   6        22 220
 9  61  45  53  17  12   0 0.00  0.0    0  7.2 16 270   M    M   5        18 190
10  70  41  56  20   9   0 0.00  0.0    0  7.8 22 210   M    M   5        28 210
11  63  34  49  13  16   0 0.00  0.0    0  6.1 16 160   M    M   6 128    21 150
12  72  53  63  28   2   0 0.00  0.0    0  8.8 17 160   M    M   8 18     23 150
13  68  58  63  28   2   0 0.74  0.0    0 14.7 35 250   M    M  10 1      43 250
14  58  45  52  17  13   0 0.38  0.0    0 16.2 31 240   M    M  10 1      39 240
15  49  44  47  13  18   0    T  0.0    0  9.3 17 120   M    M   8        21 130
16  60  36  48  14  17   0 0.14  0.0    0 12.9 26 260   M    M   5        32 260
17  38  32  35   1  30   0 0.00  0.0    0  9.4 20 280   M    M   7        25 270
18  42  29  36   2  29   0 0.00  0.0    0 12.3 25 250   M    M   2        30 250
19  47  26  37   3  28   0 0.00  0.0    0  6.8 14 160   M    M   1        18 130
20  57  42  50  17  15   0 0.01  0.0    0 14.4 22 170   M    M   9        31 180
21  67  44  56  23   9   0 0.26  0.0    0 12.6 23 220   M    M   7 138    30 170
22  54  41  48  15  17   0 0.00  0.0    0 10.4 21 160   M    M   8 18     28 140
23  64  44  54  21  11   0 1.02  0.0    0 14.9 32 270   M    M   7 13     44 280
24  52  35  44  11  21   0 0.00  0.0    0  5.3 16 120   M    M   7        18 120
25  52  38  45  12  20   0 0.00  0.0    0  9.1 15  80   M    M   6        21  70
26  54  44  49  17  16   0 4.87  0.0    0  9.9 29 280   M    M  10 13     36 280
27  47  38  43  11  22   0 1.72  0.0    0 15.6 28  60   M    M  10 13     36  60
28  48  37  43  11  22   0 2.59    T    0 16.1 32 230   M    M  10 1      41 220
29  37  32  35   3  30   0    T    T    0 10.4 25 260   M    M   9        32 270
30  35  31  33   1  32   0    T    T    0  5.9 13 310   M    M  10        16 310
31  34  29  32   0  33   0    T    T    0  7.9 17 290   M    M   8        22 280
================================================================================
SM 1649 1168       597   0 11.74    T    302.2          M      207
================================================================================
AV 53.2 37.7                               9.7 FASTST   M    M   7    MAX(MPH)
                                 MISC ---->  # 35 250               # 44  280
================================================================================
NOTES:
# LAST OF SEVERAL OCCURRENCES

COLUMN 17 PEAK WIND IN M.P.H.

PRELIMINARY LOCAL CLIMATOLOGICAL DATA (WS FORM: F-6) , PAGE 2

                                          STATION:  ST. LOUIS
                                          MONTH:    DECEMBER
                                          YEAR:     2015
                                          LATITUDE:   38 45 N
                                          LONGITUDE:  90 23 W

[TEMPERATURE DATA]      [PRECIPITATION DATA]       SYMBOLS USED IN COLUMN 16

AVERAGE MONTHLY: 45.4   TOTAL FOR MONTH:  11.74    1 = FOG OR MIST
DPTR FM NORMAL:  10.7   DPTR FM NORMAL:    8.90    2 = FOG REDUCING VISIBILITY
HIGHEST:    72 ON 12    GRTST 24HR  5.37 ON 26-27      TO 1/4 MILE OR LESS
LOWEST:     26 ON 19                               3 = THUNDER
                        SNOW, ICE PELLETS, HAIL    4 = ICE PELLETS
                        TOTAL MONTH:  T            5 = HAIL
                        GRTST 24HR    T  ON 31-31  6 = FREEZING RAIN OR DRIZZLE
                        GRTST DEPTH:  0            7 = DUSTSTORM OR SANDSTORM:
                                                       VSBY 1/2 MILE OR LESS
                                                   8 = SMOKE OR HAZE
[NO. OF DAYS WITH]      [WEATHER - DAYS WITH]      9 = BLOWING SNOW
                                                   X = TORNADO
MAX 32 OR BELOW:   0    0.01 INCH OR MORE:  10
MAX 90 OR ABOVE:   0    0.10 INCH OR MORE:   8
MIN 32 OR BELOW:  10    0.50 INCH OR MORE:   5
MIN  0 OR BELOW:   0    1.00 INCH OR MORE:   4

[HDD (BASE 65) ]
TOTAL THIS MO.   597    CLEAR  (SCALE 0-3)   5
DPTR FM NORMAL  -342    PTCLDY (SCALE 4-7)  12
TOTAL FM JUL 1  1159    CLOUDY (SCALE 8-10) 14
DPTR FM NORMAL  -606

[CDD (BASE 65) ]
TOTAL THIS MO.     0
DPTR FM NORMAL     0    [PRESSURE DATA]
TOTAL FM JAN 1  1873    HIGHEST SLP 30.64 ON  5
DPTR FM NORMAL   227    LOWEST  SLP 29.18 ON 23

[REMARKS]
#FINAL-12-15#
