000
CXUS53 KLSX 011708 CCA
CF6STL

PRELIMINARY LOCAL CLIMATOLOGICAL DATA (WS FORM: F-6)

                                          STATION:   ST. LOUIS
                                          MONTH:     JANUARY
                                          YEAR:      2014
                                          LATITUDE:   38 45 N
                                          LONGITUDE:  90 23 W

  TEMPERATURE IN F:       :PCPN:    SNOW:  WIND      :SUNSHINE: SKY     :PK WND
================================================================================
1   2   3   4   5  6A  6B    7    8   9   10  11  12  13   14  15   16   17  18
                                     12Z  AVG MX 2MIN
DY MAX MIN AVG DEP HDD CDD  WTR  SNW DPTH SPD SPD DIR MIN PSBL S-S WX    SPD DR
================================================================================

 1  48  24  36   4  29   0 0.11  0.8    0  6.6 17 350   M    M   7 1      21  10
 2  24   7  16 -16  49   0 0.09  2.5    3 13.2 23 320   M    M   6 1      28 320
 3  30   4  17 -15  48   0 0.00  0.0    2 10.2 23 170   M    M   3 18     32 180
 4  46  27  37   5  28   0    T  0.0    2 10.2 20 190   M    M   6 1      25 200
 5  35   2  19 -13  46   0 0.64 10.8    T 17.1 36 310   M    M   9 1249   46 330
 6   2  -8  -3 -35  68   0 0.00  0.0   10 14.3 29 310   M    M   1 89     38 310
 7  24  -4  10 -22  55   0 0.00  0.0   10  9.2 20 150   M    M   4        24 150
 8  28  20  24  -8  41   0 0.00  0.0    9  5.1 12  40   M    M   9        15  30
 9  34  20  27  -5  38   0 0.07  0.8    9  7.5 12 160   M    M  10 18     15 170
10  46  34  40   8  25   0 0.55  0.0    8 11.1 23 170   M    M  10 18     31 160
11  49  34  42  10  23   0 0.02  0.0    1 14.1 23 280   M    M   5 18     29 290
12  59  28  44  12  21   0 0.00  0.0    T 11.6 28 170   M    M   3 8      37 170
13  59  32  46  14  19   0 0.00  0.0    0  8.5 21 300   M    M   6        26 280
14  49  29  39   7  26   0 0.01    T    0 12.8 31 310   M    M   5        38 310
15  31  22  27  -5  38   0    T    T    0 10.2 20 290   M    M   5        25 320
16  47  25  36   4  29   0 0.03  0.3    T 13.8 29 290   M    M   8        40 290
17  25  15  20 -12  45   0    T    T    T 13.2 30 280   M    M   7        38 290
18  43  16  30  -2  35   0 0.06  0.1    0 12.0 25 320   M    M   8 18     35 320
19  53  23  38   6  27   0 0.00  0.0    0 13.1 22 250   M    M   3        29 240
20  50  33  42  10  23   0 0.00  0.0    0  7.4 20 250   M    M   6        24 260
21  40  12  26  -6  39   0 0.09  0.5    T 12.2 35 340   M    M   8 19     47 330
22  30  12  21 -11  44   0    T    T    T 12.3 24 320   M    M   8        35 280
23  14   2   8 -24  57   0    T    T    T 11.1 25 320   M    M   4        32 320
24  36   6  21 -11  44   0 0.00  0.0    T 13.6 26 220   M    M   5        37 200
25  43  22  33   1  32   0    T    T    T 13.8 37 310   M    M   7 4      47 310
26  60  25  43  11  22   0    T    T    0 14.9 40 310   M    M   7        53 310
27  25   7  16 -16  49   0 0.00  0.0    0 14.7 31 320   M    M   5        41 330
28  20   3  12 -20  53   0 0.00  0.0    0  5.2 14 270   M    M   3        18 280
29  35  12  24  -9  41   0 0.00  0.0    0 11.2 21 220   M    M   0        24 220
30  47  25  36   3  29   0 0.00  0.0    0 12.8 29 200   M    M   7        38 190
31  39  28  34   1  31   0    T  0.0    0  7.7 14 320   M    M  10 168    18 240
================================================================================
SM 1171  537      1154   0  1.67    15.8 350.7          M      185
================================================================================
AV 37.8 17.3                              11.3 FASTST   M    M   6    MAX(MPH)
                                 MISC ---->  # 40 310               # 53  310
================================================================================
NOTES:
# LAST OF SEVERAL OCCURRENCES

COLUMN 17 PEAK WIND IN M.P.H.

PRELIMINARY LOCAL CLIMATOLOGICAL DATA (WS FORM: F-6) , PAGE 2

                                          STATION:  ST. LOUIS
                                          MONTH:    JANUARY
                                          YEAR:     2014
                                          LATITUDE:   38 45 N
                                          LONGITUDE:  90 23 W

[TEMPERATURE DATA]      [PRECIPITATION DATA]       SYMBOLS USED IN COLUMN 16

AVERAGE MONTHLY: 27.6   TOTAL FOR MONTH:   1.67    1 = FOG OR MIST
DPTR FM NORMAL:  -4.2   DPTR FM NORMAL:   -0.73    2 = FOG REDUCING VISIBILITY
HIGHEST:    60 ON 26    GRTST 24HR  0.65 ON  5-5       TO 1/4 MILE OR LESS
LOWEST:     -8 ON  6                               3 = THUNDER
                        SNOW, ICE PELLETS, HAIL    4 = ICE PELLETS
                        TOTAL MONTH:  15.8 INCHES  5 = HAIL
                        GRTST 24HR  10.8 ON  5     6 = FREEZING RAIN OR DRIZZLE
                        GRTST DEPTH:  10 ON  7, 6  7 = DUSTSTORM OR SANDSTORM:
                                                       VSBY 1/2 MILE OR LESS
                                                   8 = SMOKE OR HAZE
[NO. OF DAYS WITH]      [WEATHER - DAYS WITH]      9 = BLOWING SNOW
                                                   X = TORNADO
MAX 32 OR BELOW:  11    0.01 INCH OR MORE:  10
MAX 90 OR ABOVE:   0    0.10 INCH OR MORE:   3
MIN 32 OR BELOW:  28    0.50 INCH OR MORE:   2
MIN  0 OR BELOW:   2    1.00 INCH OR MORE:   0

[HDD (BASE 65) ]
TOTAL THIS MO.  1154    CLEAR  (SCALE 0-3)   6
DPTR FM NORMAL   125    PTCLDY (SCALE 4-7)  16
TOTAL FM JUL 1  2994    CLOUDY (SCALE 8-10)  9
DPTR FM NORMAL   200

[CDD (BASE 65) ]
TOTAL THIS MO.     0
DPTR FM NORMAL     0    [PRESSURE DATA]
TOTAL FM JAN 1     0    HIGHEST SLP 30.81 ON 23
DPTR FM NORMAL     0    LOWEST  SLP 29.54 ON 11

[REMARKS]
#FINAL-01-14#
