000
CXUS53 KLSX 011726 CCA
CF6STL

PRELIMINARY LOCAL CLIMATOLOGICAL DATA (WS FORM: F-6)

                                          STATION:   ST. LOUIS
                                          MONTH:     NOVEMBER
                                          YEAR:      2013
                                          LATITUDE:   38 45 N
                                          LONGITUDE:  90 23 W

  TEMPERATURE IN F:       :PCPN:    SNOW:  WIND      :SUNSHINE: SKY     :PK WND
================================================================================
1   2   3   4   5  6A  6B    7    8   9   10  11  12  13   14  15   16   17  18
                                     12Z  AVG MX 2MIN
DY MAX MIN AVG DEP HDD CDD  WTR  SNW DPTH SPD SPD DIR MIN PSBL S-S WX    SPD DR
================================================================================

 1  65  48  57   4   8   0 0.00  0.0    0 11.4 26 280   M    M   4        32 280
 2  57  40  49  -4  16   0 0.00  0.0    0  8.1 20 320   M    M   5        26 330
 3  59  35  47  -6  18   0 0.00  0.0    0  6.9 18 130   M    M   3        22 130
 4  63  47  55   3  10   0 0.00  0.0    0 11.5 20 170   M    M   9        26 150
 5  61  53  57   5   8   0 0.21  0.0    0 10.3 21 180   M    M   9 1      32 180
 6  60  36  48  -3  17   0 0.23  0.0    0 11.0 29 290   M    M   8 1      36 290
 7  57  33  45  -6  20   0 0.00  0.0    0  5.9 17 270   M    M   1        22 270
 8  59  30  45  -6  20   0 0.00  0.0    0  9.5 22 180   M    M   4        29 180
 9  69  48  59   9   6   0 0.00  0.0    0 10.1 22 260   M    M   1        31 240
10  55  39  47  -3  18   0 0.00  0.0    0  4.8 14 360   M    M   2        17 360
11  66  33  50   1  15   0 0.06    T    0 11.1 26  10   M    M   9 1      33 360
12  37  24  31 -18  34   0    T    T    0  9.2 24  20   M    M   2 1      29  20
13  48  22  35 -13  30   0 0.00  0.0    0  6.3 13 170   M    M   3        16 190
14  60  31  46  -2  19   0 0.00  0.0    0  9.7 21 210   M    M   4        25 220
15  60  47  54   7  11   0    T  0.0    0  8.8 18 170   M    M   7        23 170
16  66  49  58  11   7   0 0.08  0.0    0 13.4 25 180   M    M   9        36 170
17  80  47  64  18   1   0    T  0.0    0 17.3 48 270   M    M   4        59 270
18  57  37  47   1  18   0 0.00  0.0    0  7.4 23 280   M    M   0        28 280
19  49  32  41  -4  24   0 0.00  0.0    0  5.5 12 120   M    M   6        15 130
20  51  33  42  -3  23   0 0.07  0.0    0 10.6 22 140   M    M   8 8      24 130
21  52  50  51   7  14   0 0.37  0.0    0  4.7 14 170   M    M   9 1      17 180
22  50  33  42  -2  23   0    T  0.0    0 11.5 20 330   M    M   9 12     24 320
23  34  19  27 -16  38   0 0.00  0.0    0 11.5 21 310   M    M   6        26 310
24  30  15  23 -20  42   0 0.00  0.0    0  5.2 12 160   M    M   5        16 160
25  38  28  33  -9  32   0    T    T    0  6.9 13 190   M    M  10        18 210
26  41  24  33  -9  32   0 0.00  0.0    0  9.8 25 330   M    M   7        33 320
27  30  18  24 -17  41   0 0.00  0.0    0  9.1 18 330   M    M   2        24 330
28  48  24  36  -5  29   0 0.00  0.0    0  8.9 21 250   M    M   1        26 250
29  46  22  34  -6  31   0 0.00  0.0    0  5.8 12 130   M    M   3        14 140
30  59  27  43   3  22   0 0.00  0.0    0  6.4 14 160   M    M   2 18     17 160
================================================================================
SM 1607 1024       627   0  1.02    T    268.6          M      152
================================================================================
AV 53.6 34.1                               9.0 FASTST   M    M   5    MAX(MPH)
                                 MISC ---->  # 48 270               # 59  270
================================================================================
NOTES:
# LAST OF SEVERAL OCCURRENCES

COLUMN 17 PEAK WIND IN M.P.H.

PRELIMINARY LOCAL CLIMATOLOGICAL DATA (WS FORM: F-6) , PAGE 2

                                          STATION:  ST. LOUIS
                                          MONTH:    NOVEMBER
                                          YEAR:     2013
                                          LATITUDE:   38 45 N
                                          LONGITUDE:  90 23 W

[TEMPERATURE DATA]      [PRECIPITATION DATA]       SYMBOLS USED IN COLUMN 16

AVERAGE MONTHLY: 43.9   TOTAL FOR MONTH:   1.02    1 = FOG OR MIST
DPTR FM NORMAL:  -2.9   DPTR FM NORMAL:   -2.89    2 = FOG REDUCING VISIBILITY
HIGHEST:    80 ON 17    GRTST 24HR  0.73 ON 31- 1      TO 1/4 MILE OR LESS
LOWEST:     15 ON 24                               3 = THUNDER
                        SNOW, ICE PELLETS, HAIL    4 = ICE PELLETS
                        TOTAL MONTH:    T          5 = HAIL
                        GRTST 24HR    T  ON 25-25  6 = FREEZING RAIN OR DRIZZLE
                        GRTST DEPTH:   0           7 = DUSTSTORM OR SANDSTORM:
                                                       VSBY 1/2 MILE OR LESS
                                                   8 = SMOKE OR HAZE
[NO. OF DAYS WITH]      [WEATHER - DAYS WITH]      9 = BLOWING SNOW
                                                   X = TORNADO
MAX 32 OR BELOW:   2    0.01 INCH OR MORE:   6
MAX 90 OR ABOVE:   0    0.10 INCH OR MORE:   3
MIN 32 OR BELOW:  13    0.50 INCH OR MORE:   0
MIN  0 OR BELOW:   0    1.00 INCH OR MORE:   0

[HDD (BASE 65) ]
TOTAL THIS MO.   627    CLEAR  (SCALE 0-3)  11
DPTR FM NORMAL    77    PTCLDY (SCALE 4-7)  10
TOTAL FM JUL 1   870    CLOUDY (SCALE 8-10)  9
DPTR FM NORMAL    44

[CDD (BASE 65) ]
TOTAL THIS MO.     0
DPTR FM NORMAL    -4    [PRESSURE DATA]
TOTAL FM JAN 1  1728    HIGHEST SLP M ON M
DPTR FM NORMAL    82    LOWEST  SLP 29.36 ON 17

[REMARKS]
#FINAL-11-13#
