000
CDUS43 KLSX 022235
CLISTL


CLIMATE REPORT
NATIONAL WEATHER SERVICE ST LOUIS MO
434 PM CST FRI DEC 2 2016


...................................

...THE ST. LOUIS CLIMATE SUMMARY FOR DECEMBER 2 2016...
VALID TODAY AS OF 0400 PM LOCAL TIME.

CLIMATE NORMAL PERIOD 1981 TO 2010
CLIMATE RECORD PERIOD 1874 TO 2016


WEATHER ITEM   OBSERVED TIME   RECORD YEAR NORMAL DEPARTURE LAST
                VALUE   (LST)  VALUE       VALUE  FROM      YEAR
                                                  NORMAL
..................................................................
TEMPERATURE (F)
 TODAY
  MAXIMUM         49    257 PM  75    2012  47      2       45
  MINIMUM         28    631 AM   4    1886  31     -3       34
  AVERAGE         39                        39      0       40

PRECIPITATION (IN)
  TODAY            0.00          1.73 1967   0.10  -0.10     0.01
  MONTH TO DATE    0.00                      0.21  -0.21     0.01
  SINCE DEC 1      0.00                      0.21  -0.21     0.01
  SINCE JAN 1     40.31                     38.33   1.98    49.51

SNOWFALL (IN)
  TODAY            0.0           1.7  1967   0.1   -0.1       T
  MONTH TO DATE    0.0                       0.2   -0.2       T
  SINCE DEC 1      0.0                       0.2   -0.2       T
  SINCE JUL 1      0.0                       0.9   -0.9       T
  SNOW DEPTH       0

DEGREE DAYS
 HEATING
  TODAY           26                        26      0       25
  MONTH TO DATE   52                        52      0       45
  SINCE DEC 1     52                        52      0       45
  SINCE JUL 1    543                       878   -335      607

 COOLING
  TODAY            0                         0      0        0
  MONTH TO DATE    0                         0      0        0
  SINCE DEC 1      0                         0      0        0
  SINCE JAN 1   2162                      1646    516     1873
..................................................................


WIND (MPH)
  HIGHEST WIND SPEED    13   HIGHEST WIND DIRECTION     W (280)
  HIGHEST GUST SPEED    16   HIGHEST GUST DIRECTION     W (280)
  AVERAGE WIND SPEED     4.2


SKY COVER
  AVERAGE SKY COVER 0.2



RELATIVE HUMIDITY (PERCENT)
 HIGHEST    78          1200 AM
 LOWEST     46           200 PM
 AVERAGE    62

..........................................................


THE ST. LOUIS CLIMATE NORMALS FOR TOMORROW
                         NORMAL    RECORD    YEAR
 MAXIMUM TEMPERATURE (F)   47        76      1970
 MINIMUM TEMPERATURE (F)   31         2      1886


SUNRISE AND SUNSET
DECEMBER  2 2016......SUNRISE   702 AM CST   SUNSET   440 PM CST
DECEMBER  3 2016......SUNRISE   703 AM CST   SUNSET   440 PM CST


-  INDICATES NEGATIVE NUMBERS.
R  INDICATES RECORD WAS SET OR TIED.
MM INDICATES DATA IS MISSING.
T  INDICATES TRACE AMOUNT.




$$
