000
CDUS43 KLSX 280742
CLISTL


CLIMATE REPORT
NATIONAL WEATHER SERVICE ST LOUIS MO
241 AM CDT TUE MAR 28 2017


...................................

...THE ST. LOUIS CLIMATE SUMMARY FOR MARCH 27 2017...

CLIMATE NORMAL PERIOD 1981 TO 2010
CLIMATE RECORD PERIOD 1874 TO 2017


WEATHER ITEM   OBSERVED TIME   RECORD YEAR NORMAL DEPARTURE LAST
                VALUE   (LST)  VALUE       VALUE  FROM      YEAR
                                                  NORMAL
..................................................................
TEMPERATURE (F)
 YESTERDAY
  MAXIMUM         58    648 PM  87    1910  60     -2       63
  MINIMUM         52    822 AM  15    1955  40     12       41
  AVERAGE         55                        50      5       52

PRECIPITATION (IN)
  YESTERDAY        0.33          2.31 1890   0.12   0.21     0.23
  MONTH TO DATE    2.96                      2.81   0.15     1.33
  SINCE MAR 1      2.96                      2.81   0.15     1.33
  SINCE JAN 1      5.25                      7.45  -2.20     2.93

SNOWFALL (IN)
  YESTERDAY        0.0           6.5  1947   0.1   -0.1      0.0
  MONTH TO DATE    1.8                       2.2   -0.4      0.3
  SINCE MAR 1      1.8                       2.2   -0.4      0.3
  SINCE JUL 1      3.2                      17.2  -14.0     10.9
  SNOW DEPTH       0

DEGREE DAYS
 HEATING
  YESTERDAY       10                        15     -5       13
  MONTH TO DATE  430                       530   -100      339
  SINCE MAR 1    430                       530   -100      339
  SINCE JUL 1   3163                      4128   -965     3169

 COOLING
  YESTERDAY        0                         0      0        0
  MONTH TO DATE    6                         0      6        8
  SINCE MAR 1      6                         0      6        8
  SINCE JAN 1      8                         0      8        8
..................................................................


WIND (MPH)
  HIGHEST WIND SPEED    12   HIGHEST WIND DIRECTION     N (340)
  HIGHEST GUST SPEED    14   HIGHEST GUST DIRECTION     N (350)
  AVERAGE WIND SPEED     6.0


SKY COVER
  AVERAGE SKY COVER 0.9


WEATHER CONDITIONS
 THE FOLLOWING WEATHER WAS RECORDED YESTERDAY.
  RAIN
  LIGHT RAIN
  FOG


RELATIVE HUMIDITY (PERCENT)
 HIGHEST    93          1000 AM
 LOWEST     80           400 PM
 AVERAGE    87

..........................................................


THE ST. LOUIS CLIMATE NORMALS FOR TODAY
                         NORMAL    RECORD    YEAR
 MAXIMUM TEMPERATURE (F)   61        89      1985
 MINIMUM TEMPERATURE (F)   41        21      1934


SUNRISE AND SUNSET
MARCH 28 2017.........SUNRISE   652 AM CDT   SUNSET   722 PM CDT
MARCH 29 2017.........SUNRISE   650 AM CDT   SUNSET   722 PM CDT


-  INDICATES NEGATIVE NUMBERS.
R  INDICATES RECORD WAS SET OR TIED.
MM INDICATES DATA IS MISSING.
T  INDICATES TRACE AMOUNT.




$$
