000
CDUS43 KLSX 272242
CLISTL


CLIMATE REPORT
NATIONAL WEATHER SERVICE ST LOUIS MO
542 PM CDT MON OCT 27 2014


...................................

...THE ST. LOUIS CLIMATE SUMMARY FOR OCTOBER 27 2014...
VALID TODAY AS OF 0500 PM LOCAL TIME.

CLIMATE NORMAL PERIOD 1981 TO 2010
CLIMATE RECORD PERIOD 1874 TO 2014


WEATHER ITEM   OBSERVED TIME   RECORD YEAR NORMAL DEPARTURE LAST
                VALUE   (LST)  VALUE       VALUE  FROM      YEAR
                                                  NORMAL
..................................................................
TEMPERATURE (F)
 TODAY
  MAXIMUM         84    116 PM  85    1950  65     19       61
                                      1927
  MINIMUM         63    221 AM  28    1957  46     17       33
  AVERAGE         74                        55     19       47

PRECIPITATION (IN)
  TODAY            0.00          1.77 1919   0.11  -0.11     0.00
  MONTH TO DATE    4.59                      2.90   1.69     1.46
  SINCE SEP 1      8.79                      6.03   2.76     4.20
  SINCE JAN 1     37.76                     33.78   3.98    38.81

SNOWFALL (IN)
  TODAY            0.0           T    1967   0.0    0.0      0.0
  MONTH TO DATE    0.0                       0.0    0.0      0.0
  SINCE SEP 1      0.0                       0.0    0.0      0.0
  SINCE JUL 1      0.0                       0.0    0.0      0.0
  SNOW DEPTH       0

DEGREE DAYS
 HEATING
  TODAY            0                        10    -10       18
  MONTH TO DATE  142                       189    -47      210
  SINCE SEP 1    181                       229    -48      213
  SINCE JUL 1    181                       230    -49      213

 COOLING
  TODAY            9                         1      8        0
  MONTH TO DATE   34                        41     -7       63
  SINCE SEP 1    227                       243    -16      342
  SINCE JAN 1   1732                      1642     90     1728
..................................................................


WIND (MPH)
  HIGHEST WIND SPEED    23   HIGHEST WIND DIRECTION     S (200)
  HIGHEST GUST SPEED    30   HIGHEST GUST DIRECTION     S (190)
  AVERAGE WIND SPEED    10.3


SKY COVER
  AVERAGE SKY COVER 0.7



RELATIVE HUMIDITY (PERCENT)
 HIGHEST    87           100 AM
 LOWEST     40           300 PM
 AVERAGE    64

..........................................................


THE ST. LOUIS CLIMATE NORMALS FOR TOMORROW
                         NORMAL    RECORD    YEAR
 MAXIMUM TEMPERATURE (F)   64        85      1927
 MINIMUM TEMPERATURE (F)   45        23      1976


SUNRISE AND SUNSET
OCTOBER 27 2014.......SUNRISE   723 AM CDT   SUNSET   607 PM CDT
OCTOBER 28 2014.......SUNRISE   724 AM CDT   SUNSET   606 PM CDT


-  INDICATES NEGATIVE NUMBERS.
R  INDICATES RECORD WAS SET OR TIED.
MM INDICATES DATA IS MISSING.
T  INDICATES TRACE AMOUNT.




$$
