000
CDUS43 KLSX 212129
CLISTL


CLIMATE REPORT
NATIONAL WEATHER SERVICE ST LOUIS MO
429 PM CDT MON APR 21 2014


...................................

...THE ST. LOUIS CLIMATE SUMMARY FOR APRIL 21 2014...
VALID TODAY AS OF 0400 PM LOCAL TIME.

CLIMATE NORMAL PERIOD 1981 TO 2010
CLIMATE RECORD PERIOD 1874 TO 2014


WEATHER ITEM   OBSERVED TIME   RECORD YEAR NORMAL DEPARTURE LAST
                VALUE   (LST)  VALUE       VALUE  FROM      YEAR
                                                  NORMAL
..................................................................
TEMPERATURE (F)
 TODAY
  MAXIMUM         76    156 PM  89    1965  69      7       63
                                      1902
  MINIMUM         61    446 AM  32    1904  49     12       43
  AVERAGE         69                        59     10       53

PRECIPITATION (IN)
  TODAY            T             1.75 1984   0.12  -0.12     0.00
  MONTH TO DATE    6.05                      2.53   3.52     4.52
  SINCE MAR 1      7.60                      5.85   1.75     9.47
  SINCE JAN 1     10.75                     10.49   0.26    15.86

SNOWFALL (IN)
  TODAY            0.0           T    1918   0.0    0.0      0.0
  MONTH TO DATE    T                         0.4   -0.4       T
  SINCE MAR 1      1.6                       2.7   -1.1     14.3
  SINCE JUL 1     28.8                      17.7   11.1     27.9
  SNOW DEPTH       0

DEGREE DAYS
 HEATING
  TODAY            0                         7     -7       12
  MONTH TO DATE  191                       217    -26      228
  SINCE MAR 1    881                       805     76      981
  SINCE JUL 1   4918                      4403    515     4298

 COOLING
  TODAY            4                         2      2        0
  MONTH TO DATE   20                        24     -4       24
  SINCE MAR 1     20                        31    -11       24
  SINCE JAN 1     20                        31    -11       24
..................................................................


WIND (MPH)
  HIGHEST WIND SPEED    15   HIGHEST WIND DIRECTION    SW (220)
  HIGHEST GUST SPEED    20   HIGHEST GUST DIRECTION    SW (220)
  AVERAGE WIND SPEED     4.5


SKY COVER
  AVERAGE SKY COVER 0.9



RELATIVE HUMIDITY (PERCENT)
 HIGHEST    66          1100 AM
 LOWEST     35          1200 AM
 AVERAGE    51

..........................................................


THE ST. LOUIS CLIMATE NORMALS FOR TOMORROW
                         NORMAL    RECORD    YEAR
 MAXIMUM TEMPERATURE (F)   70        91      1925
 MINIMUM TEMPERATURE (F)   50        31      1936


SUNRISE AND SUNSET
APRIL 21 2014.........SUNRISE   617 AM CDT   SUNSET   744 PM CDT
APRIL 22 2014.........SUNRISE   615 AM CDT   SUNSET   745 PM CDT


-  INDICATES NEGATIVE NUMBERS.
R  INDICATES RECORD WAS SET OR TIED.
MM INDICATES DATA IS MISSING.
T  INDICATES TRACE AMOUNT.




$$
