000
CDUS43 KLSX 310726
CLISTL


CLIMATE REPORT
NATIONAL WEATHER SERVICE ST LOUIS MO
225 AM CDT THU JUL 31 2014


...................................

...THE ST. LOUIS CLIMATE SUMMARY FOR JULY 30 2014...

CLIMATE NORMAL PERIOD 1981 TO 2010
CLIMATE RECORD PERIOD 1874 TO 2014


WEATHER ITEM   OBSERVED TIME   RECORD YEAR NORMAL DEPARTURE LAST
                VALUE   (LST)  VALUE       VALUE  FROM      YEAR
                                                  NORMAL
..................................................................
TEMPERATURE (F)
 YESTERDAY
  MAXIMUM         86    214 PM 104    1953  89     -3       77
  MINIMUM         64    522 AM  57    1971  71     -7       67
  AVERAGE         75                        80     -5       72

PRECIPITATION (IN)
  YESTERDAY        0.00          2.33 1998   0.13  -0.13     1.53
  MONTH TO DATE    1.59                      3.98  -2.39     3.35
  SINCE JUN 1      6.85                      8.26  -1.41     9.28
  SINCE JAN 1     23.91                     24.63  -0.72    33.42

SNOWFALL (IN)
  YESTERDAY        0.0           0.0  2013   0.0    0.0      0.0
  MONTH TO DATE    0.0                       0.0    0.0      0.0
  SINCE JUN 1      0.0                       0.0    0.0      0.0
  SINCE JUL 1      0.0                       0.0    0.0      0.0
  SNOW DEPTH       0

DEGREE DAYS
 HEATING
  YESTERDAY        0                         0      0        0
  MONTH TO DATE    0                         0      0        0
  SINCE JUN 1      0                         5     -5        1
  SINCE JUL 1      0                         0      0        0

 COOLING
  YESTERDAY       10                        15     -5        7
  MONTH TO DATE  351                       450    -99      395
  SINCE JUN 1    749                       784    -35      732
  SINCE JAN 1   1011                       958     53      943
..................................................................


WIND (MPH)
  HIGHEST WIND SPEED    12   HIGHEST WIND DIRECTION     N (360)
  HIGHEST GUST SPEED    15   HIGHEST GUST DIRECTION     N (340)
  AVERAGE WIND SPEED     2.9


SKY COVER
  AVERAGE SKY COVER 0.7


WEATHER CONDITIONS
 THE FOLLOWING WEATHER WAS RECORDED YESTERDAY.
  NO SIGNIFICANT WEATHER WAS OBSERVED.


RELATIVE HUMIDITY (PERCENT)
 HIGHEST    78           500 AM
 LOWEST     34          1200 PM
 AVERAGE    56

..........................................................


THE ST. LOUIS CLIMATE NORMALS FOR TODAY
                         NORMAL    RECORD    YEAR
 MAXIMUM TEMPERATURE (F)   89       103      2012
                                             1970
 MINIMUM TEMPERATURE (F)   71        53      1971


SUNRISE AND SUNSET
JULY 31 2014..........SUNRISE   602 AM CDT   SUNSET   813 PM CDT
AUGUST  1 2014........SUNRISE   603 AM CDT   SUNSET   812 PM CDT


-  INDICATES NEGATIVE NUMBERS.
R  INDICATES RECORD WAS SET OR TIED.
MM INDICATES DATA IS MISSING.
T  INDICATES TRACE AMOUNT.




$$
