000
CDUS43 KLSX 200734
CLISTL


CLIMATE REPORT
NATIONAL WEATHER SERVICE ST LOUIS MO
133 AM CST THU NOV 20 2014


...................................

...THE ST. LOUIS CLIMATE SUMMARY FOR NOVEMBER 19 2014...

CLIMATE NORMAL PERIOD 1981 TO 2010
CLIMATE RECORD PERIOD 1874 TO 2014


WEATHER ITEM   OBSERVED TIME   RECORD YEAR NORMAL DEPARTURE LAST
                VALUE   (LST)  VALUE       VALUE  FROM      YEAR
                                                  NORMAL
..................................................................
TEMPERATURE (F)
 YESTERDAY
  MAXIMUM         45    102 PM  80    1942  54     -9       49
  MINIMUM         25   1159 PM   8    1880  37    -12       32
  AVERAGE         35                        45    -10       41

PRECIPITATION (IN)
  YESTERDAY        0.00          1.66 1900   0.14  -0.14     0.00
  MONTH TO DATE    0.75                      2.45  -1.70     0.58
  SINCE SEP 1     10.03                      8.91   1.12     5.67
  SINCE JAN 1     39.00                     36.66   2.34    40.28

SNOWFALL (IN)
  YESTERDAY        0.0           5.2  1972   0.1   -0.1      0.0
  MONTH TO DATE    2.4                       0.3    2.1       T
  SINCE SEP 1      2.4                       0.3    2.1       T
  SINCE JUL 1      2.4                       0.3    2.1       T
  SNOW DEPTH       T

DEGREE DAYS
 HEATING
  YESTERDAY       30                        20     10       24
  MONTH TO DATE  465                       299    166      300
  SINCE SEP 1    701                       574    127      543
  SINCE JUL 1    701                       575    126      543

 COOLING
  YESTERDAY        0                         0      0        0
  MONTH TO DATE    0                         0      0        0
  SINCE SEP 1    227                       243    -16      342
  SINCE JAN 1   1732                      1642     90     1728
..................................................................


WIND (MPH)
  HIGHEST WIND SPEED    24   HIGHEST WIND DIRECTION    NW (310)
  HIGHEST GUST SPEED    32   HIGHEST GUST DIRECTION    NW (310)
  AVERAGE WIND SPEED    13.4


SKY COVER
  AVERAGE SKY COVER 0.5


WEATHER CONDITIONS
 THE FOLLOWING WEATHER WAS RECORDED YESTERDAY.
  NO SIGNIFICANT WEATHER WAS OBSERVED.


RELATIVE HUMIDITY (PERCENT)
 HIGHEST    63          1100 PM
 LOWEST     41           300 PM
 AVERAGE    52

..........................................................


THE ST. LOUIS CLIMATE NORMALS FOR TODAY
                         NORMAL    RECORD    YEAR
 MAXIMUM TEMPERATURE (F)   53        76      1942
 MINIMUM TEMPERATURE (F)   36        14      1914


SUNRISE AND SUNSET
NOVEMBER 20 2014......SUNRISE   649 AM CST   SUNSET   445 PM CST
NOVEMBER 21 2014......SUNRISE   650 AM CST   SUNSET   444 PM CST


-  INDICATES NEGATIVE NUMBERS.
R  INDICATES RECORD WAS SET OR TIED.
MM INDICATES DATA IS MISSING.
T  INDICATES TRACE AMOUNT.




$$
