902
CDUS43 KLSX 290804
CLISTL


CLIMATE REPORT
NATIONAL WEATHER SERVICE ST LOUIS MO
303 AM CDT SUN MAY 29 2016


...................................

...THE ST. LOUIS CLIMATE SUMMARY FOR MAY 28 2016...

CLIMATE NORMAL PERIOD 1981 TO 2010
CLIMATE RECORD PERIOD 1874 TO 2016


WEATHER ITEM   OBSERVED TIME   RECORD YEAR NORMAL DEPARTURE LAST
                VALUE   (LST)  VALUE       VALUE  FROM      YEAR
                                                  NORMAL
..................................................................
TEMPERATURE (F)
 YESTERDAY
  MAXIMUM         86    242 PM  94    2012  80      6       86
  MINIMUM         68    324 AM  42    1971  61      7       62
  AVERAGE         77                        70      7       74

PRECIPITATION (IN)
  YESTERDAY        0.00          1.95 1989   0.16  -0.16      T
  MONTH TO DATE    4.67                      4.22   0.45     3.00
  SINCE MAR 1     11.45                     11.23   0.22    11.42
  SINCE JAN 1     13.05                     15.87  -2.82    14.37

SNOWFALL (IN)
  YESTERDAY        0.0           0.0  2015   0.0    0.0      0.0
  MONTH TO DATE    0.0                       0.0    0.0      0.0
  SINCE MAR 1      0.3                       2.7   -2.4      0.6
  SINCE JUL 1     10.9                      17.7   -6.8     16.8
  SNOW DEPTH       0

DEGREE DAYS
 HEATING
  YESTERDAY        0                         1     -1        0
  MONTH TO DATE   83                        72     11       42
  SINCE MAR 1    654                       930   -276      772
  SINCE JUL 1   3484                      4528  -1044     4574

 COOLING
  YESTERDAY       12                         6      6        9
  MONTH TO DATE   95                       108    -13      183
  SINCE MAR 1    155                       154      1      208
  SINCE JAN 1    155                       154      1      208
..................................................................


WIND (MPH)
  HIGHEST WIND SPEED    20   HIGHEST WIND DIRECTION     S (180)
  HIGHEST GUST SPEED    26   HIGHEST GUST DIRECTION     S (170)
  AVERAGE WIND SPEED    11.6


SKY COVER
  AVERAGE SKY COVER 0.7


WEATHER CONDITIONS
 THE FOLLOWING WEATHER WAS RECORDED YESTERDAY.
  NO SIGNIFICANT WEATHER WAS OBSERVED.


RELATIVE HUMIDITY (PERCENT)
 HIGHEST    84          1200 AM
 LOWEST     51           100 PM
 AVERAGE    68

..........................................................


THE ST. LOUIS CLIMATE NORMALS FOR TODAY
                         NORMAL    RECORD    YEAR
 MAXIMUM TEMPERATURE (F)   80        94      1926
 MINIMUM TEMPERATURE (F)   61        41      1984


SUNRISE AND SUNSET
MAY 29 2016...........SUNRISE   540 AM CDT   SUNSET   819 PM CDT
MAY 30 2016...........SUNRISE   539 AM CDT   SUNSET   820 PM CDT


-  INDICATES NEGATIVE NUMBERS.
R  INDICATES RECORD WAS SET OR TIED.
MM INDICATES DATA IS MISSING.
T  INDICATES TRACE AMOUNT.




$$
