000
CDUS43 KLSX 010727
CLISTL


CLIMATE REPORT
NATIONAL WEATHER SERVICE ST LOUIS MO
126 AM CST THU DEC 1 2016


...................................

...THE ST. LOUIS CLIMATE SUMMARY FOR NOVEMBER 30 2016...

CLIMATE NORMAL PERIOD 1981 TO 2010
CLIMATE RECORD PERIOD 1874 TO 2016


WEATHER ITEM   OBSERVED TIME   RECORD YEAR NORMAL DEPARTURE LAST
                VALUE   (LST)  VALUE       VALUE  FROM      YEAR
                                                  NORMAL
..................................................................
TEMPERATURE (F)
 YESTERDAY
  MAXIMUM         46   1155 AM  72    2014  48     -2       48
  MINIMUM         34    437 AM   1    1964  32      2       40
  AVERAGE         40                        40      0       44

PRECIPITATION (IN)
  YESTERDAY        0.00          2.92 2006   0.13  -0.13     0.12
  MONTH TO DATE    3.73                      3.91  -0.18     6.48
  SINCE SEP 1     11.83                     10.37   1.46    10.57
  SINCE JAN 1     40.31                     38.12   2.19    49.50

SNOWFALL (IN)
  YESTERDAY        0.0           2.4  2008   0.1   -0.1      0.0
  MONTH TO DATE    0.0                       0.7   -0.7       T
  SINCE SEP 1      0.0                       0.7   -0.7       T
  SINCE JUL 1      0.0                       0.7   -0.7       T
  SNOW DEPTH       0

DEGREE DAYS
 HEATING
  YESTERDAY       25                        25      0       21
  MONTH TO DATE  400                       549   -149      393
  SINCE SEP 1    491                       825   -334      562
  SINCE JUL 1    491                       826   -335      562

 COOLING
  YESTERDAY        0                         0      0        0
  MONTH TO DATE   23                         4     19        1
  SINCE SEP 1    457                       247    210      366
  SINCE JAN 1   2162                      1646    516     1873
..................................................................


WIND (MPH)
  HIGHEST WIND SPEED    25   HIGHEST WIND DIRECTION     W (280)
  HIGHEST GUST SPEED    32   HIGHEST GUST DIRECTION     W (290)
  AVERAGE WIND SPEED    11.5


SKY COVER
  AVERAGE SKY COVER 0.6


WEATHER CONDITIONS
 THE FOLLOWING WEATHER WAS RECORDED YESTERDAY.
  NO SIGNIFICANT WEATHER WAS OBSERVED.


RELATIVE HUMIDITY (PERCENT)
 HIGHEST    75           600 AM
 LOWEST     49          1000 PM
 AVERAGE    62

..........................................................


THE ST. LOUIS CLIMATE NORMALS FOR TODAY
                         NORMAL    RECORD    YEAR
 MAXIMUM TEMPERATURE (F)   47        73      1970
 MINIMUM TEMPERATURE (F)   31         4      1876


SUNRISE AND SUNSET
DECEMBER  1 2016......SUNRISE   701 AM CST   SUNSET   440 PM CST
DECEMBER  2 2016......SUNRISE   702 AM CST   SUNSET   440 PM CST


-  INDICATES NEGATIVE NUMBERS.
R  INDICATES RECORD WAS SET OR TIED.
MM INDICATES DATA IS MISSING.
T  INDICATES TRACE AMOUNT.




$$
