000
CDUS43 KLSX 010731
CLISTL


CLIMATE REPORT
NATIONAL WEATHER SERVICE ST LOUIS MO
230 AM CDT MON SEP 1 2014


...................................

...THE ST. LOUIS CLIMATE SUMMARY FOR AUGUST 31 2014...

CLIMATE NORMAL PERIOD 1981 TO 2010
CLIMATE RECORD PERIOD 1874 TO 2014


WEATHER ITEM   OBSERVED TIME   RECORD YEAR NORMAL DEPARTURE LAST
                VALUE   (LST)  VALUE       VALUE  FROM      YEAR
                                                  NORMAL
..................................................................
TEMPERATURE (F)
 YESTERDAY
  MAXIMUM         93    305 PM 103    2013  86      7      103
                                      2011
  MINIMUM         73    549 AM  49    1967  67      6       79
  AVERAGE         83                        76      7       91

PRECIPITATION (IN)
  YESTERDAY        0.00          1.48 2012   0.10  -0.10     0.18
  MONTH TO DATE    5.06                      2.99   2.07     1.19
  SINCE JUN 1     11.91                     11.38   0.53    10.47
  SINCE JAN 1     28.97                     27.75   1.22    34.61

SNOWFALL (IN)
  YESTERDAY        0.0           0.0  2013   0.0    0.0      0.0
  MONTH TO DATE    0.0                       0.0    0.0      0.0
  SINCE JUN 1      0.0                       0.0    0.0      0.0
  SINCE JUL 1      0.0                       0.0    0.0      0.0
  SNOW DEPTH       0

DEGREE DAYS
 HEATING
  YESTERDAY        0                         0      0        0
  MONTH TO DATE    0                         0      0        0
  SINCE JUN 1      0                         6     -6        1
  SINCE JUL 1      0                         1     -1        0

 COOLING
  YESTERDAY       18                        11      7       26
  MONTH TO DATE  483                       424     59      432
  SINCE JUN 1   1243                      1225     18     1175
  SINCE JAN 1   1505                      1399    106     1386
..................................................................


WIND (MPH)
  HIGHEST WIND SPEED    17   HIGHEST WIND DIRECTION    SE (150)
  HIGHEST GUST SPEED    21   HIGHEST GUST DIRECTION     S (160)
  AVERAGE WIND SPEED     7.0


SKY COVER
  AVERAGE SKY COVER 0.5


WEATHER CONDITIONS
 THE FOLLOWING WEATHER WAS RECORDED YESTERDAY.
  NO SIGNIFICANT WEATHER WAS OBSERVED.


RELATIVE HUMIDITY (PERCENT)
 HIGHEST    93           300 AM
 LOWEST     47           200 PM
 AVERAGE    70

..........................................................


THE ST. LOUIS CLIMATE NORMALS FOR TODAY
                         NORMAL    RECORD    YEAR
 MAXIMUM TEMPERATURE (F)   86       104      2011
                                             1984
 MINIMUM TEMPERATURE (F)   67        49      1967
                                             1949


SUNRISE AND SUNSET
SEPTEMBER  1 2014.....SUNRISE   631 AM CDT   SUNSET   732 PM CDT
SEPTEMBER  2 2014.....SUNRISE   631 AM CDT   SUNSET   730 PM CDT


-  INDICATES NEGATIVE NUMBERS.
R  INDICATES RECORD WAS SET OR TIED.
MM INDICATES DATA IS MISSING.
T  INDICATES TRACE AMOUNT.




$$
