000
CDUS43 KLSX 020732
CLISTL


CLIMATE REPORT
NATIONAL WEATHER SERVICE ST LOUIS MO
231 AM CDT MON MAY 2 2016


...................................

...THE ST. LOUIS CLIMATE SUMMARY FOR MAY 1 2016...

CLIMATE NORMAL PERIOD 1981 TO 2010
CLIMATE RECORD PERIOD 1874 TO 2016


WEATHER ITEM   OBSERVED TIME   RECORD YEAR NORMAL DEPARTURE LAST
                VALUE   (LST)  VALUE       VALUE  FROM      YEAR
                                                  NORMAL
..................................................................
TEMPERATURE (F)
 YESTERDAY
  MAXIMUM         73        MM  90    1936  72      1       72
  MINIMUM         54        MM  34    1963  53      1       44
  AVERAGE         64                        62      2       58

PRECIPITATION (IN)
  YESTERDAY        0.00          1.43 1983   0.13  -0.13     0.00
                                      1898
  MONTH TO DATE    0.00                      0.13  -0.13     0.00
  SINCE MAR 1      6.78                      7.14  -0.36     8.42
  SINCE JAN 1      8.38                     11.78  -3.40    11.37

SNOWFALL (IN)
  YESTERDAY        0.0           T    1909   0.0    0.0      0.0
  MONTH TO DATE    0.0                       0.0    0.0      0.0
  SINCE MAR 1      0.3                       2.7   -2.4      0.6
  SINCE JUL 1     10.9                      17.7   -6.8     16.8
  SNOW DEPTH       0

DEGREE DAYS
 HEATING
  YESTERDAY        1                         5     -4        7
  MONTH TO DATE    1                         5     -4        7
  SINCE MAR 1    572                       863   -291      737
  SINCE JUL 1   3402                      4461  -1059     4539

 COOLING
  YESTERDAY        0                         2     -2        0
  MONTH TO DATE    0                         2     -2        0
  SINCE MAR 1     60                        48     12       25
  SINCE JAN 1     60                        48     12       25
..................................................................


WIND (MPH)
  HIGHEST WIND SPEED    21   HIGHEST WIND DIRECTION    NW (310)
  HIGHEST GUST SPEED    25   HIGHEST GUST DIRECTION    NW (310)
  AVERAGE WIND SPEED     7.1


SKY COVER
  AVERAGE SKY COVER 0.6


WEATHER CONDITIONS
 THE FOLLOWING WEATHER WAS RECORDED YESTERDAY.
  FOG


RELATIVE HUMIDITY (PERCENT)
 HIGHEST    87           400 AM
 LOWEST     45           600 PM
 AVERAGE    66

..........................................................


THE ST. LOUIS CLIMATE NORMALS FOR TODAY
                         NORMAL    RECORD    YEAR
 MAXIMUM TEMPERATURE (F)   73        91      1959
 MINIMUM TEMPERATURE (F)   53        32      1961
                                             1929


SUNRISE AND SUNSET
MAY  2 2016...........SUNRISE   602 AM CDT   SUNSET   755 PM CDT
MAY  3 2016...........SUNRISE   601 AM CDT   SUNSET   756 PM CDT


-  INDICATES NEGATIVE NUMBERS.
R  INDICATES RECORD WAS SET OR TIED.
MM INDICATES DATA IS MISSING.
T  INDICATES TRACE AMOUNT.




$$
