000
CDUS43 KLSX 242229
CLISTL


CLIMATE REPORT
NATIONAL WEATHER SERVICE ST LOUIS MO
527 PM CDT TUE MAR 24 2015


...................................

...THE ST. LOUIS CLIMATE SUMMARY FOR MARCH 24 2015...
VALID TODAY AS OF 0500 PM LOCAL TIME.

CLIMATE NORMAL PERIOD 1981 TO 2010
CLIMATE RECORD PERIOD 1874 TO 2015


WEATHER ITEM   OBSERVED TIME   RECORD YEAR NORMAL DEPARTURE LAST
                VALUE   (LST)  VALUE       VALUE  FROM      YEAR
                                                  NORMAL
..................................................................
TEMPERATURE (F)
 TODAY
  MAXIMUM         46    359 PM  92    1929  59    -13       40
  MINIMUM         34    726 AM   3    1974  39     -5       26
  AVERAGE         40                        49     -9       33

PRECIPITATION (IN)
  TODAY            0.20          3.59 1913   0.12   0.08      T
  MONTH TO DATE    2.00                      2.45  -0.45     1.35
  SINCE MAR 1      2.00                      2.45  -0.45     1.35
  SINCE JAN 1      4.95                      7.09  -2.14     4.50

SNOWFALL (IN)
  TODAY            0.0          12.4  2013   0.0    0.0       T
  MONTH TO DATE    0.6                       2.0   -1.4      1.5
  SINCE MAR 1      0.6                       2.0   -1.4      1.5
  SINCE JUL 1     16.8                      17.0   -0.2     28.7
  SNOW DEPTH       0

DEGREE DAYS
 HEATING
  TODAY           25                        16      9       32
  MONTH TO DATE  454                       484    -30      554
  SINCE MAR 1    454                       484    -30      554
  SINCE JUL 1   4256                      4082    174     4591

 COOLING
  TODAY            0                         0      0        0
  MONTH TO DATE    0                         0      0        0
  SINCE MAR 1      0                         0      0        0
  SINCE JAN 1      0                         0      0        0
..................................................................


WIND (MPH)
  HIGHEST WIND SPEED    23   HIGHEST WIND DIRECTION     E (110)
  HIGHEST GUST SPEED    26   HIGHEST GUST DIRECTION     E (110)
  AVERAGE WIND SPEED    12.8


SKY COVER
  AVERAGE SKY COVER 1.0



RELATIVE HUMIDITY (PERCENT)
 HIGHEST    89           900 AM
 LOWEST     70          1200 AM
 AVERAGE    80

..........................................................


THE ST. LOUIS CLIMATE NORMALS FOR TOMORROW
                         NORMAL    RECORD    YEAR
 MAXIMUM TEMPERATURE (F)   60        84      1907
 MINIMUM TEMPERATURE (F)   40        11      1955


SUNRISE AND SUNSET
MARCH 24 2015.........SUNRISE   659 AM CDT   SUNSET   717 PM CDT
MARCH 25 2015.........SUNRISE   658 AM CDT   SUNSET   718 PM CDT


-  INDICATES NEGATIVE NUMBERS.
R  INDICATES RECORD WAS SET OR TIED.
MM INDICATES DATA IS MISSING.
T  INDICATES TRACE AMOUNT.




$$
