000
CDUS43 KLSX 280733
CLISTL


CLIMATE REPORT
NATIONAL WEATHER SERVICE ST LOUIS MO
132 AM CST MON NOV 28 2016


...................................

...THE ST. LOUIS CLIMATE SUMMARY FOR NOVEMBER 27 2016...

CLIMATE NORMAL PERIOD 1981 TO 2010
CLIMATE RECORD PERIOD 1874 TO 2016


WEATHER ITEM   OBSERVED TIME   RECORD YEAR NORMAL DEPARTURE LAST
                VALUE   (LST)  VALUE       VALUE  FROM      YEAR
                                                  NORMAL
..................................................................
TEMPERATURE (F)
 YESTERDAY
  MAXIMUM         51    442 PM  76    1989  49      2       66
  MINIMUM         37    144 AM  12    1898  33      4       40
  AVERAGE         44                        41      3       53

PRECIPITATION (IN)
  YESTERDAY        0.11          1.94 1983   0.13  -0.02     1.24
  MONTH TO DATE    3.45                      3.52  -0.07     6.26
  SINCE SEP 1     11.55                      9.98   1.57    10.35
  SINCE JAN 1     40.03                     37.73   2.30    49.28

SNOWFALL (IN)
  YESTERDAY        0.0           5.7  1980   0.0    0.0      0.0
  MONTH TO DATE    0.0                       0.5   -0.5       T
  SINCE SEP 1      0.0                       0.5   -0.5       T
  SINCE JUL 1      0.0                       0.5   -0.5       T
  SNOW DEPTH       0

DEGREE DAYS
 HEATING
  YESTERDAY       21                        24     -3       12
  MONTH TO DATE  349                       475   -126      322
  SINCE SEP 1    440                       750   -310      491
  SINCE JUL 1    440                       751   -311      491

 COOLING
  YESTERDAY        0                         0      0        0
  MONTH TO DATE   23                         0     23        1
  SINCE SEP 1    457                       243    214      366
  SINCE JAN 1   2162                      1642    520     1873
..................................................................


WIND (MPH)
  HIGHEST WIND SPEED    24   HIGHEST WIND DIRECTION    SE (150)
  HIGHEST GUST SPEED    34   HIGHEST GUST DIRECTION    SE (150)
  AVERAGE WIND SPEED    11.5


SKY COVER
  AVERAGE SKY COVER 0.9


WEATHER CONDITIONS
 THE FOLLOWING WEATHER WAS RECORDED YESTERDAY.
  LIGHT RAIN
  FOG
  HAZE


RELATIVE HUMIDITY (PERCENT)
 HIGHEST    85           100 AM
 LOWEST     54           400 PM
 AVERAGE    70

..........................................................


THE ST. LOUIS CLIMATE NORMALS FOR TODAY
                         NORMAL    RECORD    YEAR
 MAXIMUM TEMPERATURE (F)   49        77      1905
 MINIMUM TEMPERATURE (F)   33        10      1887


SUNRISE AND SUNSET
NOVEMBER 28 2016......SUNRISE   658 AM CST   SUNSET   441 PM CST
NOVEMBER 29 2016......SUNRISE   659 AM CST   SUNSET   441 PM CST


-  INDICATES NEGATIVE NUMBERS.
R  INDICATES RECORD WAS SET OR TIED.
MM INDICATES DATA IS MISSING.
T  INDICATES TRACE AMOUNT.




$$
