000
CDUS43 KLSX 182227
CLISTL


CLIMATE REPORT
NATIONAL WEATHER SERVICE ST LOUIS MO
526 PM CDT MON JUL 18 2016


...................................

...THE ST. LOUIS CLIMATE SUMMARY FOR JULY 18 2016...
VALID TODAY AS OF 0500 PM LOCAL TIME.

CLIMATE NORMAL PERIOD 1981 TO 2010
CLIMATE RECORD PERIOD 1874 TO 2016


WEATHER ITEM   OBSERVED TIME   RECORD YEAR NORMAL DEPARTURE LAST
                VALUE   (LST)  VALUE       VALUE  FROM      YEAR
                                                  NORMAL
..................................................................
TEMPERATURE (F)
 TODAY
  MAXIMUM         95    351 PM 112    1954  89      6       94
  MINIMUM         80    457 AM  57    1976  71      9       84
  AVERAGE         88                        80      8       89

PRECIPITATION (IN)
  TODAY            T             1.62 1915   0.14  -0.14     0.00
  MONTH TO DATE    5.05                      2.44   2.61     2.88
  SINCE JUN 1      6.34                      6.72  -0.38    16.02
  SINCE JAN 1     19.39                     23.09  -3.70    31.01

SNOWFALL (IN)
  TODAY            0.0           0.0  2015   0.0    0.0      0.0
  MONTH TO DATE    0.0                       0.0    0.0      0.0
  SINCE JUN 1      0.0                       0.0    0.0      0.0
  SINCE JUL 1      0.0                       0.0    0.0      0.0
  SNOW DEPTH       0

DEGREE DAYS
 HEATING
  TODAY            0                         0      0        0
  MONTH TO DATE    0                         0      0        0
  SINCE JUN 1      0                         5     -5        3
  SINCE JUL 1      0                         0      0        0

 COOLING
  TODAY           23                        15      8       24
  MONTH TO DATE  273                       270      3      268
  SINCE JUN 1    768                       604    164      658
  SINCE JAN 1    962                       778    184      882
..................................................................


WIND (MPH)
  HIGHEST WIND SPEED    13   HIGHEST WIND DIRECTION     N (350)
  HIGHEST GUST SPEED    18   HIGHEST GUST DIRECTION     W (260)
  AVERAGE WIND SPEED     7.1


SKY COVER
  AVERAGE SKY COVER 0.6



RELATIVE HUMIDITY (PERCENT)
 HIGHEST    79           500 AM
 LOWEST     46           400 PM
 AVERAGE    63

..........................................................


THE ST. LOUIS CLIMATE NORMALS FOR TOMORROW
                         NORMAL    RECORD    YEAR
 MAXIMUM TEMPERATURE (F)   89       106      1934
 MINIMUM TEMPERATURE (F)   71        59      1984


SUNRISE AND SUNSET
JULY 18 2016..........SUNRISE   552 AM CDT   SUNSET   824 PM CDT
JULY 19 2016..........SUNRISE   552 AM CDT   SUNSET   823 PM CDT


-  INDICATES NEGATIVE NUMBERS.
R  INDICATES RECORD WAS SET OR TIED.
MM INDICATES DATA IS MISSING.
T  INDICATES TRACE AMOUNT.




$$
