000
CDUS43 KLSX 240732
CLISTL


CLIMATE REPORT
NATIONAL WEATHER SERVICE ST LOUIS MO
127 AM CST WED DEC 24 2014


...................................

...THE ST. LOUIS CLIMATE SUMMARY FOR DECEMBER 23 2014...

CLIMATE NORMAL PERIOD 1981 TO 2010
CLIMATE RECORD PERIOD 1874 TO 2014


WEATHER ITEM   OBSERVED TIME   RECORD YEAR NORMAL DEPARTURE LAST
                VALUE   (LST)  VALUE       VALUE  FROM      YEAR
                                                  NORMAL
..................................................................
TEMPERATURE (F)
 YESTERDAY
  MAXIMUM         51    310 PM  74    1933  41     10       27
  MINIMUM         39    723 PM -15    1989  25     14       12
  AVERAGE         45                        33     12       20

PRECIPITATION (IN)
  YESTERDAY        0.00          1.84 1921   0.09  -0.09      T
  MONTH TO DATE    2.48                      2.14   0.34     1.96
  SINCE DEC 1      2.48                      2.14   0.34     1.96
  SINCE JAN 1     43.19                     40.26   2.93    42.68

SNOWFALL (IN)
  YESTERDAY        0.0           3.5  1907   0.2   -0.2       T
  MONTH TO DATE    0.2                       3.0   -2.8      5.6
  SINCE DEC 1      0.2                       3.0   -2.8      5.6
  SINCE JUL 1      4.0                       3.7    0.3      5.6
  SNOW DEPTH       0

DEGREE DAYS
 HEATING
  YESTERDAY       20                        32    -12       45
  MONTH TO DATE  572                       676   -104      713
  SINCE DEC 1    572                       676   -104      713
  SINCE JUL 1   1529                      1502     27     1583

 COOLING
  YESTERDAY        0                         0      0        0
  MONTH TO DATE    0                         0      0        0
  SINCE DEC 1      0                         0      0        0
  SINCE JAN 1   1732                      1646     86     1728
..................................................................


WIND (MPH)
  HIGHEST WIND SPEED    17   HIGHEST WIND DIRECTION     W (260)
  HIGHEST GUST SPEED    24   HIGHEST GUST DIRECTION    SW (240)
  AVERAGE WIND SPEED     4.7


SKY COVER
  AVERAGE SKY COVER 0.7


WEATHER CONDITIONS
 THE FOLLOWING WEATHER WAS RECORDED YESTERDAY.
  NO SIGNIFICANT WEATHER WAS OBSERVED.


RELATIVE HUMIDITY (PERCENT)
 HIGHEST    89           500 AM
 LOWEST     63           200 PM
 AVERAGE    76

..........................................................


THE ST. LOUIS CLIMATE NORMALS FOR TODAY
                         NORMAL    RECORD    YEAR
 MAXIMUM TEMPERATURE (F)   40        73      1889
 MINIMUM TEMPERATURE (F)   25       -12      1983


SUNRISE AND SUNSET
DECEMBER 24 2014......SUNRISE   717 AM CST   SUNSET   445 PM CST
DECEMBER 25 2014......SUNRISE   718 AM CST   SUNSET   446 PM CST


-  INDICATES NEGATIVE NUMBERS.
R  INDICATES RECORD WAS SET OR TIED.
MM INDICATES DATA IS MISSING.
T  INDICATES TRACE AMOUNT.




$$
