000
CDUS43 KLSX 230745
CLISTL


CLIMATE REPORT
NATIONAL WEATHER SERVICE ST LOUIS MO
245 AM CDT MON MAY 23 2016


...................................

...THE ST. LOUIS CLIMATE SUMMARY FOR MAY 22 2016...

CLIMATE NORMAL PERIOD 1981 TO 2010
CLIMATE RECORD PERIOD 1874 TO 2016


WEATHER ITEM   OBSERVED TIME   RECORD YEAR NORMAL DEPARTURE LAST
                VALUE   (LST)  VALUE       VALUE  FROM      YEAR
                                                  NORMAL
..................................................................
TEMPERATURE (F)
 YESTERDAY
  MAXIMUM         84    331 PM  94    1925  78      6       76
  MINIMUM         55    445 AM  37    1883  59     -4       53
  AVERAGE         70                        68      2       65

PRECIPITATION (IN)
  YESTERDAY        0.00          1.31 2000   0.16  -0.16     0.00
  MONTH TO DATE    3.12                      3.27  -0.15     2.61
  SINCE MAR 1      9.90                     10.28  -0.38    11.03
  SINCE JAN 1     11.50                     14.92  -3.42    13.98

SNOWFALL (IN)
  YESTERDAY        0.0           0.0  2015   0.0    0.0      0.0
  MONTH TO DATE    0.0                       0.0    0.0      0.0
  SINCE MAR 1      0.3                       2.7   -2.4      0.6
  SINCE JUL 1     10.9                      17.7   -6.8     16.8
  SNOW DEPTH       0

DEGREE DAYS
 HEATING
  YESTERDAY        0                         2     -2        0
  MONTH TO DATE   83                        66     17       42
  SINCE MAR 1    654                       924   -270      772
  SINCE JUL 1   3484                      4522  -1038     4574

 COOLING
  YESTERDAY        5                         5      0        0
  MONTH TO DATE   35                        74    -39      122
  SINCE MAR 1     95                       120    -25      147
  SINCE JAN 1     95                       120    -25      147
..................................................................


WIND (MPH)
  HIGHEST WIND SPEED    10   HIGHEST WIND DIRECTION    NE (40)
  HIGHEST GUST SPEED    15   HIGHEST GUST DIRECTION    NW (330)
  AVERAGE WIND SPEED     4.0


SKY COVER
  AVERAGE SKY COVER 0.1


WEATHER CONDITIONS
 THE FOLLOWING WEATHER WAS RECORDED YESTERDAY.
  NO SIGNIFICANT WEATHER WAS OBSERVED.


RELATIVE HUMIDITY (PERCENT)
 HIGHEST    77           400 AM
 LOWEST     24           400 PM
 AVERAGE    51

..........................................................


THE ST. LOUIS CLIMATE NORMALS FOR TODAY
                         NORMAL    RECORD    YEAR
 MAXIMUM TEMPERATURE (F)   78        92      2010
                                             1950
 MINIMUM TEMPERATURE (F)   59        39      1931


SUNRISE AND SUNSET
MAY 23 2016...........SUNRISE   543 AM CDT   SUNSET   814 PM CDT
MAY 24 2016...........SUNRISE   542 AM CDT   SUNSET   815 PM CDT


-  INDICATES NEGATIVE NUMBERS.
R  INDICATES RECORD WAS SET OR TIED.
MM INDICATES DATA IS MISSING.
T  INDICATES TRACE AMOUNT.




$$
