000
CDUS43 KLSX 231204 CCA
CLISTL

CLIMATE REPORT
NATIONAL WEATHER SERVICE ST LOUIS MO
147 AM CST MON FEB 23 2015


...................................

...THE ST. LOUIS CLIMATE SUMMARY FOR FEBRUARY 22 2015...

CLIMATE NORMAL PERIOD 1981 TO 2010
CLIMATE RECORD PERIOD 1874 TO 2015


WEATHER ITEM   OBSERVED TIME   RECORD YEAR NORMAL DEPARTURE LAST
                VALUE   (LST)  VALUE       VALUE  FROM      YEAR
                                                  NORMAL
..................................................................
TEMPERATURE (F)
 YESTERDAY
  MAXIMUM         36   1213 AM  78    1995  47    -11       62
  MINIMUM         13   1159 PM   3    1963  30    -17       31
  AVERAGE         25                        38    -13       47

PRECIPITATION (IN)
  YESTERDAY        0.00          1.62 1975   0.08  -0.08     0.00
  MONTH TO DATE    1.38                      1.75  -0.37     1.48
  SINCE DEC 1      5.31                      6.99  -1.68     5.11
  SINCE JAN 1      2.59                      4.15  -1.56     3.15

SNOWFALL (IN)
  YESTERDAY        0.0           2.6  1919   0.2   -0.2      0.0
  MONTH TO DATE    7.3                       3.5    3.8      5.8
  SINCE DEC 1      7.8                      13.5   -5.7     27.2
  SINCE JUL 1     11.6                      14.2   -2.6     27.2
  SNOW DEPTH       2

DEGREE DAYS
 HEATING
  YESTERDAY       40                        27     13       18
  MONTH TO DATE  800                       652    148      821
  SINCE DEC 1   2582                      2620    -38     2945
  SINCE JUL 1   3539                      3446     93     3815

 COOLING
  YESTERDAY        0                         0      0        0
  MONTH TO DATE    0                         0      0        0
  SINCE DEC 1      0                         0      0        0
  SINCE JAN 1      0                         0      0        0
..................................................................


WIND (MPH)
  HIGHEST WIND SPEED    21   HIGHEST WIND DIRECTION     N (10)
  HIGHEST GUST SPEED    24   HIGHEST GUST DIRECTION     N (10)
  AVERAGE WIND SPEED    13.0


SKY COVER
  AVERAGE SKY COVER 1.0


WEATHER CONDITIONS
 THE FOLLOWING WEATHER WAS RECORDED YESTERDAY.
  NO SIGNIFICANT WEATHER WAS OBSERVED.


RELATIVE HUMIDITY (PERCENT)
 HIGHEST    75           200 AM
 LOWEST     45           700 PM
 AVERAGE    60

..........................................................


THE ST. LOUIS CLIMATE NORMALS FOR TODAY
                         NORMAL    RECORD    YEAR
 MAXIMUM TEMPERATURE (F)   48        77      1996
 MINIMUM TEMPERATURE (F)   30        -1      1910


SUNRISE AND SUNSET
FEBRUARY 23 2015......SUNRISE   642 AM CST   SUNSET   548 PM CST
FEBRUARY 24 2015......SUNRISE   641 AM CST   SUNSET   549 PM CST


-  INDICATES NEGATIVE NUMBERS.
R  INDICATES RECORD WAS SET OR TIED.
MM INDICATES DATA IS MISSING.
T  INDICATES TRACE AMOUNT.




$$
