584
CDUS43 KLSX 090745
CLISTL


CLIMATE REPORT
NATIONAL WEATHER SERVICE ST LOUIS MO
145 AM CST TUE FEB 9 2016


...................................

...THE ST. LOUIS CLIMATE SUMMARY FOR FEBRUARY 8 2016...

CLIMATE NORMAL PERIOD 1981 TO 2010
CLIMATE RECORD PERIOD 1874 TO 2016


WEATHER ITEM   OBSERVED TIME   RECORD YEAR NORMAL DEPARTURE LAST
                VALUE   (LST)  VALUE       VALUE  FROM      YEAR
                                                  NORMAL
..................................................................
TEMPERATURE (F)
 YESTERDAY
  MAXIMUM         40   1253 AM  70    1990  43     -3       68
  MINIMUM         23   1159 PM -12    1895  26     -3       41
  AVERAGE         32                        34     -2       55

PRECIPITATION (IN)
  YESTERDAY        T             1.32 1900   0.08  -0.08      T
  MONTH TO DATE    0.15                      0.62  -0.47     0.72
  SINCE DEC 1     12.69                      5.86   6.83     4.65
  SINCE JAN 1      0.95                      3.02  -2.07     1.93

SNOWFALL (IN)
  YESTERDAY        0.2           5.0  1982   0.1    0.1      0.0
  MONTH TO DATE    0.2                       1.3   -1.1      0.9
  SINCE DEC 1      3.5                      11.3   -7.8      1.4
  SINCE JUL 1      3.5                      12.0   -8.5      5.2
  SNOW DEPTH       0

DEGREE DAYS
 HEATING
  YESTERDAY       33                        31      2       10
  MONTH TO DATE  189                       251    -62      233
  SINCE DEC 1   1745                      2219   -474     2015
  SINCE JUL 1   2307                      3045   -738     2972

 COOLING
  YESTERDAY        0                         0      0        0
  MONTH TO DATE    0                         0      0        0
  SINCE DEC 1      0                         0      0        0
  SINCE JAN 1      0                         0      0        0
..................................................................


WIND (MPH)
  HIGHEST WIND SPEED    30   HIGHEST WIND DIRECTION     W (280)
  HIGHEST GUST SPEED    39   HIGHEST GUST DIRECTION     W (280)
  AVERAGE WIND SPEED    18.4


SKY COVER
  AVERAGE SKY COVER 0.9


WEATHER CONDITIONS
 THE FOLLOWING WEATHER WAS RECORDED YESTERDAY.
  LIGHT RAIN
  LIGHT SNOW


RELATIVE HUMIDITY (PERCENT)
 HIGHEST    75           900 AM
 LOWEST     47           600 AM
 AVERAGE    61

..........................................................


THE ST. LOUIS CLIMATE NORMALS FOR TODAY
                         NORMAL    RECORD    YEAR
 MAXIMUM TEMPERATURE (F)   43        75      1943
 MINIMUM TEMPERATURE (F)   26       -16      1899


SUNRISE AND SUNSET
FEBRUARY  9 2016......SUNRISE   700 AM CST   SUNSET   532 PM CST
FEBRUARY 10 2016......SUNRISE   659 AM CST   SUNSET   533 PM CST


-  INDICATES NEGATIVE NUMBERS.
R  INDICATES RECORD WAS SET OR TIED.
MM INDICATES DATA IS MISSING.
T  INDICATES TRACE AMOUNT.




$$
