000
CDUS43 KLSX 142128
CLISTL


CLIMATE REPORT
NATIONAL WEATHER SERVICE ST LOUIS MO
428 PM CDT SAT OCT 14 2017


...................................

...THE ST. LOUIS CLIMATE SUMMARY FOR OCTOBER 14 2017...
VALID TODAY AS OF 0400 PM LOCAL TIME.

CLIMATE NORMAL PERIOD 1981 TO 2010
CLIMATE RECORD PERIOD 1874 TO 2017


WEATHER ITEM   OBSERVED TIME   RECORD YEAR NORMAL DEPARTURE LAST
                VALUE   (LST)  VALUE       VALUE  FROM      YEAR
                                                  NORMAL
..................................................................
TEMPERATURE (F)
 TODAY
  MAXIMUM         89    252 PM  90    1899  69     20       70
  MINIMUM         66    652 AM  30    1937  50     16       50
  AVERAGE         78                        59     19       60

PRECIPITATION (IN)
  TODAY            0.00          1.10 1974   0.11  -0.11     0.00
  MONTH TO DATE    2.53                      1.50   1.03     0.06
  SINCE SEP 1      2.80                      4.63  -1.83     5.01
  SINCE JAN 1     33.10                     32.38   0.72    33.49

SNOWFALL (IN)
  TODAY            0.0           0.0  2015   0.0    0.0      0.0
  MONTH TO DATE    0.0                       0.0    0.0      0.0
  SINCE SEP 1      0.0                       0.0    0.0      0.0
  SINCE JUL 1      0.0                       0.0    0.0      0.0
  SNOW DEPTH       0

DEGREE DAYS
 HEATING
  TODAY            0                         7     -7        5
  MONTH TO DATE   19                        76    -57       26
  SINCE SEP 1     26                       116    -90       30
  SINCE JUL 1     26                       117    -91       30

 COOLING
  TODAY           13                         1     12        0
  MONTH TO DATE   86                        28     58       45
  SINCE SEP 1    348                       230    118      369
  SINCE JAN 1   1950                      1629    321     2074
..................................................................


WIND (MPH)
  HIGHEST WIND SPEED    20   HIGHEST WIND DIRECTION     S (200)
  HIGHEST GUST SPEED    26   HIGHEST GUST DIRECTION    SW (210)
  AVERAGE WIND SPEED    10.3


SKY COVER
  AVERAGE SKY COVER 0.4



RELATIVE HUMIDITY (PERCENT)
 HIGHEST    73           200 AM
 LOWEST     46           200 PM
 AVERAGE    60

..........................................................


THE ST. LOUIS CLIMATE NORMALS FOR TOMORROW
                         NORMAL    RECORD    YEAR
 MAXIMUM TEMPERATURE (F)   69        90      1897
 MINIMUM TEMPERATURE (F)   49        30      1937


SUNRISE AND SUNSET
OCTOBER 14 2017.......SUNRISE   710 AM CDT   SUNSET   624 PM CDT
OCTOBER 15 2017.......SUNRISE   711 AM CDT   SUNSET   623 PM CDT


-  INDICATES NEGATIVE NUMBERS.
R  INDICATES RECORD WAS SET OR TIED.
MM INDICATES DATA IS MISSING.
T  INDICATES TRACE AMOUNT.




$$
