000
CDUS43 KLSX 012257
CLISTL


CLIMATE REPORT
NATIONAL WEATHER SERVICE ST LOUIS MO
453 PM CST SUN MAR 1 2015


...................................

...THE ST. LOUIS CLIMATE SUMMARY FOR MARCH 1 2015...
VALID TODAY AS OF 0400 PM LOCAL TIME.

CLIMATE NORMAL PERIOD 1981 TO 2010
CLIMATE RECORD PERIOD 1874 TO 2015


WEATHER ITEM   OBSERVED TIME   RECORD YEAR NORMAL DEPARTURE LAST
                VALUE   (LST)  VALUE       VALUE  FROM      YEAR
                                                  NORMAL
..................................................................
TEMPERATURE (F)
 TODAY
  MAXIMUM         32    359 PM  79    1887  50    -18       43
  MINIMUM         25   1253 AM   5    1962  32     -7       24
  AVERAGE         29                        41    -12       34

PRECIPITATION (IN)
  TODAY            0.04          0.86 1895   0.08  -0.04      T
  MONTH TO DATE    0.04                      0.08  -0.04      T
  SINCE MAR 1      0.04                      0.08  -0.04      T
  SINCE JAN 1      2.99                      4.72  -1.73     3.15

SNOWFALL (IN)
  TODAY            0.6           6.8  1916   0.1    0.5      0.0
  MONTH TO DATE    0.6                       0.1    0.5      0.0
  SINCE MAR 1      0.6                       0.1    0.5      0.0
  SINCE JUL 1     16.8                      15.1    1.7     27.2
  SNOW DEPTH       5

DEGREE DAYS
 HEATING
  TODAY           36                        24     12       31
  MONTH TO DATE   36                        24     12       31
  SINCE MAR 1     36                        24     12       31
  SINCE JUL 1   3838                      3622    216     4068

 COOLING
  TODAY            0                         0      0        0
  MONTH TO DATE    0                         0      0        0
  SINCE MAR 1      0                         0      0        0
  SINCE JAN 1      0                         0      0        0
..................................................................


WIND (MPH)
  HIGHEST WIND SPEED    12   HIGHEST WIND DIRECTION    NW (330)
  HIGHEST GUST SPEED    14   HIGHEST GUST DIRECTION     N (340)
  AVERAGE WIND SPEED     3.2


SKY COVER
  AVERAGE SKY COVER 1.0



RELATIVE HUMIDITY (PERCENT)
 HIGHEST    92           600 AM
 LOWEST     78          1100 AM
 AVERAGE    85

..........................................................


THE ST. LOUIS CLIMATE NORMALS FOR TOMORROW
                         NORMAL    RECORD    YEAR
 MAXIMUM TEMPERATURE (F)   50        79      1992
                                             1976
 MINIMUM TEMPERATURE (F)   32         2      1980


SUNRISE AND SUNSET
MARCH  1 2015.........SUNRISE   634 AM CST   SUNSET   554 PM CST
MARCH  2 2015.........SUNRISE   633 AM CST   SUNSET   555 PM CST


-  INDICATES NEGATIVE NUMBERS.
R  INDICATES RECORD WAS SET OR TIED.
MM INDICATES DATA IS MISSING.
T  INDICATES TRACE AMOUNT.




$$
