200
CDUS43 KLSX 030745
CLISTL


CLIMATE REPORT
NATIONAL WEATHER SERVICE ST LOUIS MO
245 AM CDT TUE MAY 3 2016


...................................

...THE ST. LOUIS CLIMATE SUMMARY FOR MAY 2 2016...

CLIMATE NORMAL PERIOD 1981 TO 2010
CLIMATE RECORD PERIOD 1874 TO 2016


WEATHER ITEM   OBSERVED TIME   RECORD YEAR NORMAL DEPARTURE LAST
                VALUE   (LST)  VALUE       VALUE  FROM      YEAR
                                                  NORMAL
..................................................................
TEMPERATURE (F)
 YESTERDAY
  MAXIMUM         58    343 PM  91    1959  73    -15       80
  MINIMUM         52    552 AM  32    1961  53     -1       55
                                      1929
  AVERAGE         55                        63     -8       68

PRECIPITATION (IN)
  YESTERDAY        T             2.96 1929   0.14  -0.14     0.00
  MONTH TO DATE    T                         0.27  -0.27     0.00
  SINCE MAR 1      6.78                      7.28  -0.50     8.42
  SINCE JAN 1      8.38                     11.92  -3.54    11.37

SNOWFALL (IN)
  YESTERDAY        0.0           4.0  1929   0.0    0.0      0.0
  MONTH TO DATE    0.0                       0.0    0.0      0.0
  SINCE MAR 1      0.3                       2.7   -2.4      0.6
  SINCE JUL 1     10.9                      17.7   -6.8     16.8
  SNOW DEPTH       0

DEGREE DAYS
 HEATING
  YESTERDAY       10                         4      6        0
  MONTH TO DATE   11                         9      2        7
  SINCE MAR 1    582                       867   -285      737
  SINCE JUL 1   3412                      4465  -1053     4539

 COOLING
  YESTERDAY        0                         2     -2        3
  MONTH TO DATE    0                         4     -4        3
  SINCE MAR 1     60                        50     10       28
  SINCE JAN 1     60                        50     10       28
..................................................................


WIND (MPH)
  HIGHEST WIND SPEED    14   HIGHEST WIND DIRECTION    NW (330)
  HIGHEST GUST SPEED    21   HIGHEST GUST DIRECTION    NW (320)
  AVERAGE WIND SPEED     5.9


SKY COVER
  AVERAGE SKY COVER 0.9


WEATHER CONDITIONS
 THE FOLLOWING WEATHER WAS RECORDED YESTERDAY.
  LIGHT RAIN


RELATIVE HUMIDITY (PERCENT)
 HIGHEST    83          1200 AM
 LOWEST     67          1100 AM
 AVERAGE    75

..........................................................


THE ST. LOUIS CLIMATE NORMALS FOR TODAY
                         NORMAL    RECORD    YEAR
 MAXIMUM TEMPERATURE (F)   73        92      1949
 MINIMUM TEMPERATURE (F)   53        31      1976


SUNRISE AND SUNSET
MAY  3 2016...........SUNRISE   601 AM CDT   SUNSET   756 PM CDT
MAY  4 2016...........SUNRISE   600 AM CDT   SUNSET   757 PM CDT


-  INDICATES NEGATIVE NUMBERS.
R  INDICATES RECORD WAS SET OR TIED.
MM INDICATES DATA IS MISSING.
T  INDICATES TRACE AMOUNT.




$$
