000
CDUS43 KLSX 192131
CLISTL


CLIMATE REPORT
NATIONAL WEATHER SERVICE ST LOUIS MO
428 PM CDT TUE JUL 19 2016


...................................

...THE ST. LOUIS CLIMATE SUMMARY FOR JULY 19 2016...
VALID TODAY AS OF 0400 PM LOCAL TIME.

CLIMATE NORMAL PERIOD 1981 TO 2010
CLIMATE RECORD PERIOD 1874 TO 2016


WEATHER ITEM   OBSERVED TIME   RECORD YEAR NORMAL DEPARTURE LAST
                VALUE   (LST)  VALUE       VALUE  FROM      YEAR
                                                  NORMAL
..................................................................
TEMPERATURE (F)
 TODAY
  MAXIMUM         95    256 PM 106    1934  89      6       87
  MINIMUM         78    440 AM  59    1984  71      7       73
  AVERAGE         87                        80      7       80

PRECIPITATION (IN)
  TODAY            T             3.16 1958   0.13  -0.13     0.45
  MONTH TO DATE    5.05                      2.57   2.48     3.33
  SINCE JUN 1      6.34                      6.85  -0.51    16.47
  SINCE JAN 1     19.39                     23.22  -3.83    31.46

SNOWFALL (IN)
  TODAY            0.0           0.0  2015   0.0    0.0      0.0
  MONTH TO DATE    0.0                       0.0    0.0      0.0
  SINCE JUN 1      0.0                       0.0    0.0      0.0
  SINCE JUL 1      0.0                       0.0    0.0      0.0
  SNOW DEPTH       0

DEGREE DAYS
 HEATING
  TODAY            0                         0      0        0
  MONTH TO DATE    0                         0      0        0
  SINCE JUN 1      0                         5     -5        3
  SINCE JUL 1      0                         0      0        0

 COOLING
  TODAY           22                        15      7       15
  MONTH TO DATE  295                       285     10      283
  SINCE JUN 1    790                       619    171      673
  SINCE JAN 1    984                       793    191      897
..................................................................


WIND (MPH)
  HIGHEST WIND SPEED    15   HIGHEST WIND DIRECTION    SE (150)
  HIGHEST GUST SPEED    20   HIGHEST GUST DIRECTION    SE (130)
  AVERAGE WIND SPEED     3.8


SKY COVER
  AVERAGE SKY COVER 0.5



RELATIVE HUMIDITY (PERCENT)
 HIGHEST    85           400 AM
 LOWEST     42           300 PM
 AVERAGE    64

..........................................................


THE ST. LOUIS CLIMATE NORMALS FOR TOMORROW
                         NORMAL    RECORD    YEAR
 MAXIMUM TEMPERATURE (F)   89       110      1934
 MINIMUM TEMPERATURE (F)   71        58      1929


SUNRISE AND SUNSET
JULY 19 2016..........SUNRISE   552 AM CDT   SUNSET   823 PM CDT
JULY 20 2016..........SUNRISE   553 AM CDT   SUNSET   822 PM CDT


-  INDICATES NEGATIVE NUMBERS.
R  INDICATES RECORD WAS SET OR TIED.
MM INDICATES DATA IS MISSING.
T  INDICATES TRACE AMOUNT.




$$
