000
CDUS43 KLSX 192227
CLISTL


CLIMATE REPORT
NATIONAL WEATHER SERVICE ST LOUIS MO
526 PM CDT FRI SEP 19 2014


...................................

...THE ST. LOUIS CLIMATE SUMMARY FOR SEPTEMBER 19 2014...
VALID TODAY AS OF 0500 PM LOCAL TIME.

CLIMATE NORMAL PERIOD 1981 TO 2010
CLIMATE RECORD PERIOD 1874 TO 2014


WEATHER ITEM   OBSERVED TIME   RECORD YEAR NORMAL DEPARTURE LAST
                VALUE   (LST)  VALUE       VALUE  FROM      YEAR
                                                  NORMAL
..................................................................
TEMPERATURE (F)
 TODAY
  MAXIMUM         80    327 PM  96    1955  79      1       92
                                      1931
                                      1925
  MINIMUM         56    602 AM  42    1938  59     -3       75
  AVERAGE         68                        69     -1       84

PRECIPITATION (IN)
  TODAY            0.00          1.82 1954   0.10  -0.10      T
  MONTH TO DATE    4.20                      1.95   2.25     2.43
  SINCE SEP 1      4.20                      1.95   2.25     2.43
  SINCE JAN 1     33.17                     29.70   3.47    37.04

SNOWFALL (IN)
  TODAY            0.0           0.0  2013   0.0    0.0      0.0
  MONTH TO DATE    0.0                       0.0    0.0      0.0
  SINCE SEP 1      0.0                       0.0    0.0      0.0
  SINCE JUL 1      0.0                       0.0    0.0      0.0
  SNOW DEPTH       0

DEGREE DAYS
 HEATING
  TODAY            0                         2     -2        0
  MONTH TO DATE   36                         9     27        0
  SINCE SEP 1     36                         9     27        0
  SINCE JUL 1     36                        10     26        0

 COOLING
  TODAY            3                         6     -3       19
  MONTH TO DATE  126                       159    -33      228
  SINCE SEP 1    126                       159    -33      228
  SINCE JAN 1   1631                      1558     73     1614
..................................................................


WIND (MPH)
  HIGHEST WIND SPEED    MM   HIGHEST WIND DIRECTION    MM
  HIGHEST GUST SPEED    MM   HIGHEST GUST DIRECTION    MM
  AVERAGE WIND SPEED     6.0


SKY COVER
  AVERAGE SKY COVER 0.2



RELATIVE HUMIDITY (PERCENT)
 HIGHEST    86           300 AM
 LOWEST     48           200 PM
 AVERAGE    67

..........................................................


THE ST. LOUIS CLIMATE NORMALS FOR TOMORROW
                         NORMAL    RECORD    YEAR
 MAXIMUM TEMPERATURE (F)   78        96      1940
 MINIMUM TEMPERATURE (F)   59        40      1875


SUNRISE AND SUNSET
SEPTEMBER 19 2014.....SUNRISE   647 AM CDT   SUNSET   703 PM CDT
SEPTEMBER 20 2014.....SUNRISE   647 AM CDT   SUNSET   702 PM CDT


-  INDICATES NEGATIVE NUMBERS.
R  INDICATES RECORD WAS SET OR TIED.
MM INDICATES DATA IS MISSING.
T  INDICATES TRACE AMOUNT.




$$
