000
CDUS43 KLSX 230745
CLISTL


CLIMATE REPORT
NATIONAL WEATHER SERVICE ST LOUIS MO
245 AM CDT SAT AUG 23 2014


...................................

...THE ST. LOUIS CLIMATE SUMMARY FOR AUGUST 22 2014...

CLIMATE NORMAL PERIOD 1981 TO 2010
CLIMATE RECORD PERIOD 1874 TO 2014


WEATHER ITEM   OBSERVED TIME   RECORD YEAR NORMAL DEPARTURE LAST
                VALUE   (LST)  VALUE       VALUE  FROM      YEAR
                                                  NORMAL
..................................................................
TEMPERATURE (F)
 YESTERDAY
  MAXIMUM         95    250 PM 103    1936  88      7       92
  MINIMUM         79    540 AM  55    1950  69     10       76
  AVERAGE         87                        78      9       84

PRECIPITATION (IN)
  YESTERDAY        T             2.01 1983   0.09  -0.09     0.00
  MONTH TO DATE    4.46                      2.17   2.29     1.01
  SINCE JUN 1     11.31                     10.56   0.75    10.29
  SINCE JAN 1     28.37                     26.93   1.44    34.43

SNOWFALL (IN)
  YESTERDAY        0.0           0.0  2013   0.0    0.0      0.0
  MONTH TO DATE    0.0                       0.0    0.0      0.0
  SINCE JUN 1      0.0                       0.0    0.0      0.0
  SINCE JUL 1      0.0                       0.0    0.0      0.0
  SNOW DEPTH       0

DEGREE DAYS
 HEATING
  YESTERDAY        0                         0      0        0
  MONTH TO DATE    0                         0      0        0
  SINCE JUN 1      0                         5     -5        1
  SINCE JUL 1      0                         0      0        0

 COOLING
  YESTERDAY       22                        13      9       19
  MONTH TO DATE  295                       314    -19      243
  SINCE JUN 1   1055                      1115    -60      986
  SINCE JAN 1   1317                      1289     28     1197
..................................................................


WIND (MPH)
  HIGHEST WIND SPEED    17   HIGHEST WIND DIRECTION    SW (230)
  HIGHEST GUST SPEED    23   HIGHEST GUST DIRECTION    SW (220)
  AVERAGE WIND SPEED     7.8


SKY COVER
  AVERAGE SKY COVER 0.6


WEATHER CONDITIONS
 THE FOLLOWING WEATHER WAS RECORDED YESTERDAY.
  NO SIGNIFICANT WEATHER WAS OBSERVED.


RELATIVE HUMIDITY (PERCENT)
 HIGHEST    88          1100 PM
 LOWEST     52           100 PM
 AVERAGE    70

..........................................................


THE ST. LOUIS CLIMATE NORMALS FOR TODAY
                         NORMAL    RECORD    YEAR
 MAXIMUM TEMPERATURE (F)   87       102      1947
                                             1938
                                             1936
 MINIMUM TEMPERATURE (F)   69        54      1966


SUNRISE AND SUNSET
AUGUST 23 2014........SUNRISE   623 AM CDT   SUNSET   745 PM CDT
AUGUST 24 2014........SUNRISE   623 AM CDT   SUNSET   744 PM CDT


-  INDICATES NEGATIVE NUMBERS.
R  INDICATES RECORD WAS SET OR TIED.
MM INDICATES DATA IS MISSING.
T  INDICATES TRACE AMOUNT.




$$
