000
CDUS43 KLSX 222226
CLISTL


CLIMATE REPORT
NATIONAL WEATHER SERVICE ST LOUIS MO
525 PM CDT MON SEP 22 2014


...................................

...THE ST. LOUIS CLIMATE SUMMARY FOR SEPTEMBER 22 2014...
VALID TODAY AS OF 0500 PM LOCAL TIME.

CLIMATE NORMAL PERIOD 1981 TO 2010
CLIMATE RECORD PERIOD 1874 TO 2014


WEATHER ITEM   OBSERVED TIME   RECORD YEAR NORMAL DEPARTURE LAST
                VALUE   (LST)  VALUE       VALUE  FROM      YEAR
                                                  NORMAL
..................................................................
TEMPERATURE (F)
 TODAY
  MAXIMUM         75    358 PM  95    1956  78     -3       76
  MINIMUM         53    552 AM  40    1995  58     -5       51
                                      1974
  AVERAGE         64                        68     -4       64

PRECIPITATION (IN)
  TODAY            0.00          1.77 1993   0.11  -0.11     0.00
  MONTH TO DATE    4.20                      2.27   1.93     2.73
  SINCE SEP 1      4.20                      2.27   1.93     2.73
  SINCE JAN 1     33.17                     30.02   3.15    37.34

SNOWFALL (IN)
  TODAY            0.0           0.0  2013   0.0    0.0      0.0
  MONTH TO DATE    0.0                       0.0    0.0      0.0
  SINCE SEP 1      0.0                       0.0    0.0      0.0
  SINCE JUL 1      0.0                       0.0    0.0      0.0
  SNOW DEPTH       0

DEGREE DAYS
 HEATING
  TODAY            1                         2     -1        1
  MONTH TO DATE   37                        15     22        3
  SINCE SEP 1     37                        15     22        3
  SINCE JUL 1     37                        16     21        3

 COOLING
  TODAY            0                         5     -5        0
  MONTH TO DATE  140                       174    -34      231
  SINCE SEP 1    140                       174    -34      231
  SINCE JAN 1   1645                      1573     72     1617
..................................................................


WIND (MPH)
  HIGHEST WIND SPEED     9   HIGHEST WIND DIRECTION     N (350)
  HIGHEST GUST SPEED    15   HIGHEST GUST DIRECTION     N (350)
  AVERAGE WIND SPEED     2.9


SKY COVER
  AVERAGE SKY COVER 0.0



RELATIVE HUMIDITY (PERCENT)
 HIGHEST    83           100 AM
 LOWEST     36           400 PM
 AVERAGE    60

..........................................................


THE ST. LOUIS CLIMATE NORMALS FOR TOMORROW
                         NORMAL    RECORD    YEAR
 MAXIMUM TEMPERATURE (F)   77        94      1891
                                             1881
 MINIMUM TEMPERATURE (F)   57        36      1974


SUNRISE AND SUNSET
SEPTEMBER 22 2014.....SUNRISE   649 AM CDT   SUNSET   658 PM CDT
SEPTEMBER 23 2014.....SUNRISE   650 AM CDT   SUNSET   657 PM CDT


-  INDICATES NEGATIVE NUMBERS.
R  INDICATES RECORD WAS SET OR TIED.
MM INDICATES DATA IS MISSING.
T  INDICATES TRACE AMOUNT.




$$
