560
CDUS43 KLSX 040727
CLISTL


CLIMATE REPORT
NATIONAL WEATHER SERVICE ST LOUIS MO
226 AM CDT WED MAY 4 2016


...................................

...THE ST. LOUIS CLIMATE SUMMARY FOR MAY 3 2016...

CLIMATE NORMAL PERIOD 1981 TO 2010
CLIMATE RECORD PERIOD 1874 TO 2016


WEATHER ITEM   OBSERVED TIME   RECORD YEAR NORMAL DEPARTURE LAST
                VALUE   (LST)  VALUE       VALUE  FROM      YEAR
                                                  NORMAL
..................................................................
TEMPERATURE (F)
 YESTERDAY
  MAXIMUM         66    132 PM  92    1949  73     -7       85
  MINIMUM         52    546 AM  31    1976  53     -1       64
  AVERAGE         59                        63     -4       75

PRECIPITATION (IN)
  YESTERDAY        0.00          1.99 2013   0.15  -0.15      T
  MONTH TO DATE    T                         0.42  -0.42      T
  SINCE MAR 1      6.78                      7.43  -0.65     8.42
  SINCE JAN 1      8.38                     12.07  -3.69    11.37

SNOWFALL (IN)
  YESTERDAY        0.0           0.0  2015   0.0    0.0      0.0
  MONTH TO DATE    0.0                       0.0    0.0      0.0
  SINCE MAR 1      0.3                       2.7   -2.4      0.6
  SINCE JUL 1     10.9                      17.7   -6.8     16.8
  SNOW DEPTH       0

DEGREE DAYS
 HEATING
  YESTERDAY        6                         4      2        0
  MONTH TO DATE   17                        13      4        7
  SINCE MAR 1    588                       871   -283      737
  SINCE JUL 1   3418                      4469  -1051     4539

 COOLING
  YESTERDAY        0                         2     -2       10
  MONTH TO DATE    0                         6     -6       13
  SINCE MAR 1     60                        52      8       38
  SINCE JAN 1     60                        52      8       38
..................................................................


WIND (MPH)
  HIGHEST WIND SPEED    14   HIGHEST WIND DIRECTION    SW (220)
  HIGHEST GUST SPEED    20   HIGHEST GUST DIRECTION    SW (220)
  AVERAGE WIND SPEED     7.3


SKY COVER
  AVERAGE SKY COVER 0.7


WEATHER CONDITIONS
 THE FOLLOWING WEATHER WAS RECORDED YESTERDAY.
  FOG
  HAZE


RELATIVE HUMIDITY (PERCENT)
 HIGHEST    89           400 AM
 LOWEST     40           100 PM
 AVERAGE    65

..........................................................


THE ST. LOUIS CLIMATE NORMALS FOR TODAY
                         NORMAL    RECORD    YEAR
 MAXIMUM TEMPERATURE (F)   73        92      1952
 MINIMUM TEMPERATURE (F)   54        33      1954


SUNRISE AND SUNSET
MAY  4 2016...........SUNRISE   600 AM CDT   SUNSET   757 PM CDT
MAY  5 2016...........SUNRISE   559 AM CDT   SUNSET   758 PM CDT


-  INDICATES NEGATIVE NUMBERS.
R  INDICATES RECORD WAS SET OR TIED.
MM INDICATES DATA IS MISSING.
T  INDICATES TRACE AMOUNT.




$$
