000
CDUS43 KLSX 290731
CLISTL


CLIMATE REPORT
NATIONAL WEATHER SERVICE ST LOUIS MO
130 AM CST THU JAN 29 2015


...................................

...THE ST. LOUIS CLIMATE SUMMARY FOR JANUARY 28 2015...

CLIMATE NORMAL PERIOD 1981 TO 2010
CLIMATE RECORD PERIOD 1874 TO 2015


WEATHER ITEM   OBSERVED TIME   RECORD YEAR NORMAL DEPARTURE LAST
                VALUE   (LST)  VALUE       VALUE  FROM      YEAR
                                                  NORMAL
..................................................................
TEMPERATURE (F)
 YESTERDAY
  MAXIMUM         52   1159 PM  76    1970  41     11       20
  MINIMUM         28    138 AM -11    1936  24      4        3
  AVERAGE         40                        32      8       12

PRECIPITATION (IN)
  YESTERDAY        0.00          1.54 1876   0.07  -0.07     0.00
  MONTH TO DATE    1.21                      2.18  -0.97     1.67
  SINCE DEC 1      3.93                      5.02  -1.09     3.63
  SINCE JAN 1      1.21                      2.18  -0.97     1.67

SNOWFALL (IN)
  YESTERDAY        0.0           2.1  1895   0.2   -0.2      0.0
  MONTH TO DATE    0.3                       5.1   -4.8     15.8
  SINCE DEC 1      0.5                       9.5   -9.0     21.4
  SINCE JUL 1      4.3                      10.2   -5.9     21.4
  SNOW DEPTH       0

DEGREE DAYS
 HEATING
  YESTERDAY       25                        33     -8       53
  MONTH TO DATE  902                       932    -30     1053
  SINCE DEC 1   1706                      1871   -165     2023
  SINCE JUL 1   2663                      2697    -34     2893

 COOLING
  YESTERDAY        0                         0      0        0
  MONTH TO DATE    0                         0      0        0
  SINCE DEC 1      0                         0      0        0
  SINCE JAN 1      0                         0      0        0
..................................................................


WIND (MPH)
  HIGHEST WIND SPEED    25   HIGHEST WIND DIRECTION    SE (150)
  HIGHEST GUST SPEED    33   HIGHEST GUST DIRECTION    SE (150)
  AVERAGE WIND SPEED    13.8


SKY COVER
  AVERAGE SKY COVER 0.5


WEATHER CONDITIONS
 THE FOLLOWING WEATHER WAS RECORDED YESTERDAY.
  FOG
  HAZE


RELATIVE HUMIDITY (PERCENT)
 HIGHEST    85          1200 AM
 LOWEST     46           300 PM
 AVERAGE    66

..........................................................


THE ST. LOUIS CLIMATE NORMALS FOR TODAY
                         NORMAL    RECORD    YEAR
 MAXIMUM TEMPERATURE (F)   41        73      2008
 MINIMUM TEMPERATURE (F)   24        -8      1966


SUNRISE AND SUNSET
JANUARY 29 2015.......SUNRISE   710 AM CST   SUNSET   520 PM CST
JANUARY 30 2015.......SUNRISE   709 AM CST   SUNSET   521 PM CST


-  INDICATES NEGATIVE NUMBERS.
R  INDICATES RECORD WAS SET OR TIED.
MM INDICATES DATA IS MISSING.
T  INDICATES TRACE AMOUNT.




$$
