000
CDUS43 KLSX 140735
CLISTL


CLIMATE REPORT
NATIONAL WEATHER SERVICE ST LOUIS MO
234 AM CDT MON APR 14 2014


...................................

...THE ST. LOUIS CLIMATE SUMMARY FOR APRIL 13 2014...

CLIMATE NORMAL PERIOD 1981 TO 2010
CLIMATE RECORD PERIOD 1874 TO 2014


WEATHER ITEM   OBSERVED TIME   RECORD YEAR NORMAL DEPARTURE LAST
                VALUE   (LST)  VALUE       VALUE  FROM      YEAR
                                                  NORMAL
..................................................................
TEMPERATURE (F)
 YESTERDAY
  MAXIMUM         76    102 PM  89    1941  67      9       62
  MINIMUM         60   1159 PM  25    1950  46     14       38
  AVERAGE         68                        57     11       50

PRECIPITATION (IN)
  YESTERDAY        0.49          1.76 1923   0.12   0.37     0.00
  MONTH TO DATE    5.98                      1.55   4.43     1.14
  SINCE MAR 1      7.53                      4.87   2.66     6.09
  SINCE JAN 1     10.68                      9.51   1.17    12.48

SNOWFALL (IN)
  YESTERDAY        0.0           T    2008   0.0    0.0      0.0
                                      2007
                                      1997
  MONTH TO DATE    T                         0.3   -0.3       T
  SINCE MAR 1      1.6                       2.6   -1.0     14.3
  SINCE JUL 1     28.8                      17.6   11.2     27.9
  SNOW DEPTH       0

DEGREE DAYS
 HEATING
  YESTERDAY        0                        10    -10       15
  MONTH TO DATE  117                       151    -34      149
  SINCE MAR 1    807                       739     68      902
  SINCE JUL 1   4844                      4337    507     4219

 COOLING
  YESTERDAY        3                         1      2        0
  MONTH TO DATE   13                        13      0       21
  SINCE MAR 1     13                        20     -7       21
  SINCE JAN 1     13                        20     -7       21
..................................................................


WIND (MPH)
  HIGHEST WIND SPEED    28   HIGHEST WIND DIRECTION    SW (210)
  HIGHEST GUST SPEED    35   HIGHEST GUST DIRECTION     S (190)
  AVERAGE WIND SPEED    13.2


SKY COVER
  AVERAGE SKY COVER 0.9


WEATHER CONDITIONS
 THE FOLLOWING WEATHER WAS RECORDED YESTERDAY.
  THUNDERSTORM
  RAIN
  LIGHT RAIN
  HAZE


RELATIVE HUMIDITY (PERCENT)
 HIGHEST    87           800 PM
 LOWEST     50          1200 PM
 AVERAGE    69

..........................................................


THE ST. LOUIS CLIMATE NORMALS FOR TODAY
                         NORMAL    RECORD    YEAR
 MAXIMUM TEMPERATURE (F)   67        92      2006
 MINIMUM TEMPERATURE (F)   47        28      1950
                                             1943


SUNRISE AND SUNSET
APRIL 14 2014.........SUNRISE   627 AM CDT   SUNSET   738 PM CDT
APRIL 15 2014.........SUNRISE   625 AM CDT   SUNSET   738 PM CDT


-  INDICATES NEGATIVE NUMBERS.
R  INDICATES RECORD WAS SET OR TIED.
MM INDICATES DATA IS MISSING.
T  INDICATES TRACE AMOUNT.




$$
