000
CDUS43 KLSX 220726
CLISTL


CLIMATE REPORT
NATIONAL WEATHER SERVICE ST LOUIS MO
125 AM CST THU JAN 22 2015


...................................

...THE ST. LOUIS CLIMATE SUMMARY FOR JANUARY 21 2015...

CLIMATE NORMAL PERIOD 1981 TO 2010
CLIMATE RECORD PERIOD 1874 TO 2015


WEATHER ITEM   OBSERVED TIME   RECORD YEAR NORMAL DEPARTURE LAST
                VALUE   (LST)  VALUE       VALUE  FROM      YEAR
                                                  NORMAL
..................................................................
TEMPERATURE (F)
 YESTERDAY
  MAXIMUM         48    213 PM  75    1986  40      8       40
  MINIMUM         29   1104 PM  -8    1970  24      5       12
  AVERAGE         39                        32      7       26

PRECIPITATION (IN)
  YESTERDAY        0.00          2.10 1906   0.07  -0.07     0.09
  MONTH TO DATE    1.02                      1.66  -0.64     1.67
  SINCE DEC 1      3.74                      4.50  -0.76     3.63
  SINCE JAN 1      1.02                      1.66  -0.64     1.67

SNOWFALL (IN)
  YESTERDAY        0.0           2.5  1959   0.2   -0.2      0.5
  MONTH TO DATE    0.3                       3.8   -3.5     15.8
  SINCE DEC 1      0.5                       8.2   -7.7     21.4
  SINCE JUL 1      4.3                       8.9   -4.6     21.4
  SNOW DEPTH       0

DEGREE DAYS
 HEATING
  YESTERDAY       26                        33     -7       39
  MONTH TO DATE  711                       701     10      752
  SINCE DEC 1   1515                      1640   -125     1722
  SINCE JUL 1   2472                      2466      6     2592

 COOLING
  YESTERDAY        0                         0      0        0
  MONTH TO DATE    0                         0      0        0
  SINCE DEC 1      0                         0      0        0
  SINCE JAN 1      0                         0      0        0
..................................................................


WIND (MPH)
  HIGHEST WIND SPEED    23   HIGHEST WIND DIRECTION     W (280)
  HIGHEST GUST SPEED    33   HIGHEST GUST DIRECTION     W (270)
  AVERAGE WIND SPEED     9.3


SKY COVER
  AVERAGE SKY COVER 0.2


WEATHER CONDITIONS
 THE FOLLOWING WEATHER WAS RECORDED YESTERDAY.
  NO SIGNIFICANT WEATHER WAS OBSERVED.


RELATIVE HUMIDITY (PERCENT)
 HIGHEST    75           700 AM
 LOWEST     49           100 PM
 AVERAGE    62

..........................................................


THE ST. LOUIS CLIMATE NORMALS FOR TODAY
                         NORMAL    RECORD    YEAR
 MAXIMUM TEMPERATURE (F)   40        72      1967
 MINIMUM TEMPERATURE (F)   24       -14      1930


SUNRISE AND SUNSET
JANUARY 22 2015.......SUNRISE   715 AM CST   SUNSET   512 PM CST
JANUARY 23 2015.......SUNRISE   714 AM CST   SUNSET   513 PM CST


-  INDICATES NEGATIVE NUMBERS.
R  INDICATES RECORD WAS SET OR TIED.
MM INDICATES DATA IS MISSING.
T  INDICATES TRACE AMOUNT.




$$
