000
CDUS43 KLSX 182232
CLISTL


CLIMATE REPORT
NATIONAL WEATHER SERVICE ST LOUIS MO
531 PM CDT FRI APR 18 2014


...................................

...THE ST. LOUIS CLIMATE SUMMARY FOR APRIL 18 2014...
VALID TODAY AS OF 0500 PM LOCAL TIME.

CLIMATE NORMAL PERIOD 1981 TO 2010
CLIMATE RECORD PERIOD 1874 TO 2014


WEATHER ITEM   OBSERVED TIME   RECORD YEAR NORMAL DEPARTURE LAST
                VALUE   (LST)  VALUE       VALUE  FROM      YEAR
                                                  NORMAL
..................................................................
TEMPERATURE (F)
 TODAY
  MAXIMUM         72    337 PM  93    2002  68      4       77
  MINIMUM         45    420 AM  29    1953  48     -3       41
  AVERAGE         59                        58      1       59

PRECIPITATION (IN)
  TODAY            0.00          2.48 2013   0.12  -0.12     2.48
  MONTH TO DATE    6.05                      2.16   3.89     4.52
  SINCE MAR 1      7.60                      5.48   2.12     9.47
  SINCE JAN 1     10.75                     10.12   0.63    15.86

SNOWFALL (IN)
  TODAY            0.0           2.0  1901   0.0    0.0      0.0
  MONTH TO DATE    T                         0.3   -0.3       T
  SINCE MAR 1      1.6                       2.6   -1.0     14.3
  SINCE JUL 1     28.8                      17.6   11.2     27.9
  SNOW DEPTH       0

DEGREE DAYS
 HEATING
  TODAY            6                         8     -2        6
  MONTH TO DATE  188                       194     -6      177
  SINCE MAR 1    878                       782     96      930
  SINCE JUL 1   4915                      4380    535     4247

 COOLING
  TODAY            0                         1     -1        0
  MONTH TO DATE   13                        18     -5       24
  SINCE MAR 1     13                        25    -12       24
  SINCE JAN 1     13                        25    -12       24
..................................................................


WIND (MPH)
  HIGHEST WIND SPEED    10   HIGHEST WIND DIRECTION     N (20)
  HIGHEST GUST SPEED    14   HIGHEST GUST DIRECTION     N (20)
  AVERAGE WIND SPEED     3.9


SKY COVER
  AVERAGE SKY COVER 0.3



RELATIVE HUMIDITY (PERCENT)
 HIGHEST    71           400 AM
 LOWEST     31           400 PM
 AVERAGE    51

..........................................................


THE ST. LOUIS CLIMATE NORMALS FOR TOMORROW
                         NORMAL    RECORD    YEAR
 MAXIMUM TEMPERATURE (F)   69        88      2011
                                             1948
 MINIMUM TEMPERATURE (F)   49        26      1983


SUNRISE AND SUNSET
APRIL 18 2014.........SUNRISE   621 AM CDT   SUNSET   741 PM CDT
APRIL 19 2014.........SUNRISE   620 AM CDT   SUNSET   742 PM CDT


-  INDICATES NEGATIVE NUMBERS.
R  INDICATES RECORD WAS SET OR TIED.
MM INDICATES DATA IS MISSING.
T  INDICATES TRACE AMOUNT.




$$
