306
CDUS43 KLSX 260728
CLISTL


CLIMATE REPORT
NATIONAL WEATHER SERVICE ST LOUIS MO
227 AM CDT THU MAY 26 2016


...................................

...THE ST. LOUIS CLIMATE SUMMARY FOR MAY 25 2016...

CLIMATE NORMAL PERIOD 1981 TO 2010
CLIMATE RECORD PERIOD 1874 TO 2016


WEATHER ITEM   OBSERVED TIME   RECORD YEAR NORMAL DEPARTURE LAST
                VALUE   (LST)  VALUE       VALUE  FROM      YEAR
                                                  NORMAL
..................................................................
TEMPERATURE (F)
 YESTERDAY
  MAXIMUM         84    353 PM  93    1953  79      5       86
                                      1911
  MINIMUM         65    425 AM  38    1925  60      5       70
  AVERAGE         75                        69      6       78

PRECIPITATION (IN)
  YESTERDAY        0.01          2.47 1968   0.16  -0.15      T
  MONTH TO DATE    3.13                      3.74  -0.61     2.85
  SINCE MAR 1      9.91                     10.75  -0.84    11.27
  SINCE JAN 1     11.51                     15.39  -3.88    14.22

SNOWFALL (IN)
  YESTERDAY        0.0           0.0  2015   0.0    0.0      0.0
  MONTH TO DATE    0.0                       0.0    0.0      0.0
  SINCE MAR 1      0.3                       2.7   -2.4      0.6
  SINCE JUL 1     10.9                      17.7   -6.8     16.8
  SNOW DEPTH       0

DEGREE DAYS
 HEATING
  YESTERDAY        0                         1     -1        0
  MONTH TO DATE   83                        69     14       42
  SINCE MAR 1    654                       927   -273      772
  SINCE JUL 1   3484                      4525  -1041     4574

 COOLING
  YESTERDAY       10                         6      4       13
  MONTH TO DATE   64                        90    -26      152
  SINCE MAR 1    124                       136    -12      177
  SINCE JAN 1    124                       136    -12      177
..................................................................


WIND (MPH)
  HIGHEST WIND SPEED    20   HIGHEST WIND DIRECTION     S (160)
  HIGHEST GUST SPEED    25   HIGHEST GUST DIRECTION     S (180)
  AVERAGE WIND SPEED     9.8


SKY COVER
  AVERAGE SKY COVER 0.7


WEATHER CONDITIONS
 THE FOLLOWING WEATHER WAS RECORDED YESTERDAY.
  LIGHT RAIN


RELATIVE HUMIDITY (PERCENT)
 HIGHEST    87           100 AM
 LOWEST     48           400 PM
 AVERAGE    68

..........................................................


THE ST. LOUIS CLIMATE NORMALS FOR TODAY
                         NORMAL    RECORD    YEAR
 MAXIMUM TEMPERATURE (F)   79        98      1953
 MINIMUM TEMPERATURE (F)   60        38      1961


SUNRISE AND SUNSET
MAY 26 2016...........SUNRISE   541 AM CDT   SUNSET   817 PM CDT
MAY 27 2016...........SUNRISE   541 AM CDT   SUNSET   817 PM CDT


-  INDICATES NEGATIVE NUMBERS.
R  INDICATES RECORD WAS SET OR TIED.
MM INDICATES DATA IS MISSING.
T  INDICATES TRACE AMOUNT.




$$
