000
CDUS43 KLSX 270739
CLISTL


CLIMATE REPORT
NATIONAL WEATHER SERVICE ST LOUIS MO
235 AM CDT WED MAY 27 2015


...................................

...THE ST. LOUIS CLIMATE SUMMARY FOR MAY 26 2015...

CLIMATE NORMAL PERIOD 1981 TO 2010
CLIMATE RECORD PERIOD 1874 TO 2015


WEATHER ITEM   OBSERVED TIME   RECORD YEAR NORMAL DEPARTURE LAST
                VALUE   (LST)  VALUE       VALUE  FROM      YEAR
                                                  NORMAL
..................................................................
TEMPERATURE (F)
 YESTERDAY
  MAXIMUM         81    423 PM  98    1953  79      2       88
  MINIMUM         68    652 AM  38    1961  60      8       68
  AVERAGE         75                        70      5       78

PRECIPITATION (IN)
  YESTERDAY        0.15          3.26 1893   0.16  -0.01     0.52
  MONTH TO DATE    3.00                      3.90  -0.90     3.84
  SINCE MAR 1     11.42                     10.91   0.51    13.77
  SINCE JAN 1     14.37                     15.55  -1.18    16.92

SNOWFALL (IN)
  YESTERDAY        0.0           0.0  2014   0.0    0.0      0.0
  MONTH TO DATE    0.0                       0.0    0.0      0.0
  SINCE MAR 1      0.6                       2.7   -2.1      1.6
  SINCE JUL 1     16.8                      17.7   -0.9     28.8
  SNOW DEPTH       0

DEGREE DAYS
 HEATING
  YESTERDAY        0                         1     -1        0
  MONTH TO DATE   42                        70    -28       79
  SINCE MAR 1    772                       928   -156      990
  SINCE JUL 1   4574                      4526     48     5027

 COOLING
  YESTERDAY       10                         6      4       13
  MONTH TO DATE  162                        96     66      161
  SINCE MAR 1    187                       142     45      198
  SINCE JAN 1    187                       142     45      198
..................................................................


WIND (MPH)
  HIGHEST WIND SPEED    38   HIGHEST WIND DIRECTION    SW (210)
  HIGHEST GUST SPEED    51   HIGHEST GUST DIRECTION    SW (230)
  AVERAGE WIND SPEED    14.2


SKY COVER
  AVERAGE SKY COVER 0.7


WEATHER CONDITIONS
 THE FOLLOWING WEATHER WAS RECORDED YESTERDAY.
  HEAVY RAIN
  RAIN
  LIGHT RAIN


RELATIVE HUMIDITY (PERCENT)
 HIGHEST    81           700 AM
 LOWEST     45           500 PM
 AVERAGE    63

..........................................................


THE ST. LOUIS CLIMATE NORMALS FOR TODAY
                         NORMAL    RECORD    YEAR
 MAXIMUM TEMPERATURE (F)   79        93      2012
                                             1991
                                             1911
 MINIMUM TEMPERATURE (F)   61        38      1961


SUNRISE AND SUNSET
MAY 27 2015...........SUNRISE   541 AM CDT   SUNSET   817 PM CDT
MAY 28 2015...........SUNRISE   540 AM CDT   SUNSET   818 PM CDT


-  INDICATES NEGATIVE NUMBERS.
R  INDICATES RECORD WAS SET OR TIED.
MM INDICATES DATA IS MISSING.
T  INDICATES TRACE AMOUNT.




$$
