000
CDUS43 KLSX 080731
CLISTL


CLIMATE REPORT
NATIONAL WEATHER SERVICE ST LOUIS MO
230 AM CDT TUE JUL 8 2014


...................................

...THE ST. LOUIS CLIMATE SUMMARY FOR JULY 7 2014...

CLIMATE NORMAL PERIOD 1981 TO 2010
CLIMATE RECORD PERIOD 1874 TO 2014


WEATHER ITEM   OBSERVED TIME   RECORD YEAR NORMAL DEPARTURE LAST
                VALUE   (LST)  VALUE       VALUE  FROM      YEAR
                                                  NORMAL
..................................................................
TEMPERATURE (F)
 YESTERDAY
  MAXIMUM         92   1127 AM 107    2012  89      3       92
  MINIMUM         78   1021 PM  54    1983  71      7       69
  AVERAGE         85                        80      5       81

PRECIPITATION (IN)
  YESTERDAY        T             1.91 1898   0.14  -0.14     0.00
  MONTH TO DATE    0.02                      0.92  -0.90     0.61
  SINCE JUN 1      5.28                      5.20   0.08     6.54
  SINCE JAN 1     22.34                     21.57   0.77    30.68

SNOWFALL (IN)
  YESTERDAY        0.0           0.0  2013   0.0    0.0      0.0
  MONTH TO DATE    0.0                       0.0    0.0      0.0
  SINCE JUN 1      0.0                       0.0    0.0      0.0
  SINCE JUL 1      0.0                       0.0    0.0      0.0
  SNOW DEPTH       0

DEGREE DAYS
 HEATING
  YESTERDAY        0                         0      0        0
  MONTH TO DATE    0                         0      0        0
  SINCE JUN 1      0                         5     -5        1
  SINCE JUL 1      0                         0      0        0

 COOLING
  YESTERDAY       20                        15      5       16
  MONTH TO DATE   81                       105    -24       68
  SINCE JUN 1    479                       439     40      405
  SINCE JAN 1    741                       613    128      616
..................................................................


WIND (MPH)
  HIGHEST WIND SPEED    23   HIGHEST WIND DIRECTION     N (360)
  HIGHEST GUST SPEED    30   HIGHEST GUST DIRECTION    SW (210)
  AVERAGE WIND SPEED    11.0


SKY COVER
  AVERAGE SKY COVER 0.7


WEATHER CONDITIONS
 THE FOLLOWING WEATHER WAS RECORDED YESTERDAY.
  THUNDERSTORM
  LIGHT RAIN


RELATIVE HUMIDITY (PERCENT)
 HIGHEST    74           500 AM
 LOWEST     59          1100 AM
 AVERAGE    67

..........................................................


THE ST. LOUIS CLIMATE NORMALS FOR TODAY
                         NORMAL    RECORD    YEAR
 MAXIMUM TEMPERATURE (F)   89       101      1980
 MINIMUM TEMPERATURE (F)   71        56      1891


SUNRISE AND SUNSET
JULY  8 2014..........SUNRISE   544 AM CDT   SUNSET   829 PM CDT
JULY  9 2014..........SUNRISE   545 AM CDT   SUNSET   828 PM CDT


-  INDICATES NEGATIVE NUMBERS.
R  INDICATES RECORD WAS SET OR TIED.
MM INDICATES DATA IS MISSING.
T  INDICATES TRACE AMOUNT.




$$
