000
CDUS43 KLSX 130731
CLISTL


CLIMATE REPORT
NATIONAL WEATHER SERVICE ST LOUIS MO
230 AM CDT SAT SEP 13 2014


...................................

...THE ST. LOUIS CLIMATE SUMMARY FOR SEPTEMBER 12 2014...

CLIMATE NORMAL PERIOD 1981 TO 2010
CLIMATE RECORD PERIOD 1874 TO 2014


WEATHER ITEM   OBSERVED TIME   RECORD YEAR NORMAL DEPARTURE LAST
                VALUE   (LST)  VALUE       VALUE  FROM      YEAR
                                                  NORMAL
..................................................................
TEMPERATURE (F)
 YESTERDAY
  MAXIMUM         60    232 PM  98    1956  82    -22       86
                                      1936
                                      1897
  MINIMUM         52   1159 PM  44    1940  62    -10       67
  AVERAGE         56                        72    -16       77

PRECIPITATION (IN)
  YESTERDAY        0.01          2.10 1949   0.11  -0.10      T
  MONTH TO DATE    4.09                      1.24   2.85     2.22
  SINCE SEP 1      4.09                      1.24   2.85     2.22
  SINCE JAN 1     33.06                     28.99   4.07    36.83

SNOWFALL (IN)
  YESTERDAY        0.0           0.0  2013   0.0    0.0      0.0
  MONTH TO DATE    0.0                       0.0    0.0      0.0
  SINCE SEP 1      0.0                       0.0    0.0      0.0
  SINCE JUL 1      0.0                       0.0    0.0      0.0
  SNOW DEPTH       0

DEGREE DAYS
 HEATING
  YESTERDAY        9                         1      8        0
  MONTH TO DATE   12                         1     11        0
  SINCE SEP 1     12                         1     11        0
  SINCE JUL 1     12                         2     10        0

 COOLING
  YESTERDAY        0                         8     -8       12
  MONTH TO DATE  117                       114      3      183
  SINCE SEP 1    117                       114      3      183
  SINCE JAN 1   1622                      1513    109     1569
..................................................................


WIND (MPH)
  HIGHEST WIND SPEED    17   HIGHEST WIND DIRECTION     N (360)
  HIGHEST GUST SPEED    23   HIGHEST GUST DIRECTION     N (360)
  AVERAGE WIND SPEED    10.1


SKY COVER
  AVERAGE SKY COVER 1.0


WEATHER CONDITIONS
 THE FOLLOWING WEATHER WAS RECORDED YESTERDAY.
  LIGHT RAIN
  FOG


RELATIVE HUMIDITY (PERCENT)
 HIGHEST    89           800 PM
 LOWEST     72          1100 AM
 AVERAGE    81

..........................................................


THE ST. LOUIS CLIMATE NORMALS FOR TODAY
                         NORMAL    RECORD    YEAR
 MAXIMUM TEMPERATURE (F)   81       100      1939
 MINIMUM TEMPERATURE (F)   62        43      1975


SUNRISE AND SUNSET
SEPTEMBER 13 2014.....SUNRISE   641 AM CDT   SUNSET   713 PM CDT
SEPTEMBER 14 2014.....SUNRISE   642 AM CDT   SUNSET   711 PM CDT


-  INDICATES NEGATIVE NUMBERS.
R  INDICATES RECORD WAS SET OR TIED.
MM INDICATES DATA IS MISSING.
T  INDICATES TRACE AMOUNT.




$$
