000
CDUS43 KLSX 252155
CLISTL


CLIMATE REPORT
NATIONAL WEATHER SERVICE ST LOUIS MO
454 PM CDT TUE AUG 25 2015


...................................

...THE ST. LOUIS CLIMATE SUMMARY FOR AUGUST 25 2015...
VALID TODAY AS OF 0400 PM LOCAL TIME.

CLIMATE NORMAL PERIOD 1981 TO 2010
CLIMATE RECORD PERIOD 1874 TO 2015


WEATHER ITEM   OBSERVED TIME   RECORD YEAR NORMAL DEPARTURE LAST
                VALUE   (LST)  VALUE       VALUE  FROM      YEAR
                                                  NORMAL
..................................................................
TEMPERATURE (F)
 TODAY
  MAXIMUM         80    259 PM 101    1943  87     -7      100
  MINIMUM         58    547 AM  52    1958  68    -10       81
  AVERAGE         69                        78     -9       91

PRECIPITATION (IN)
  TODAY            0.00          1.30 2004   0.10  -0.10     0.00
  MONTH TO DATE    6.67                      2.44   4.23     4.46
  SINCE JUN 1     23.94                     10.83  13.11    11.31
  SINCE JAN 1     38.93                     27.20  11.73    28.37

SNOWFALL (IN)
  TODAY            0.0           0.0  2013   0.0    0.0      0.0
  MONTH TO DATE    0.0                       0.0    0.0      0.0
  SINCE JUN 1      0.0                       0.0    0.0      0.0
  SINCE JUL 1      0.0                       0.0    0.0      0.0
  SNOW DEPTH       0

DEGREE DAYS
 HEATING
  TODAY            0                         0      0        0
  MONTH TO DATE    0                         0      0        0
  SINCE JUN 1      3                         5     -2        0
  SINCE JUL 1      0                         0      0        0

 COOLING
  TODAY            4                        13     -9       26
  MONTH TO DATE  338                       353    -15      370
  SINCE JUN 1   1218                      1154     64     1130
  SINCE JAN 1   1442                      1328    114     1392
..................................................................


WIND (MPH)
  HIGHEST WIND SPEED    17   HIGHEST WIND DIRECTION     W (280)
  HIGHEST GUST SPEED    23   HIGHEST GUST DIRECTION     W (280)
  AVERAGE WIND SPEED     6.2


SKY COVER
  AVERAGE SKY COVER 0.1



RELATIVE HUMIDITY (PERCENT)
 HIGHEST    80           600 AM
 LOWEST     33           200 PM
 AVERAGE    57

..........................................................


THE ST. LOUIS CLIMATE NORMALS FOR TOMORROW
                         NORMAL    RECORD    YEAR
 MAXIMUM TEMPERATURE (F)   87       103      1936
 MINIMUM TEMPERATURE (F)   68        53      1934


SUNRISE AND SUNSET
AUGUST 25 2015........SUNRISE   624 AM CDT   SUNSET   742 PM CDT
AUGUST 26 2015........SUNRISE   625 AM CDT   SUNSET   741 PM CDT


-  INDICATES NEGATIVE NUMBERS.
R  INDICATES RECORD WAS SET OR TIED.
MM INDICATES DATA IS MISSING.
T  INDICATES TRACE AMOUNT.




$$
