619
CDUS43 KLSX 220735
CLISTL


CLIMATE REPORT
NATIONAL WEATHER SERVICE ST LOUIS MO
234 AM CDT SAT JUL 22 2017


...................................

...THE ST. LOUIS CLIMATE SUMMARY FOR JULY 21 2017...

CLIMATE NORMAL PERIOD 1981 TO 2010
CLIMATE RECORD PERIOD 1874 TO 2017


WEATHER ITEM   OBSERVED TIME   RECORD YEAR NORMAL DEPARTURE LAST
                VALUE   (LST)  VALUE       VALUE  FROM      YEAR
                                                  NORMAL
..................................................................
TEMPERATURE (F)
 YESTERDAY
  MAXIMUM        104    341 PM 106    1901  89     15       98
  MINIMUM         82    535 AM  54    1970  71     11       80
                                      1944
  AVERAGE         93                        80     13       89

PRECIPITATION (IN)
  YESTERDAY        0.00          1.49 1977   0.13  -0.13     0.00
  MONTH TO DATE    0.27                      2.83  -2.56     6.72
  SINCE JUN 1      2.99                      7.11  -4.12     8.01
  SINCE JAN 1     25.89                     23.48   2.41    21.06

SNOWFALL (IN)
  YESTERDAY        0.0           0.0  2015   0.0    0.0      0.0
  MONTH TO DATE    0.0                       0.0    0.0      0.0
  SINCE JUN 1      0.0                       0.0    0.0      0.0
  SINCE JUL 1      0.0                       0.0    0.0      0.0
  SNOW DEPTH       0

DEGREE DAYS
 HEATING
  YESTERDAY        0                         0      0        0
  MONTH TO DATE    0                         0      0        0
  SINCE JUN 1      0                         5     -5        0
  SINCE JUL 1      0                         0      0        0

 COOLING
  YESTERDAY       28                        15     13       24
  MONTH TO DATE  428                       315    113      334
  SINCE JUN 1    837                       649    188      829
  SINCE JAN 1   1089                       823    266     1023
..................................................................


WIND (MPH)
  HIGHEST WIND SPEED    15   HIGHEST WIND DIRECTION    SW (210)
  HIGHEST GUST SPEED    22   HIGHEST GUST DIRECTION     S (200)
  AVERAGE WIND SPEED     7.8


SKY COVER
  AVERAGE SKY COVER 0.2


WEATHER CONDITIONS
 THE FOLLOWING WEATHER WAS RECORDED YESTERDAY.
  NO SIGNIFICANT WEATHER WAS OBSERVED.


RELATIVE HUMIDITY (PERCENT)
 HIGHEST    69           600 AM
 LOWEST     29           300 PM
 AVERAGE    49

..........................................................


THE ST. LOUIS CLIMATE NORMALS FOR TODAY
                         NORMAL    RECORD    YEAR
 MAXIMUM TEMPERATURE (F)   89       107      1901
 MINIMUM TEMPERATURE (F)   71        55      1970
                                             1947


SUNRISE AND SUNSET
JULY 22 2017..........SUNRISE   555 AM CDT   SUNSET   821 PM CDT
JULY 23 2017..........SUNRISE   555 AM CDT   SUNSET   820 PM CDT


-  INDICATES NEGATIVE NUMBERS.
R  INDICATES RECORD WAS SET OR TIED.
MM INDICATES DATA IS MISSING.
T  INDICATES TRACE AMOUNT.




$$
