000
CDUS43 KLSX 190745
CLISTL


CLIMATE REPORT
NATIONAL WEATHER SERVICE ST LOUIS MO
245 AM CDT SUN OCT 19 2014


...................................

...THE ST. LOUIS CLIMATE SUMMARY FOR OCTOBER 18 2014...

CLIMATE NORMAL PERIOD 1981 TO 2010
CLIMATE RECORD PERIOD 1874 TO 2014


WEATHER ITEM   OBSERVED TIME   RECORD YEAR NORMAL DEPARTURE LAST
                VALUE   (LST)  VALUE       VALUE  FROM      YEAR
                                                  NORMAL
..................................................................
TEMPERATURE (F)
 YESTERDAY
  MAXIMUM         65    218 PM  87    1953  68     -3       62
  MINIMUM         46   1159 PM  27    1976  48     -2       44
  AVERAGE         56                        58     -2       53

PRECIPITATION (IN)
  YESTERDAY        0.00          2.21 1883   0.11  -0.11     0.10
  MONTH TO DATE    4.59                      1.93   2.66     1.17
  SINCE SEP 1      8.79                      5.06   3.73     3.91
  SINCE JAN 1     37.76                     32.81   4.95    38.52

SNOWFALL (IN)
  YESTERDAY        0.0           T    1898   0.0    0.0      0.0
  MONTH TO DATE    0.0                       0.0    0.0      0.0
  SINCE SEP 1      0.0                       0.0    0.0      0.0
  SINCE JUL 1      0.0                       0.0    0.0      0.0
  SNOW DEPTH       0

DEGREE DAYS
 HEATING
  YESTERDAY        9                         8      1       12
  MONTH TO DATE   96                       106    -10       63
  SINCE SEP 1    135                       146    -11       66
  SINCE JUL 1    135                       147    -12       66

 COOLING
  YESTERDAY        0                         1     -1        0
  MONTH TO DATE   20                        32    -12       63
  SINCE SEP 1    213                       234    -21      342
  SINCE JAN 1   1718                      1633     85     1728
..................................................................


WIND (MPH)
  HIGHEST WIND SPEED    20   HIGHEST WIND DIRECTION    NW (310)
  HIGHEST GUST SPEED    24   HIGHEST GUST DIRECTION    NW (310)
  AVERAGE WIND SPEED     8.2


SKY COVER
  AVERAGE SKY COVER 0.5


WEATHER CONDITIONS
 THE FOLLOWING WEATHER WAS RECORDED YESTERDAY.
  NO SIGNIFICANT WEATHER WAS OBSERVED.


RELATIVE HUMIDITY (PERCENT)
 HIGHEST    80           300 AM
 LOWEST     48           200 PM
 AVERAGE    64

..........................................................


THE ST. LOUIS CLIMATE NORMALS FOR TODAY
                         NORMAL    RECORD    YEAR
 MAXIMUM TEMPERATURE (F)   68        87      1953
 MINIMUM TEMPERATURE (F)   48        25      1972


SUNRISE AND SUNSET
OCTOBER 19 2014.......SUNRISE   715 AM CDT   SUNSET   618 PM CDT
OCTOBER 20 2014.......SUNRISE   716 AM CDT   SUNSET   616 PM CDT


-  INDICATES NEGATIVE NUMBERS.
R  INDICATES RECORD WAS SET OR TIED.
MM INDICATES DATA IS MISSING.
T  INDICATES TRACE AMOUNT.




$$
