000
CDUS43 KLSX 142227
CLISTL


CLIMATE REPORT
NATIONAL WEATHER SERVICE ST LOUIS MO
426 PM CST FRI NOV 14 2014


...................................

...THE ST. LOUIS CLIMATE SUMMARY FOR NOVEMBER 14 2014...
VALID TODAY AS OF 0400 PM LOCAL TIME.

CLIMATE NORMAL PERIOD 1981 TO 2010
CLIMATE RECORD PERIOD 1874 TO 2014


WEATHER ITEM   OBSERVED TIME   RECORD YEAR NORMAL DEPARTURE LAST
                VALUE   (LST)  VALUE       VALUE  FROM      YEAR
                                                  NORMAL
..................................................................
TEMPERATURE (F)
 TODAY
  MAXIMUM         36    257 PM  81    1971  56    -20       60
  MINIMUM         19    629 AM  13    1940  39    -20       31
  AVERAGE         28                        48    -20       46

PRECIPITATION (IN)
  TODAY            0.00          1.86 1993   0.14  -0.14     0.00
  MONTH TO DATE    0.58                      1.76  -1.18     0.50
  SINCE SEP 1      9.86                      8.22   1.64     5.59
  SINCE JAN 1     38.83                     35.97   2.86    40.20

SNOWFALL (IN)
  TODAY            0.0           2.0  1906   0.1   -0.1      0.0
  MONTH TO DATE    T                         0.2   -0.2       T
  SINCE SEP 1      T                         0.2   -0.2       T
  SINCE JUL 1      T                         0.2   -0.2       T
  SNOW DEPTH       0

DEGREE DAYS
 HEATING
  TODAY           37                        17     20       19
  MONTH TO DATE  281                       205     76      239
  SINCE SEP 1    517                       480     37      482
  SINCE JUL 1    517                       481     36      482

 COOLING
  TODAY            0                         0      0        0
  MONTH TO DATE    0                         0      0        0
  SINCE SEP 1    227                       243    -16      342
  SINCE JAN 1   1732                      1642     90     1728
..................................................................


WIND (MPH)
  HIGHEST WIND SPEED    13   HIGHEST WIND DIRECTION     W (270)
  HIGHEST GUST SPEED    16   HIGHEST GUST DIRECTION     W (270)
  AVERAGE WIND SPEED     4.6


SKY COVER
  AVERAGE SKY COVER 0.2



RELATIVE HUMIDITY (PERCENT)
 HIGHEST    74          1200 AM
 LOWEST     38           300 PM
 AVERAGE    56

..........................................................


THE ST. LOUIS CLIMATE NORMALS FOR TOMORROW
                         NORMAL    RECORD    YEAR
 MAXIMUM TEMPERATURE (F)   56        81      1971
                                             1955
 MINIMUM TEMPERATURE (F)   38        11      1940


SUNRISE AND SUNSET
NOVEMBER 14 2014......SUNRISE   643 AM CST   SUNSET   449 PM CST
NOVEMBER 15 2014......SUNRISE   644 AM CST   SUNSET   448 PM CST


-  INDICATES NEGATIVE NUMBERS.
R  INDICATES RECORD WAS SET OR TIED.
MM INDICATES DATA IS MISSING.
T  INDICATES TRACE AMOUNT.




$$
