000
CDUS43 KLSX 162131
CLISTL


CLIMATE REPORT
NATIONAL WEATHER SERVICE ST LOUIS MO
428 PM CDT THU OCT 16 2014


...................................

...THE ST. LOUIS CLIMATE SUMMARY FOR OCTOBER 16 2014...
VALID TODAY AS OF 0400 PM LOCAL TIME.

CLIMATE NORMAL PERIOD 1981 TO 2010
CLIMATE RECORD PERIOD 1874 TO 2014


WEATHER ITEM   OBSERVED TIME   RECORD YEAR NORMAL DEPARTURE LAST
                VALUE   (LST)  VALUE       VALUE  FROM      YEAR
                                                  NORMAL
..................................................................
TEMPERATURE (F)
 TODAY
  MAXIMUM         73    300 PM  89    1950  69      4       60
  MINIMUM         47    628 AM  32    1943  49     -2       47
  AVERAGE         60                        59      1       54

PRECIPITATION (IN)
  TODAY            0.00          2.41 1914   0.10  -0.10     0.00
  MONTH TO DATE    4.59                      1.71   2.88     1.05
  SINCE SEP 1      8.79                      4.84   3.95     3.79
  SINCE JAN 1     37.76                     32.59   5.17    38.40

SNOWFALL (IN)
  TODAY            0.0           0.0  2013   0.0    0.0      0.0
  MONTH TO DATE    0.0                       0.0    0.0      0.0
  SINCE SEP 1      0.0                       0.0    0.0      0.0
  SINCE JUL 1      0.0                       0.0    0.0      0.0
  SNOW DEPTH       0

DEGREE DAYS
 HEATING
  TODAY            5                         7     -2       11
  MONTH TO DATE   83                        90     -7       44
  SINCE SEP 1    122                       130     -8       47
  SINCE JUL 1    122                       131     -9       47

 COOLING
  TODAY            0                         1     -1        0
  MONTH TO DATE   20                        30    -10       63
  SINCE SEP 1    213                       232    -19      342
  SINCE JAN 1   1718                      1631     87     1728
..................................................................


WIND (MPH)
  HIGHEST WIND SPEED    10   HIGHEST WIND DIRECTION     S (200)
  HIGHEST GUST SPEED    MM   HIGHEST GUST DIRECTION    MM
  AVERAGE WIND SPEED     3.6


SKY COVER
  AVERAGE SKY COVER 0.3



RELATIVE HUMIDITY (PERCENT)
 HIGHEST    93           200 AM
 LOWEST     41           300 PM
 AVERAGE    67

..........................................................


THE ST. LOUIS CLIMATE NORMALS FOR TOMORROW
                         NORMAL    RECORD    YEAR
 MAXIMUM TEMPERATURE (F)   68        88      1950
                                             1947
 MINIMUM TEMPERATURE (F)   49        29      1943


SUNRISE AND SUNSET
OCTOBER 16 2014.......SUNRISE   712 AM CDT   SUNSET   622 PM CDT
OCTOBER 17 2014.......SUNRISE   713 AM CDT   SUNSET   620 PM CDT


-  INDICATES NEGATIVE NUMBERS.
R  INDICATES RECORD WAS SET OR TIED.
MM INDICATES DATA IS MISSING.
T  INDICATES TRACE AMOUNT.




$$
