000
CDUS43 KLSX 260745
CLISTL


CLIMATE REPORT
NATIONAL WEATHER SERVICE ST LOUIS MO
245 AM CDT FRI SEP 26 2014


...................................

...THE ST. LOUIS CLIMATE SUMMARY FOR SEPTEMBER 25 2014...

CLIMATE NORMAL PERIOD 1981 TO 2010
CLIMATE RECORD PERIOD 1874 TO 2014


WEATHER ITEM   OBSERVED TIME   RECORD YEAR NORMAL DEPARTURE LAST
                VALUE   (LST)  VALUE       VALUE  FROM      YEAR
                                                  NORMAL
..................................................................
TEMPERATURE (F)
 YESTERDAY
  MAXIMUM         85        MM  92    1900  76      9       83
                                      1881
  MINIMUM         61        MM  39    1942  56      5       67
  AVERAGE         73                        66      7       75

PRECIPITATION (IN)
  YESTERDAY        0.00          1.36 1886   0.11  -0.11     0.00
  MONTH TO DATE    4.20                      2.60   1.60     2.73
  SINCE SEP 1      4.20                      2.60   1.60     2.73
  SINCE JAN 1     33.17                     30.35   2.82    37.34

SNOWFALL (IN)
  YESTERDAY        0.0           0.0  2013   0.0    0.0      0.0
  MONTH TO DATE    0.0                       0.0    0.0      0.0
  SINCE SEP 1      0.0                       0.0    0.0      0.0
  SINCE JUL 1      0.0                       0.0    0.0      0.0
  SNOW DEPTH       0

DEGREE DAYS
 HEATING
  YESTERDAY        0                         3     -3        0
  MONTH TO DATE   39                        22     17        3
  SINCE SEP 1     39                        22     17        3
  SINCE JUL 1     39                        23     16        3

 COOLING
  YESTERDAY        8                         4      4       10
  MONTH TO DATE  149                       186    -37      246
  SINCE SEP 1    149                       186    -37      246
  SINCE JAN 1   1654                      1585     69     1632
..................................................................


WIND (MPH)
  HIGHEST WIND SPEED     8   HIGHEST WIND DIRECTION    SE (150)
  HIGHEST GUST SPEED    MM   HIGHEST GUST DIRECTION    MM
  AVERAGE WIND SPEED     3.6


SKY COVER
  AVERAGE SKY COVER 0.5


WEATHER CONDITIONS
 THE FOLLOWING WEATHER WAS RECORDED YESTERDAY.
  NO SIGNIFICANT WEATHER WAS OBSERVED.


RELATIVE HUMIDITY (PERCENT)
 HIGHEST    73          1000 PM
 LOWEST     34           500 PM
 AVERAGE    54

..........................................................


THE ST. LOUIS CLIMATE NORMALS FOR TODAY
                         NORMAL    RECORD    YEAR
 MAXIMUM TEMPERATURE (F)   76        94      1897
 MINIMUM TEMPERATURE (F)   56        35      1940


SUNRISE AND SUNSET
SEPTEMBER 26 2014.....SUNRISE   653 AM CDT   SUNSET   652 PM CDT
SEPTEMBER 27 2014.....SUNRISE   654 AM CDT   SUNSET   651 PM CDT


-  INDICATES NEGATIVE NUMBERS.
R  INDICATES RECORD WAS SET OR TIED.
MM INDICATES DATA IS MISSING.
T  INDICATES TRACE AMOUNT.




$$
