772
CDUS43 KLSX 240733
CLISTL


CLIMATE REPORT
NATIONAL WEATHER SERVICE ST LOUIS MO
232 AM CDT TUE MAY 24 2016


...................................

...THE ST. LOUIS CLIMATE SUMMARY FOR MAY 23 2016...

CLIMATE NORMAL PERIOD 1981 TO 2010
CLIMATE RECORD PERIOD 1874 TO 2016


WEATHER ITEM   OBSERVED TIME   RECORD YEAR NORMAL DEPARTURE LAST
                VALUE   (LST)  VALUE       VALUE  FROM      YEAR
                                                  NORMAL
..................................................................
TEMPERATURE (F)
 YESTERDAY
  MAXIMUM         85    314 PM  92    2010  78      7       79
                                      1950
  MINIMUM         57    428 AM  39    1931  59     -2       63
  AVERAGE         71                        69      2       71

PRECIPITATION (IN)
  YESTERDAY        0.00          2.02 1971   0.15  -0.15      T
  MONTH TO DATE    3.12                      3.42  -0.30     2.61
  SINCE MAR 1      9.90                     10.43  -0.53    11.03
  SINCE JAN 1     11.50                     15.07  -3.57    13.98

SNOWFALL (IN)
  YESTERDAY        0.0           0.0  2015   0.0    0.0      0.0
  MONTH TO DATE    0.0                       0.0    0.0      0.0
  SINCE MAR 1      0.3                       2.7   -2.4      0.6
  SINCE JUL 1     10.9                      17.7   -6.8     16.8
  SNOW DEPTH       0

DEGREE DAYS
 HEATING
  YESTERDAY        0                         1     -1        0
  MONTH TO DATE   83                        67     16       42
  SINCE MAR 1    654                       925   -271      772
  SINCE JUL 1   3484                      4523  -1039     4574

 COOLING
  YESTERDAY        6                         5      1        6
  MONTH TO DATE   41                        79    -38      128
  SINCE MAR 1    101                       125    -24      153
  SINCE JAN 1    101                       125    -24      153
..................................................................


WIND (MPH)
  HIGHEST WIND SPEED    17   HIGHEST WIND DIRECTION    SE (150)
  HIGHEST GUST SPEED    23   HIGHEST GUST DIRECTION    SE (140)
  AVERAGE WIND SPEED     5.8


SKY COVER
  AVERAGE SKY COVER 0.6


WEATHER CONDITIONS
 THE FOLLOWING WEATHER WAS RECORDED YESTERDAY.
  NO SIGNIFICANT WEATHER WAS OBSERVED.


RELATIVE HUMIDITY (PERCENT)
 HIGHEST    72           400 AM
 LOWEST     28           400 PM
 AVERAGE    50

..........................................................


THE ST. LOUIS CLIMATE NORMALS FOR TODAY
                         NORMAL    RECORD    YEAR
 MAXIMUM TEMPERATURE (F)   78        92      2012
                                             1950
                                             1921
 MINIMUM TEMPERATURE (F)   60        40      1961


SUNRISE AND SUNSET
MAY 24 2016...........SUNRISE   542 AM CDT   SUNSET   815 PM CDT
MAY 25 2016...........SUNRISE   542 AM CDT   SUNSET   816 PM CDT


-  INDICATES NEGATIVE NUMBERS.
R  INDICATES RECORD WAS SET OR TIED.
MM INDICATES DATA IS MISSING.
T  INDICATES TRACE AMOUNT.




$$
