000
CDUS43 KLSX 262240
CLISTL


CLIMATE REPORT
NATIONAL WEATHER SERVICE ST LOUIS MO
438 PM CST SAT NOV 26 2016


...................................

...THE ST. LOUIS CLIMATE SUMMARY FOR NOVEMBER 26 2016...
VALID TODAY AS OF 0400 PM LOCAL TIME.

CLIMATE NORMAL PERIOD 1981 TO 2010
CLIMATE RECORD PERIOD 1874 TO 2016


WEATHER ITEM   OBSERVED TIME   RECORD YEAR NORMAL DEPARTURE LAST
                VALUE   (LST)  VALUE       VALUE  FROM      YEAR
                                                  NORMAL
..................................................................
TEMPERATURE (F)
 TODAY
  MAXIMUM         52    212 PM  76    1965  50      2       72
  MINIMUM         34    641 AM   7    1977  34      0       59
  AVERAGE         43                        42      1       66

PRECIPITATION (IN)
  TODAY            0.00          2.32 1887   0.13  -0.13      T
  MONTH TO DATE    3.34                      3.39  -0.05     5.02
  SINCE SEP 1     11.44                      9.85   1.59     9.11
  SINCE JAN 1     39.92                     37.60   2.32    48.04

SNOWFALL (IN)
  TODAY            0.0           7.6  1975   0.0    0.0      0.0
  MONTH TO DATE    0.0                       0.5   -0.5       T
  SINCE SEP 1      0.0                       0.5   -0.5       T
  SINCE JUL 1      0.0                       0.5   -0.5       T
  SNOW DEPTH       0

DEGREE DAYS
 HEATING
  TODAY           22                        23     -1        0
  MONTH TO DATE  328                       451   -123      310
  SINCE SEP 1    419                       726   -307      479
  SINCE JUL 1    419                       727   -308      479

 COOLING
  TODAY            0                         0      0        1
  MONTH TO DATE   23                         0     23        1
  SINCE SEP 1    457                       243    214      366
  SINCE JAN 1   2162                      1642    520     1873
..................................................................


WIND (MPH)
  HIGHEST WIND SPEED    14   HIGHEST WIND DIRECTION    SE (150)
  HIGHEST GUST SPEED    18   HIGHEST GUST DIRECTION    SE (150)
  AVERAGE WIND SPEED     6.8


SKY COVER
  AVERAGE SKY COVER 0.3



RELATIVE HUMIDITY (PERCENT)
 HIGHEST    82           300 AM
 LOWEST     52           100 PM
 AVERAGE    67

..........................................................


THE ST. LOUIS CLIMATE NORMALS FOR TOMORROW
                         NORMAL    RECORD    YEAR
 MAXIMUM TEMPERATURE (F)   49        76      1989
 MINIMUM TEMPERATURE (F)   33        12      1898


SUNRISE AND SUNSET
NOVEMBER 26 2016......SUNRISE   656 AM CST   SUNSET   442 PM CST
NOVEMBER 27 2016......SUNRISE   657 AM CST   SUNSET   441 PM CST


-  INDICATES NEGATIVE NUMBERS.
R  INDICATES RECORD WAS SET OR TIED.
MM INDICATES DATA IS MISSING.
T  INDICATES TRACE AMOUNT.




$$
