000
CDUS43 KLSX 130728
CLISTL


CLIMATE REPORT
NATIONAL WEATHER SERVICE ST LOUIS MO
126 AM CST MON NOV 13 2017


...................................

...THE ST. LOUIS CLIMATE SUMMARY FOR NOVEMBER 12 2017...

CLIMATE NORMAL PERIOD 1981 TO 2010
CLIMATE RECORD PERIOD 1874 TO 2017


WEATHER ITEM   OBSERVED TIME   RECORD YEAR NORMAL DEPARTURE LAST
                VALUE   (LST)  VALUE       VALUE  FROM      YEAR
                                                  NORMAL
..................................................................
TEMPERATURE (F)
 YESTERDAY
  MAXIMUM         49   1205 PM  79    1971  58     -9       56
  MINIMUM         42    426 AM  12    1911  40      2       37
  AVERAGE         46                        49     -3       47

PRECIPITATION (IN)
  YESTERDAY        0.01          1.22 1909   0.13  -0.12     0.00
  MONTH TO DATE    1.07                      1.48  -0.41     2.89
  SINCE SEP 1      5.05                      7.94  -2.89    10.99
  SINCE JAN 1     35.35                     35.69  -0.34    39.47

SNOWFALL (IN)
  YESTERDAY       MM             0.1  1907   0.0   MM        0.0
  MONTH TO DATE    T                         0.1   -0.1      0.0
  SINCE SEP 1      T                         0.1   -0.1      0.0
  SINCE JUL 1      T                         0.1   -0.1      0.0
  SNOW DEPTH       0

DEGREE DAYS
 HEATING
  YESTERDAY       19                        17      2       18
  MONTH TO DATE  191                       171     20       96
  SINCE SEP 1    393                       446    -53      187
  SINCE JUL 1    393                       447    -54      187

 COOLING
  YESTERDAY        0                         0      0        0
  MONTH TO DATE    0                         0      0       20
  SINCE SEP 1    357                       243    114      454
  SINCE JAN 1   1959                      1642    317     2159
..................................................................


WIND (MPH)
  HIGHEST WIND SPEED    14   HIGHEST WIND DIRECTION     N (20)
  HIGHEST GUST SPEED    19   HIGHEST GUST DIRECTION     N (340)
  AVERAGE WIND SPEED     7.4


SKY COVER
  AVERAGE SKY COVER 1.0


WEATHER CONDITIONS
 THE FOLLOWING WEATHER WAS RECORDED YESTERDAY.
  LIGHT RAIN


RELATIVE HUMIDITY (PERCENT)
 HIGHEST    96           600 AM
 LOWEST     70          1200 AM
 AVERAGE    83

..........................................................


THE ST. LOUIS CLIMATE NORMALS FOR TODAY
                         NORMAL    RECORD    YEAR
 MAXIMUM TEMPERATURE (F)   57        82      1999
                                             1955
                                             1879
 MINIMUM TEMPERATURE (F)   39        10      1986


SUNRISE AND SUNSET
NOVEMBER 13 2017......SUNRISE   642 AM CST   SUNSET   449 PM CST
NOVEMBER 14 2017......SUNRISE   643 AM CST   SUNSET   449 PM CST


-  INDICATES NEGATIVE NUMBERS.
R  INDICATES RECORD WAS SET OR TIED.
MM INDICATES DATA IS MISSING.
T  INDICATES TRACE AMOUNT.




$$
