000
CDUS43 KLSX 202227
CLISTL


CLIMATE REPORT
NATIONAL WEATHER SERVICE ST LOUIS MO
526 PM CDT MON MAR 20 2017


...................................

...THE ST. LOUIS CLIMATE SUMMARY FOR MARCH 20 2017...
VALID TODAY AS OF 0500 PM LOCAL TIME.

CLIMATE NORMAL PERIOD 1981 TO 2010
CLIMATE RECORD PERIOD 1874 TO 2017


WEATHER ITEM   OBSERVED TIME   RECORD YEAR NORMAL DEPARTURE LAST
                VALUE   (LST)  VALUE       VALUE  FROM      YEAR
                                                  NORMAL
..................................................................
TEMPERATURE (F)
 TODAY
  MAXIMUM         86R   337 PM  83    2012  58     28       48
                                      1948
                                      1935
  MINIMUM         50    408 AM  13    1965  38     12       34
                                      1906
  AVERAGE         68                        48     20       41

PRECIPITATION (IN)
  TODAY            0.00          2.02 1989   0.11  -0.11     0.12
  MONTH TO DATE    1.43                      1.98  -0.55     0.94
  SINCE MAR 1      1.43                      1.98  -0.55     0.94
  SINCE JAN 1      3.72                      6.62  -2.90     2.54

SNOWFALL (IN)
  TODAY            0.0           8.6  1924   0.1   -0.1      0.3
  MONTH TO DATE    1.8                       1.9   -0.1      0.3
  SINCE MAR 1      1.8                       1.9   -0.1      0.3
  SINCE JUL 1      3.2                      16.9  -13.7     10.9
  SNOW DEPTH       0

DEGREE DAYS
 HEATING
  TODAY            0                        17    -17       24
  MONTH TO DATE  366                       418    -52      260
  SINCE MAR 1    366                       418    -52      260
  SINCE JUL 1   3099                      4016   -917     3090

 COOLING
  TODAY            3                         0      3        0
  MONTH TO DATE    3                         0      3        8
  SINCE MAR 1      3                         0      3        8
  SINCE JAN 1      5                         0      5        8
..................................................................


WIND (MPH)
  HIGHEST WIND SPEED    17   HIGHEST WIND DIRECTION     W (250)
  HIGHEST GUST SPEED    24   HIGHEST GUST DIRECTION     W (250)
  AVERAGE WIND SPEED     7.9


SKY COVER
  AVERAGE SKY COVER 0.5



RELATIVE HUMIDITY (PERCENT)
 HIGHEST    59           200 AM
 LOWEST     40           200 PM
 AVERAGE    50

..........................................................


THE ST. LOUIS CLIMATE NORMALS FOR TOMORROW
                         NORMAL    RECORD    YEAR
 MAXIMUM TEMPERATURE (F)   58        90      1907
 MINIMUM TEMPERATURE (F)   38         8      1876


SUNRISE AND SUNSET
MARCH 20 2017.........SUNRISE   705 AM CDT   SUNSET   714 PM CDT
MARCH 21 2017.........SUNRISE   703 AM CDT   SUNSET   715 PM CDT


-  INDICATES NEGATIVE NUMBERS.
R  INDICATES RECORD WAS SET OR TIED.
MM INDICATES DATA IS MISSING.
T  INDICATES TRACE AMOUNT.




$$
