221
CDUS43 KLSX 132236
CLISTL


CLIMATE REPORT
NATIONAL WEATHER SERVICE ST LOUIS MO
432 PM CST FRI JAN 13 2017


...................................

...THE ST. LOUIS CLIMATE SUMMARY FOR JANUARY 13 2017...
VALID TODAY AS OF 0400 PM LOCAL TIME.

CLIMATE NORMAL PERIOD 1981 TO 2010
CLIMATE RECORD PERIOD 1874 TO 2017


WEATHER ITEM   OBSERVED TIME   RECORD YEAR NORMAL DEPARTURE LAST
                VALUE   (LST)  VALUE       VALUE  FROM      YEAR
                                                  NORMAL
..................................................................
TEMPERATURE (F)
 TODAY
  MAXIMUM         31    359 PM  67    1952  40     -9       49
                                      1932
  MINIMUM         26    704 AM  -8    1912  23      3       17
  AVERAGE         29                        32     -3       33

PRECIPITATION (IN)
  TODAY            0.14          2.12 1995   0.07   0.07     0.00
  MONTH TO DATE    0.45                      1.06  -0.61     0.52
  SINCE DEC 1      1.58                      3.90  -2.32    12.26
  SINCE JAN 1      0.45                      1.06  -0.61     0.52

SNOWFALL (IN)
  TODAY            T             3.8  1977   0.2   -0.2      0.0
  MONTH TO DATE    1.0                       2.4   -1.4      0.7
  SINCE DEC 1      1.2                       6.8   -5.6      0.7
  SINCE JUL 1      1.2                       7.5   -6.3      0.7
  SNOW DEPTH       0

DEGREE DAYS
 HEATING
  TODAY           36                        34      2       32
  MONTH TO DATE  433                       435     -2      404
  SINCE DEC 1   1364                      1374    -10     1001
  SINCE JUL 1   1855                      2200   -345     1563

 COOLING
  TODAY            0                         0      0        0
  MONTH TO DATE    0                         0      0        0
  SINCE DEC 1      0                         0      0        0
  SINCE JAN 1      0                         0      0        0
..................................................................


WIND (MPH)
  HIGHEST WIND SPEED    15   HIGHEST WIND DIRECTION    NE (60)
  HIGHEST GUST SPEED    19   HIGHEST GUST DIRECTION    NE (40)
  AVERAGE WIND SPEED     9.0


SKY COVER
  AVERAGE SKY COVER 0.9



RELATIVE HUMIDITY (PERCENT)
 HIGHEST    78           300 PM
 LOWEST     63           300 AM
 AVERAGE    71

..........................................................


THE ST. LOUIS CLIMATE NORMALS FOR TOMORROW
                         NORMAL    RECORD    YEAR
 MAXIMUM TEMPERATURE (F)   40        71      1928
 MINIMUM TEMPERATURE (F)   23        -7      1979


SUNRISE AND SUNSET
JANUARY 13 2017.......SUNRISE   719 AM CST   SUNSET   502 PM CST
JANUARY 14 2017.......SUNRISE   718 AM CST   SUNSET   503 PM CST


-  INDICATES NEGATIVE NUMBERS.
R  INDICATES RECORD WAS SET OR TIED.
MM INDICATES DATA IS MISSING.
T  INDICATES TRACE AMOUNT.




$$
