000
CDUS43 KLSX 242228
CLISTL


CLIMATE REPORT
NATIONAL WEATHER SERVICE ST LOUIS MO
427 PM CST TUE FEB 24 2015


...................................

...THE ST. LOUIS CLIMATE SUMMARY FOR FEBRUARY 24 2015...
VALID TODAY AS OF 0400 PM LOCAL TIME.

CLIMATE NORMAL PERIOD 1981 TO 2010
CLIMATE RECORD PERIOD 1874 TO 2015


WEATHER ITEM   OBSERVED TIME   RECORD YEAR NORMAL DEPARTURE LAST
                VALUE   (LST)  VALUE       VALUE  FROM      YEAR
                                                  NORMAL
..................................................................
TEMPERATURE (F)
 TODAY
  MAXIMUM         43    346 PM  81    1930  48     -5       38
  MINIMUM         12    329 AM   4    1910  30    -18       23
  AVERAGE         28                        39    -11       31

PRECIPITATION (IN)
  TODAY            0.00          1.49 2001   0.08  -0.08     0.00
  MONTH TO DATE    1.38                      1.92  -0.54     1.48
  SINCE DEC 1      5.31                      7.16  -1.85     5.11
  SINCE JAN 1      2.59                      4.32  -1.73     3.15

SNOWFALL (IN)
  TODAY            0.0           6.2  1975   0.2   -0.2      0.0
  MONTH TO DATE    7.3                       3.8    3.5      5.8
  SINCE DEC 1      7.8                      13.8   -6.0     27.2
  SINCE JUL 1     11.6                      14.5   -2.9     27.2
  SNOW DEPTH       T

DEGREE DAYS
 HEATING
  TODAY           37                        26     11       34
  MONTH TO DATE  891                       704    187      887
  SINCE DEC 1   2673                      2672      1     3011
  SINCE JUL 1   3630                      3498    132     3881

 COOLING
  TODAY            0                         0      0        0
  MONTH TO DATE    0                         0      0        0
  SINCE DEC 1      0                         0      0        0
  SINCE JAN 1      0                         0      0        0
..................................................................


WIND (MPH)
  HIGHEST WIND SPEED    22   HIGHEST WIND DIRECTION     W (280)
  HIGHEST GUST SPEED    29   HIGHEST GUST DIRECTION    SW (240)
  AVERAGE WIND SPEED    10.2


SKY COVER
  AVERAGE SKY COVER 0.2



RELATIVE HUMIDITY (PERCENT)
 HIGHEST    61           500 AM
 LOWEST     34           200 PM
 AVERAGE    48

..........................................................


THE ST. LOUIS CLIMATE NORMALS FOR TOMORROW
                         NORMAL    RECORD    YEAR
 MAXIMUM TEMPERATURE (F)   48        76      1996
 MINIMUM TEMPERATURE (F)   30         1      1967


SUNRISE AND SUNSET
FEBRUARY 24 2015......SUNRISE   641 AM CST   SUNSET   549 PM CST
FEBRUARY 25 2015......SUNRISE   640 AM CST   SUNSET   550 PM CST


-  INDICATES NEGATIVE NUMBERS.
R  INDICATES RECORD WAS SET OR TIED.
MM INDICATES DATA IS MISSING.
T  INDICATES TRACE AMOUNT.




$$
