000
CDUS43 KLSX 222239
CLISTL


CLIMATE REPORT
NATIONAL WEATHER SERVICE ST LOUIS MO
439 PM CST THU JAN 22 2015


...................................

...THE ST. LOUIS CLIMATE SUMMARY FOR JANUARY 22 2015...
VALID TODAY AS OF 0400 PM LOCAL TIME.

CLIMATE NORMAL PERIOD 1981 TO 2010
CLIMATE RECORD PERIOD 1874 TO 2015


WEATHER ITEM   OBSERVED TIME   RECORD YEAR NORMAL DEPARTURE LAST
                VALUE   (LST)  VALUE       VALUE  FROM      YEAR
                                                  NORMAL
..................................................................
TEMPERATURE (F)
 TODAY
  MAXIMUM         37    359 PM  72    1967  40     -3       30
  MINIMUM         27    353 AM -14    1930  24      3       12
  AVERAGE         32                        32      0       21

PRECIPITATION (IN)
  TODAY            0.00          2.14 1874   0.08  -0.08      T
  MONTH TO DATE    1.02                      1.74  -0.72     1.67
  SINCE DEC 1      3.74                      4.58  -0.84     3.63
  SINCE JAN 1      1.02                      1.74  -0.72     1.67

SNOWFALL (IN)
  TODAY            0.0           4.9  1915   0.2   -0.2       T
  MONTH TO DATE    0.3                       4.0   -3.7     15.8
  SINCE DEC 1      0.5                       8.4   -7.9     21.4
  SINCE JUL 1      4.3                       9.1   -4.8     21.4
  SNOW DEPTH       0

DEGREE DAYS
 HEATING
  TODAY           33                        33      0       44
  MONTH TO DATE  744                       734     10      796
  SINCE DEC 1   1548                      1673   -125     1766
  SINCE JUL 1   2505                      2499      6     2636

 COOLING
  TODAY            0                         0      0        0
  MONTH TO DATE    0                         0      0        0
  SINCE DEC 1      0                         0      0        0
  SINCE JAN 1      0                         0      0        0
..................................................................


WIND (MPH)
  HIGHEST WIND SPEED    10   HIGHEST WIND DIRECTION    NE (30)
  HIGHEST GUST SPEED    12   HIGHEST GUST DIRECTION     N (20)
  AVERAGE WIND SPEED     3.7


SKY COVER
  AVERAGE SKY COVER 0.7



RELATIVE HUMIDITY (PERCENT)
 HIGHEST    85           300 AM
 LOWEST     64           200 PM
 AVERAGE    75

..........................................................


THE ST. LOUIS CLIMATE NORMALS FOR TOMORROW
                         NORMAL    RECORD    YEAR
 MAXIMUM TEMPERATURE (F)   40        75      1967
 MINIMUM TEMPERATURE (F)   24       -11      1963


SUNRISE AND SUNSET
JANUARY 22 2015.......SUNRISE   715 AM CST   SUNSET   512 PM CST
JANUARY 23 2015.......SUNRISE   714 AM CST   SUNSET   513 PM CST


-  INDICATES NEGATIVE NUMBERS.
R  INDICATES RECORD WAS SET OR TIED.
MM INDICATES DATA IS MISSING.
T  INDICATES TRACE AMOUNT.




$$
