000
CDUS43 KLSX 242238
CLISTL


CLIMATE REPORT
NATIONAL WEATHER SERVICE ST LOUIS MO
436 PM CST THU NOV 24 2016


...................................

...THE ST. LOUIS CLIMATE SUMMARY FOR NOVEMBER 24 2016...
VALID TODAY AS OF 0400 PM LOCAL TIME.

CLIMATE NORMAL PERIOD 1981 TO 2010
CLIMATE RECORD PERIOD 1874 TO 2016


WEATHER ITEM   OBSERVED TIME   RECORD YEAR NORMAL DEPARTURE LAST
                VALUE   (LST)  VALUE       VALUE  FROM      YEAR
                                                  NORMAL
..................................................................
TEMPERATURE (F)
 TODAY
  MAXIMUM         45    359 PM  74    1966  51     -6       65
  MINIMUM         42   1238 PM   3    1950  34      8       35
  AVERAGE         44                        43      1       50

PRECIPITATION (IN)
  TODAY            0.00          3.08 2010   0.14  -0.14     0.00
  MONTH TO DATE    3.34                      3.13   0.21     5.01
  SINCE SEP 1     11.44                      9.59   1.85     9.10
  SINCE JAN 1     39.92                     37.34   2.58    48.03

SNOWFALL (IN)
  TODAY            0.0           1.4  2004   0.0    0.0      0.0
  MONTH TO DATE    0.0                       0.4   -0.4       T
  SINCE SEP 1      0.0                       0.4   -0.4       T
  SINCE JUL 1      0.0                       0.4   -0.4       T
  SNOW DEPTH       0

DEGREE DAYS
 HEATING
  TODAY           21                        22     -1       15
  MONTH TO DATE  281                       405   -124      296
  SINCE SEP 1    372                       680   -308      465
  SINCE JUL 1    372                       681   -309      465

 COOLING
  TODAY            0                         0      0        0
  MONTH TO DATE   23                         0     23        0
  SINCE SEP 1    457                       243    214      365
  SINCE JAN 1   2162                      1642    520     1872
..................................................................


WIND (MPH)
  HIGHEST WIND SPEED    16   HIGHEST WIND DIRECTION     W (280)
  HIGHEST GUST SPEED    21   HIGHEST GUST DIRECTION     W (290)
  AVERAGE WIND SPEED     6.6


SKY COVER
  AVERAGE SKY COVER 1.0



RELATIVE HUMIDITY (PERCENT)
 HIGHEST    76          1200 AM
 LOWEST     65           300 PM
 AVERAGE    71

..........................................................


THE ST. LOUIS CLIMATE NORMALS FOR TOMORROW
                         NORMAL    RECORD    YEAR
 MAXIMUM TEMPERATURE (F)   51        74      1990
 MINIMUM TEMPERATURE (F)   34         4      1950


SUNRISE AND SUNSET
NOVEMBER 24 2016......SUNRISE   654 AM CST   SUNSET   442 PM CST
NOVEMBER 25 2016......SUNRISE   655 AM CST   SUNSET   442 PM CST


-  INDICATES NEGATIVE NUMBERS.
R  INDICATES RECORD WAS SET OR TIED.
MM INDICATES DATA IS MISSING.
T  INDICATES TRACE AMOUNT.




$$
