000
CDUS43 KLSX 282245
CLISTL


CLIMATE REPORT
NATIONAL WEATHER SERVICE ST LOUIS MO
445 PM CST MON NOV 28 2016


...................................

...THE ST. LOUIS CLIMATE SUMMARY FOR NOVEMBER 28 2016...
VALID TODAY AS OF 0400 PM LOCAL TIME.

CLIMATE NORMAL PERIOD 1981 TO 2010
CLIMATE RECORD PERIOD 1874 TO 2016


WEATHER ITEM   OBSERVED TIME   RECORD YEAR NORMAL DEPARTURE LAST
                VALUE   (LST)  VALUE       VALUE  FROM      YEAR
                                                  NORMAL
..................................................................
TEMPERATURE (F)
 TODAY
  MAXIMUM         54    359 PM  77    1905  49      5       40
  MINIMUM         46   1231 AM  10    1887  33     13       37
  AVERAGE         50                        41      9       39

PRECIPITATION (IN)
  TODAY            0.28          1.56 1968   0.14   0.14     0.01
  MONTH TO DATE    3.73                      3.66   0.07     6.27
  SINCE SEP 1     11.83                     10.12   1.71    10.36
  SINCE JAN 1     40.31                     37.87   2.44    49.29

SNOWFALL (IN)
  TODAY           MM             6.5  1929   0.1   MM        0.0
  MONTH TO DATE    0.0                       0.6   -0.6       T
  SINCE SEP 1      0.0                       0.6   -0.6       T
  SINCE JUL 1      0.0                       0.6   -0.6       T
  SNOW DEPTH       0

DEGREE DAYS
 HEATING
  TODAY           15                        24     -9       26
  MONTH TO DATE  364                       499   -135      348
  SINCE SEP 1    455                       774   -319      517
  SINCE JUL 1    455                       775   -320      517

 COOLING
  TODAY            0                         0      0        0
  MONTH TO DATE   23                         0     23        1
  SINCE SEP 1    457                       243    214      366
  SINCE JAN 1   2162                      1642    520     1873
..................................................................


WIND (MPH)
  HIGHEST WIND SPEED    30   HIGHEST WIND DIRECTION     S (160)
  HIGHEST GUST SPEED    38   HIGHEST GUST DIRECTION    SE (150)
  AVERAGE WIND SPEED    16.9


SKY COVER
  AVERAGE SKY COVER 1.0



RELATIVE HUMIDITY (PERCENT)
 HIGHEST    89          1200 PM
 LOWEST     66           200 AM
 AVERAGE    78

..........................................................


THE ST. LOUIS CLIMATE NORMALS FOR TOMORROW
                         NORMAL    RECORD    YEAR
 MAXIMUM TEMPERATURE (F)   48        75      1933
 MINIMUM TEMPERATURE (F)   32         8      1976
                                             1929


SUNRISE AND SUNSET
NOVEMBER 28 2016......SUNRISE   658 AM CST   SUNSET   441 PM CST
NOVEMBER 29 2016......SUNRISE   659 AM CST   SUNSET   441 PM CST


-  INDICATES NEGATIVE NUMBERS.
R  INDICATES RECORD WAS SET OR TIED.
MM INDICATES DATA IS MISSING.
T  INDICATES TRACE AMOUNT.




$$
