000
CDUS43 KLSX 242232
CLISTL


CLIMATE REPORT
NATIONAL WEATHER SERVICE ST LOUIS MO
530 PM CDT SAT SEP 24 2016


...................................

...THE ST. LOUIS CLIMATE SUMMARY FOR SEPTEMBER 24 2016...
VALID TODAY AS OF 0500 PM LOCAL TIME.

CLIMATE NORMAL PERIOD 1981 TO 2010
CLIMATE RECORD PERIOD 1874 TO 2016


WEATHER ITEM   OBSERVED TIME   RECORD YEAR NORMAL DEPARTURE LAST
                VALUE   (LST)  VALUE       VALUE  FROM      YEAR
                                                  NORMAL
..................................................................
TEMPERATURE (F)
 TODAY
  MAXIMUM         92    247 PM  94    1891  77     15       85
                                      1881
  MINIMUM         73    513 AM  37    1942  57     16       60
  AVERAGE         83                        67     16       73

PRECIPITATION (IN)
  TODAY            0.00          2.57 1941   0.12  -0.12     0.00
  MONTH TO DATE    4.68                      2.49   2.19     2.08
  SINCE SEP 1      4.68                      2.49   2.19     2.08
  SINCE JAN 1     33.16                     30.24   2.92    41.01

SNOWFALL (IN)
  TODAY            0.0           0.0  2015   0.0    0.0      0.0
  MONTH TO DATE    0.0                       0.0    0.0      0.0
  SINCE SEP 1      0.0                       0.0    0.0      0.0
  SINCE JUL 1      0.0                       0.0    0.0      0.0
  SNOW DEPTH       0

DEGREE DAYS
 HEATING
  TODAY            0                         2     -2        0
  MONTH TO DATE    0                        19    -19        5
  SINCE SEP 1      0                        19    -19        5
  SINCE JUL 1      0                        20    -20        5

 COOLING
  TODAY           18                         4     14        8
  MONTH TO DATE  305                       182    123      277
  SINCE SEP 1    305                       182    123      277
  SINCE JAN 1   2010                      1581    429     1784
..................................................................


WIND (MPH)
  HIGHEST WIND SPEED    13   HIGHEST WIND DIRECTION     S (180)
  HIGHEST GUST SPEED    18   HIGHEST GUST DIRECTION     S (170)
  AVERAGE WIND SPEED     2.9


SKY COVER
  AVERAGE SKY COVER 0.2



RELATIVE HUMIDITY (PERCENT)
 HIGHEST    74           700 AM
 LOWEST     38           200 PM
 AVERAGE    56

..........................................................


THE ST. LOUIS CLIMATE NORMALS FOR TOMORROW
                         NORMAL    RECORD    YEAR
 MAXIMUM TEMPERATURE (F)   76        92      1900
                                             1881
 MINIMUM TEMPERATURE (F)   56        39      1942


SUNRISE AND SUNSET
SEPTEMBER 24 2016.....SUNRISE   651 AM CDT   SUNSET   654 PM CDT
SEPTEMBER 25 2016.....SUNRISE   652 AM CDT   SUNSET   653 PM CDT


-  INDICATES NEGATIVE NUMBERS.
R  INDICATES RECORD WAS SET OR TIED.
MM INDICATES DATA IS MISSING.
T  INDICATES TRACE AMOUNT.




$$
