000
CDUS43 KLSX 072226
CLISTL


CLIMATE REPORT
NATIONAL WEATHER SERVICE ST LOUIS MO
426 PM CST TUE NOV 7 2017


...................................

...THE ST. LOUIS CLIMATE SUMMARY FOR NOVEMBER 7 2017...
VALID TODAY AS OF 0400 PM LOCAL TIME.

CLIMATE NORMAL PERIOD 1981 TO 2010
CLIMATE RECORD PERIOD 1874 TO 2017


WEATHER ITEM   OBSERVED TIME   RECORD YEAR NORMAL DEPARTURE LAST
                VALUE   (LST)  VALUE       VALUE  FROM      YEAR
                                                  NORMAL
..................................................................
TEMPERATURE (F)
 TODAY
  MAXIMUM         50    335 PM  80    1945  60    -10       72
                                      1915
  MINIMUM         42    842 AM  14    1991  42      0       48
  AVERAGE         46                        51     -5       60

PRECIPITATION (IN)
  TODAY            T             2.22 1925   0.13  -0.13      T
  MONTH TO DATE    1.06                      0.85   0.21     2.82
  SINCE SEP 1      5.04                      7.31  -2.27    10.92
  SINCE JAN 1     35.34                     35.06   0.28    39.40

SNOWFALL (IN)
  TODAY           MM             1.6  1991   0.0   MM        0.0
  MONTH TO DATE    T                         0.1   -0.1      0.0
  SINCE SEP 1      T                         0.1   -0.1      0.0
  SINCE JUL 1      T                         0.1   -0.1      0.0
  SNOW DEPTH       0

DEGREE DAYS
 HEATING
  TODAY           19                        14      5        5
  MONTH TO DATE   74                        92    -18       35
  SINCE SEP 1    276                       367    -91      126
  SINCE JUL 1    276                       368    -92      126

 COOLING
  TODAY            0                         0      0        0
  MONTH TO DATE    0                         0      0       20
  SINCE SEP 1    357                       243    114      454
  SINCE JAN 1   1959                      1642    317     2159
..................................................................


WIND (MPH)
  HIGHEST WIND SPEED    17   HIGHEST WIND DIRECTION     N (20)
  HIGHEST GUST SPEED    23   HIGHEST GUST DIRECTION     N (20)
  AVERAGE WIND SPEED    10.1


SKY COVER
  AVERAGE SKY COVER 1.0



RELATIVE HUMIDITY (PERCENT)
 HIGHEST   100          1200 AM
 LOWEST     56           200 PM
 AVERAGE    78

..........................................................


THE ST. LOUIS CLIMATE NORMALS FOR TOMORROW
                         NORMAL    RECORD    YEAR
 MAXIMUM TEMPERATURE (F)   60        82      2005
 MINIMUM TEMPERATURE (F)   41         8      1991


SUNRISE AND SUNSET
NOVEMBER  7 2017......SUNRISE   635 AM CST   SUNSET   455 PM CST
NOVEMBER  8 2017......SUNRISE   636 AM CST   SUNSET   454 PM CST


-  INDICATES NEGATIVE NUMBERS.
R  INDICATES RECORD WAS SET OR TIED.
MM INDICATES DATA IS MISSING.
T  INDICATES TRACE AMOUNT.




$$
