000
CDUS43 KLSX 182128
CLISTL


CLIMATE REPORT
NATIONAL WEATHER SERVICE ST LOUIS MO
427 PM CDT THU AUG 18 2016


...................................

...THE ST. LOUIS CLIMATE SUMMARY FOR AUGUST 18 2016...
VALID TODAY AS OF 0400 PM LOCAL TIME.

CLIMATE NORMAL PERIOD 1981 TO 2010
CLIMATE RECORD PERIOD 1874 TO 2016


WEATHER ITEM   OBSERVED TIME   RECORD YEAR NORMAL DEPARTURE LAST
                VALUE   (LST)  VALUE       VALUE  FROM      YEAR
                                                  NORMAL
..................................................................
TEMPERATURE (F)
 TODAY
  MAXIMUM         92    257 PM 106    1936  88      4       91
  MINIMUM         74    539 AM  54    1963  70      4       69
  AVERAGE         83                        79      4       80

PRECIPITATION (IN)
  TODAY            0.00          2.10 1902   0.09  -0.09     0.45
  MONTH TO DATE    5.21                      1.80   3.41     5.30
  SINCE JUN 1     14.87                     10.19   4.68    22.57
  SINCE JAN 1     27.92                     26.56   1.36    37.56

SNOWFALL (IN)
  TODAY            0.0           0.0  2015   0.0    0.0      0.0
  MONTH TO DATE    0.0                       0.0    0.0      0.0
  SINCE JUN 1      0.0                       0.0    0.0      0.0
  SINCE JUL 1      0.0                       0.0    0.0      0.0
  SNOW DEPTH       0

DEGREE DAYS
 HEATING
  TODAY            0                         0      0        0
  MONTH TO DATE    0                         0      0        0
  SINCE JUN 1      0                         5     -5        3
  SINCE JUL 1      0                         0      0        0

 COOLING
  TODAY           18                        14      4       15
  MONTH TO DATE  293                       260     33      296
  SINCE JUN 1   1310                      1061    249     1176
  SINCE JAN 1   1504                      1235    269     1400
..................................................................


WIND (MPH)
  HIGHEST WIND SPEED    15   HIGHEST WIND DIRECTION    SW (230)
  HIGHEST GUST SPEED    19   HIGHEST GUST DIRECTION    SW (210)
  AVERAGE WIND SPEED     5.9


SKY COVER
  AVERAGE SKY COVER 0.2



RELATIVE HUMIDITY (PERCENT)
 HIGHEST    82           200 AM
 LOWEST     44           300 PM
 AVERAGE    63

..........................................................


THE ST. LOUIS CLIMATE NORMALS FOR TOMORROW
                         NORMAL    RECORD    YEAR
 MAXIMUM TEMPERATURE (F)   88       105      1962
                                             1936
 MINIMUM TEMPERATURE (F)   69        55      1953


SUNRISE AND SUNSET
AUGUST 18 2016........SUNRISE   619 AM CDT   SUNSET   751 PM CDT
AUGUST 19 2016........SUNRISE   619 AM CDT   SUNSET   750 PM CDT


-  INDICATES NEGATIVE NUMBERS.
R  INDICATES RECORD WAS SET OR TIED.
MM INDICATES DATA IS MISSING.
T  INDICATES TRACE AMOUNT.




$$
