000
CDUS43 KLSX 270741
CLISTL


CLIMATE REPORT
NATIONAL WEATHER SERVICE ST LOUIS MO
239 AM CDT SAT JUN 27 2015


...................................

...THE ST. LOUIS CLIMATE SUMMARY FOR JUNE 26 2015...

CLIMATE NORMAL PERIOD 1981 TO 2010
CLIMATE RECORD PERIOD 1874 TO 2015


WEATHER ITEM   OBSERVED TIME   RECORD YEAR NORMAL DEPARTURE LAST
                VALUE   (LST)  VALUE       VALUE  FROM      YEAR
                                                  NORMAL
..................................................................
TEMPERATURE (F)
 YESTERDAY
  MAXIMUM         83    125 PM 102    1954  88     -5       92
  MINIMUM         70   1159 PM  51    1958  70      0       72
  AVERAGE         77                        79     -2       82

PRECIPITATION (IN)
  YESTERDAY        1.11          2.00 1942   0.13   0.98      T
  MONTH TO DATE   12.10                      3.79   8.31     4.31
  SINCE JUN 1     12.10                      3.79   8.31     4.31
  SINCE JAN 1     27.09                     20.16   6.93    21.37

SNOWFALL (IN)
  YESTERDAY        0.0           0.0  2013   0.0    0.0      0.0
  MONTH TO DATE    0.0                       0.0    0.0      0.0
  SINCE JUN 1      0.0                       0.0    0.0      0.0
  SINCE JUL 1     16.8                      17.7   -0.9     28.8
  SNOW DEPTH       0

DEGREE DAYS
 HEATING
  YESTERDAY        0                         0      0        0
  MONTH TO DATE    3                         3      0        0
  SINCE JUN 1      3                         3      0        0
  SINCE JUL 1   4585                      4533     52     5027

 COOLING
  YESTERDAY       12                        14     -2       17
  MONTH TO DATE  344                       276     68      329
  SINCE JUN 1    344                       276     68      329
  SINCE JAN 1    568                       450    118      591
..................................................................


WIND (MPH)
  HIGHEST WIND SPEED    17   HIGHEST WIND DIRECTION     N (360)
  HIGHEST GUST SPEED    23   HIGHEST GUST DIRECTION     N (340)
  AVERAGE WIND SPEED     7.8


SKY COVER
  AVERAGE SKY COVER 0.9


WEATHER CONDITIONS
 THE FOLLOWING WEATHER WAS RECORDED YESTERDAY.
  THUNDERSTORM
  HEAVY RAIN
  RAIN
  LIGHT RAIN
  FOG


RELATIVE HUMIDITY (PERCENT)
 HIGHEST    90           600 AM
 LOWEST     62           300 PM
 AVERAGE    76

..........................................................


THE ST. LOUIS CLIMATE NORMALS FOR TODAY
                         NORMAL    RECORD    YEAR
 MAXIMUM TEMPERATURE (F)   88       104      1952
 MINIMUM TEMPERATURE (F)   70        55      1968


SUNRISE AND SUNSET
JUNE 27 2015..........SUNRISE   539 AM CDT   SUNSET   830 PM CDT
JUNE 28 2015..........SUNRISE   539 AM CDT   SUNSET   830 PM CDT


-  INDICATES NEGATIVE NUMBERS.
R  INDICATES RECORD WAS SET OR TIED.
MM INDICATES DATA IS MISSING.
T  INDICATES TRACE AMOUNT.




$$
