000
CDUS43 KLSX 180745
CLISTL


CLIMATE REPORT
NATIONAL WEATHER SERVICE ST LOUIS MO
245 AM CDT SAT OCT 18 2014


...................................

...THE ST. LOUIS CLIMATE SUMMARY FOR OCTOBER 17 2014...

CLIMATE NORMAL PERIOD 1981 TO 2010
CLIMATE RECORD PERIOD 1874 TO 2014


WEATHER ITEM   OBSERVED TIME   RECORD YEAR NORMAL DEPARTURE LAST
                VALUE   (LST)  VALUE       VALUE  FROM      YEAR
                                                  NORMAL
..................................................................
TEMPERATURE (F)
 YESTERDAY
  MAXIMUM         69        MM  88    1950  68      1       66
                                      1947
  MINIMUM         52        MM  29    1943  49      3       49
  AVERAGE         61                        58      3       58

PRECIPITATION (IN)
  YESTERDAY        0.00          1.48 1963   0.11  -0.11     0.02
  MONTH TO DATE    4.59                      1.82   2.77     1.07
  SINCE SEP 1      8.79                      4.95   3.84     3.81
  SINCE JAN 1     37.76                     32.70   5.06    38.42

SNOWFALL (IN)
  YESTERDAY        0.0           0.0  2013   0.0    0.0      0.0
  MONTH TO DATE    0.0                       0.0    0.0      0.0
  SINCE SEP 1      0.0                       0.0    0.0      0.0
  SINCE JUL 1      0.0                       0.0    0.0      0.0
  SNOW DEPTH       0

DEGREE DAYS
 HEATING
  YESTERDAY        4                         8     -4        7
  MONTH TO DATE   87                        98    -11       51
  SINCE SEP 1    126                       138    -12       54
  SINCE JUL 1    126                       139    -13       54

 COOLING
  YESTERDAY        0                         1     -1        0
  MONTH TO DATE   20                        31    -11       63
  SINCE SEP 1    213                       233    -20      342
  SINCE JAN 1   1718                      1632     86     1728
..................................................................


WIND (MPH)
  HIGHEST WIND SPEED    20   HIGHEST WIND DIRECTION    NW (300)
  HIGHEST GUST SPEED    31   HIGHEST GUST DIRECTION    NW (310)
  AVERAGE WIND SPEED    10.8


SKY COVER
  AVERAGE SKY COVER 0.3


WEATHER CONDITIONS
 THE FOLLOWING WEATHER WAS RECORDED YESTERDAY.
  NO SIGNIFICANT WEATHER WAS OBSERVED.


RELATIVE HUMIDITY (PERCENT)
 HIGHEST    77           400 AM
 LOWEST     47           100 PM
 AVERAGE    62

..........................................................


THE ST. LOUIS CLIMATE NORMALS FOR TODAY
                         NORMAL    RECORD    YEAR
 MAXIMUM TEMPERATURE (F)   68        87      1953
 MINIMUM TEMPERATURE (F)   48        27      1976


SUNRISE AND SUNSET
OCTOBER 18 2014.......SUNRISE   714 AM CDT   SUNSET   619 PM CDT
OCTOBER 19 2014.......SUNRISE   715 AM CDT   SUNSET   618 PM CDT


-  INDICATES NEGATIVE NUMBERS.
R  INDICATES RECORD WAS SET OR TIED.
MM INDICATES DATA IS MISSING.
T  INDICATES TRACE AMOUNT.




$$
