000
CDUS43 KLSX 160728
CLISTL


CLIMATE REPORT
NATIONAL WEATHER SERVICE ST LOUIS MO
227 AM CDT THU MAR 16 2017


...................................

...THE ST. LOUIS CLIMATE SUMMARY FOR MARCH 15 2017...

CLIMATE NORMAL PERIOD 1981 TO 2010
CLIMATE RECORD PERIOD 1874 TO 2017


WEATHER ITEM   OBSERVED TIME   RECORD YEAR NORMAL DEPARTURE LAST
                VALUE   (LST)  VALUE       VALUE  FROM      YEAR
                                                  NORMAL
..................................................................
TEMPERATURE (F)
 YESTERDAY
  MAXIMUM         40    346 PM  82    2016  56    -16       82
  MINIMUM         16    623 AM   9    1890  36    -20       54
  AVERAGE         28                        46    -18       68

PRECIPITATION (IN)
  YESTERDAY        0.00          1.42 1923   0.11  -0.11     0.00
  MONTH TO DATE    1.35                      1.42  -0.07     0.72
  SINCE MAR 1      1.35                      1.42  -0.07     0.72
  SINCE JAN 1      3.64                      6.06  -2.42     2.32

SNOWFALL (IN)
  YESTERDAY        0.0           5.0  1960   0.1   -0.1      0.0
  MONTH TO DATE    1.8                       1.5    0.3       T
  SINCE MAR 1      1.8                       1.5    0.3       T
  SINCE JUL 1      3.2                      16.5  -13.3     10.6
  SNOW DEPTH       0

DEGREE DAYS
 HEATING
  YESTERDAY       37                        19     18        0
  MONTH TO DATE  299                       327    -28      183
  SINCE MAR 1    299                       327    -28      183
  SINCE JUL 1   3032                      3925   -893     3013

 COOLING
  YESTERDAY        0                         0      0        3
  MONTH TO DATE    0                         0      0        8
  SINCE MAR 1      0                         0      0        8
  SINCE JAN 1      2                         0      2        8
..................................................................


WIND (MPH)
  HIGHEST WIND SPEED    10   HIGHEST WIND DIRECTION    NW (330)
  HIGHEST GUST SPEED    14   HIGHEST GUST DIRECTION    NW (330)
  AVERAGE WIND SPEED     5.5


SKY COVER
  AVERAGE SKY COVER 0.2


WEATHER CONDITIONS
 THE FOLLOWING WEATHER WAS RECORDED YESTERDAY.
  NO SIGNIFICANT WEATHER WAS OBSERVED.


RELATIVE HUMIDITY (PERCENT)
 HIGHEST    67           500 AM
 LOWEST     27           400 PM
 AVERAGE    47

..........................................................


THE ST. LOUIS CLIMATE NORMALS FOR TODAY
                         NORMAL    RECORD    YEAR
 MAXIMUM TEMPERATURE (F)   56        86      1945
 MINIMUM TEMPERATURE (F)   37        11      1900


SUNRISE AND SUNSET
MARCH 16 2017.........SUNRISE   711 AM CDT   SUNSET   710 PM CDT
MARCH 17 2017.........SUNRISE   709 AM CDT   SUNSET   711 PM CDT


-  INDICATES NEGATIVE NUMBERS.
R  INDICATES RECORD WAS SET OR TIED.
MM INDICATES DATA IS MISSING.
T  INDICATES TRACE AMOUNT.




$$
