000
CDUS43 KLSX 050729
CLISTL


CLIMATE REPORT
NATIONAL WEATHER SERVICE ST LOUIS MO
127 AM CST FRI FEB 5 2016


...................................

...THE ST. LOUIS CLIMATE SUMMARY FOR FEBRUARY 4 2016...

CLIMATE NORMAL PERIOD 1981 TO 2010
CLIMATE RECORD PERIOD 1874 TO 2016


WEATHER ITEM   OBSERVED TIME   RECORD YEAR NORMAL DEPARTURE LAST
                VALUE   (LST)  VALUE       VALUE  FROM      YEAR
                                                  NORMAL
..................................................................
TEMPERATURE (F)
 YESTERDAY
  MAXIMUM         43    408 PM  78    1962  42      1       41
  MINIMUM         22    657 AM  -7    1996  25     -3       16
                                      1912
                                      1895
  AVERAGE         33                        34     -1       29

PRECIPITATION (IN)
  YESTERDAY        0.00          1.36 1971   0.07  -0.07     0.06
  MONTH TO DATE    0.15                      0.30  -0.15     0.72
  SINCE DEC 1     12.69                      5.54   7.15     4.65
  SINCE JAN 1      0.95                      2.70  -1.75     1.93

SNOWFALL (IN)
  YESTERDAY        0.0           6.6  1990   0.2   -0.2      0.7
  MONTH TO DATE    T                         0.7   -0.7      0.9
  SINCE DEC 1      3.3                      10.7   -7.4      1.4
  SINCE JUL 1      3.3                      11.4   -8.1      5.2
  SNOW DEPTH       0

DEGREE DAYS
 HEATING
  YESTERDAY       32                        31      1       36
  MONTH TO DATE   86                       127    -41      138
  SINCE DEC 1   1642                      2095   -453     1920
  SINCE JUL 1   2204                      2921   -717     2877

 COOLING
  YESTERDAY        0                         0      0        0
  MONTH TO DATE    0                         0      0        0
  SINCE DEC 1      0                         0      0        0
  SINCE JAN 1      0                         0      0        0
..................................................................


WIND (MPH)
  HIGHEST WIND SPEED    17   HIGHEST WIND DIRECTION     W (280)
  HIGHEST GUST SPEED    24   HIGHEST GUST DIRECTION    NW (310)
  AVERAGE WIND SPEED     8.1


SKY COVER
  AVERAGE SKY COVER 0.3


WEATHER CONDITIONS
 THE FOLLOWING WEATHER WAS RECORDED YESTERDAY.
  NO SIGNIFICANT WEATHER WAS OBSERVED.


RELATIVE HUMIDITY (PERCENT)
 HIGHEST    68           700 AM
 LOWEST     29           500 PM
 AVERAGE    49

..........................................................


THE ST. LOUIS CLIMATE NORMALS FOR TODAY
                         NORMAL    RECORD    YEAR
 MAXIMUM TEMPERATURE (F)   42        71      1938
 MINIMUM TEMPERATURE (F)   25        -6      1979


SUNRISE AND SUNSET
FEBRUARY  5 2016......SUNRISE   704 AM CST   SUNSET   527 PM CST
FEBRUARY  6 2016......SUNRISE   703 AM CST   SUNSET   529 PM CST


-  INDICATES NEGATIVE NUMBERS.
R  INDICATES RECORD WAS SET OR TIED.
MM INDICATES DATA IS MISSING.
T  INDICATES TRACE AMOUNT.




$$
