000
CDUS43 KLSX 172238
CLISTL


CLIMATE REPORT
NATIONAL WEATHER SERVICE ST LOUIS MO
531 PM CDT SAT JUN 17 2017


...................................

...THE ST. LOUIS CLIMATE SUMMARY FOR JUNE 17 2017...
VALID TODAY AS OF 0500 PM LOCAL TIME.

CLIMATE NORMAL PERIOD 1981 TO 2010
CLIMATE RECORD PERIOD 1874 TO 2017


WEATHER ITEM   OBSERVED TIME   RECORD YEAR NORMAL DEPARTURE LAST
                VALUE   (LST)  VALUE       VALUE  FROM      YEAR
                                                  NORMAL
..................................................................
TEMPERATURE (F)
 TODAY
  MAXIMUM         90    335 PM  99    1944  86      4       88
  MINIMUM         72    613 AM  46    1961  68      4       70
  AVERAGE         81                        77      4       79

PRECIPITATION (IN)
  TODAY            0.03          2.44 1882   0.14  -0.11     0.00
  MONTH TO DATE    1.20                      2.54  -1.34     0.46
  SINCE JUN 1      1.20                      2.54  -1.34     0.46
  SINCE JAN 1     24.10                     18.91   5.19    13.51

SNOWFALL (IN)
  TODAY            0.0           0.0  2015   0.0    0.0      0.0
  MONTH TO DATE    0.0                       0.0    0.0      0.0
  SINCE JUN 1      0.0                       0.0    0.0      0.0
  SINCE JUL 1      3.2                      17.7  -14.5     10.9
  SNOW DEPTH       0

DEGREE DAYS
 HEATING
  TODAY            0                         0      0        0
  MONTH TO DATE    0                         3     -3        0
  SINCE JUN 1      0                         3     -3        0
  SINCE JUL 1   3397                      4533  -1136     3484

 COOLING
  TODAY           16                        12      4       14
  MONTH TO DATE  241                       160     81      260
  SINCE JUN 1    241                       160     81      260
  SINCE JAN 1    493                       334    159      454
..................................................................


WIND (MPH)
  HIGHEST WIND SPEED    16   HIGHEST WIND DIRECTION     S (160)
  HIGHEST GUST SPEED    21   HIGHEST GUST DIRECTION     S (200)
  AVERAGE WIND SPEED     8.0


SKY COVER
  AVERAGE SKY COVER 0.8



RELATIVE HUMIDITY (PERCENT)
 HIGHEST    79           500 AM
 LOWEST     51          1200 PM
 AVERAGE    65

..........................................................


THE ST. LOUIS CLIMATE NORMALS FOR TOMORROW
                         NORMAL    RECORD    YEAR
 MAXIMUM TEMPERATURE (F)   86       100      1953
 MINIMUM TEMPERATURE (F)   68        52      1961
                                             1945
                                             1876


SUNRISE AND SUNSET
JUNE 17 2017..........SUNRISE   536 AM CDT   SUNSET   829 PM CDT
JUNE 18 2017..........SUNRISE   536 AM CDT   SUNSET   829 PM CDT


-  INDICATES NEGATIVE NUMBERS.
R  INDICATES RECORD WAS SET OR TIED.
MM INDICATES DATA IS MISSING.
T  INDICATES TRACE AMOUNT.




$$
