750
CDUS43 KLSX 292226
CLISTL


CLIMATE REPORT
NATIONAL WEATHER SERVICE ST LOUIS MO
526 PM CDT FRI APR 29 2016


...................................

...THE ST. LOUIS CLIMATE SUMMARY FOR APRIL 29 2016...
VALID TODAY AS OF 0500 PM LOCAL TIME.

CLIMATE NORMAL PERIOD 1981 TO 2010
CLIMATE RECORD PERIOD 1874 TO 2016


WEATHER ITEM   OBSERVED TIME   RECORD YEAR NORMAL DEPARTURE LAST
                VALUE   (LST)  VALUE       VALUE  FROM      YEAR
                                                  NORMAL
..................................................................
TEMPERATURE (F)
 TODAY
  MAXIMUM         66    219 PM  91    1899  72     -6       76
  MINIMUM         54    537 AM  32    1874  52      2       46
  AVERAGE         60                        62     -2       61

PRECIPITATION (IN)
  TODAY            0.00          2.29 1911   0.13  -0.13     0.00
  MONTH TO DATE    3.00                      3.56  -0.56     5.42
  SINCE MAR 1      5.29                      6.88  -1.59     8.42
  SINCE JAN 1      6.89                     11.52  -4.63    11.37

SNOWFALL (IN)
  TODAY            0.0           0.0  2015   0.0    0.0      0.0
  MONTH TO DATE    0.0                       0.4   -0.4      0.0
  SINCE MAR 1      0.3                       2.7   -2.4      0.6
  SINCE JUL 1     10.9                      17.7   -6.8     16.8
  SNOW DEPTH       0

DEGREE DAYS
 HEATING
  TODAY            5                         5      0        4
  MONTH TO DATE  198                       265    -67      157
  SINCE MAR 1    571                       853   -282      726
  SINCE JUL 1   3401                      4451  -1050     4528

 COOLING
  TODAY            0                         2     -2        0
  MONTH TO DATE   49                        40      9       25
  SINCE MAR 1     57                        47     10       25
  SINCE JAN 1     57                        47     10       25
..................................................................


WIND (MPH)
  HIGHEST WIND SPEED    14   HIGHEST WIND DIRECTION     E (90)
  HIGHEST GUST SPEED    25   HIGHEST GUST DIRECTION     N (340)
  AVERAGE WIND SPEED     5.8


SKY COVER
  AVERAGE SKY COVER 0.9



RELATIVE HUMIDITY (PERCENT)
 HIGHEST    83           500 AM
 LOWEST     60          1100 AM
 AVERAGE    72

..........................................................


THE ST. LOUIS CLIMATE NORMALS FOR TOMORROW
                         NORMAL    RECORD    YEAR
 MAXIMUM TEMPERATURE (F)   72        91      2007
 MINIMUM TEMPERATURE (F)   52        35      1907
                                             1877


SUNRISE AND SUNSET
APRIL 29 2016.........SUNRISE   606 AM CDT   SUNSET   752 PM CDT
APRIL 30 2016.........SUNRISE   605 AM CDT   SUNSET   753 PM CDT


-  INDICATES NEGATIVE NUMBERS.
R  INDICATES RECORD WAS SET OR TIED.
MM INDICATES DATA IS MISSING.
T  INDICATES TRACE AMOUNT.




$$
