000
CDUS43 KLSX 202332
CLISTL


CLIMATE REPORT
NATIONAL WEATHER SERVICE ST LOUIS MO
532 PM CST THU NOV 20 2014


...................................

...THE ST. LOUIS CLIMATE SUMMARY FOR NOVEMBER 20 2014...
VALID TODAY AS OF 0500 PM LOCAL TIME.

CLIMATE NORMAL PERIOD 1981 TO 2010
CLIMATE RECORD PERIOD 1874 TO 2014


WEATHER ITEM   OBSERVED TIME   RECORD YEAR NORMAL DEPARTURE LAST
                VALUE   (LST)  VALUE       VALUE  FROM      YEAR
                                                  NORMAL
..................................................................
TEMPERATURE (F)
 TODAY
  MAXIMUM         40    322 PM  76    1942  53    -13       51
  MINIMUM         21    633 AM  14    1914  36    -15       33
  AVERAGE         31                        45    -14       42

PRECIPITATION (IN)
  TODAY            0.00          1.64 1956   0.14  -0.14     0.07
  MONTH TO DATE    0.75                      2.59  -1.84     0.65
  SINCE SEP 1     10.03                      9.05   0.98     5.74
  SINCE JAN 1     39.00                     36.80   2.20    40.35

SNOWFALL (IN)
  TODAY            0.0           3.3  1926   0.0    0.0      0.0
  MONTH TO DATE    2.4                       0.3    2.1       T
  SINCE SEP 1      2.4                       0.3    2.1       T
  SINCE JUL 1      2.4                       0.3    2.1       T
  SNOW DEPTH       0

DEGREE DAYS
 HEATING
  TODAY           34                        20     14       23
  MONTH TO DATE  499                       319    180      323
  SINCE SEP 1    735                       594    141      566
  SINCE JUL 1    735                       595    140      566

 COOLING
  TODAY            0                         0      0        0
  MONTH TO DATE    0                         0      0        0
  SINCE SEP 1    227                       243    -16      342
  SINCE JAN 1   1732                      1642     90     1728
..................................................................


WIND (MPH)
  HIGHEST WIND SPEED    14   HIGHEST WIND DIRECTION     W (260)
  HIGHEST GUST SPEED    16   HIGHEST GUST DIRECTION     W (290)
  AVERAGE WIND SPEED     6.5


SKY COVER
  AVERAGE SKY COVER 0.3



RELATIVE HUMIDITY (PERCENT)
 HIGHEST    77           700 AM
 LOWEST     44          1200 PM
 AVERAGE    61

..........................................................


THE ST. LOUIS CLIMATE NORMALS FOR TOMORROW
                         NORMAL    RECORD    YEAR
 MAXIMUM TEMPERATURE (F)   53        75      1990
                                             1913
 MINIMUM TEMPERATURE (F)   36         9      1880


SUNRISE AND SUNSET
NOVEMBER 20 2014......SUNRISE   649 AM CST   SUNSET   445 PM CST
NOVEMBER 21 2014......SUNRISE   650 AM CST   SUNSET   444 PM CST


-  INDICATES NEGATIVE NUMBERS.
R  INDICATES RECORD WAS SET OR TIED.
MM INDICATES DATA IS MISSING.
T  INDICATES TRACE AMOUNT.




$$
