000
CDUS43 KLSX 022131
CLISTL


CLIMATE REPORT
NATIONAL WEATHER SERVICE ST LOUIS MO
429 PM CDT TUE SEP 2 2014


...................................

...THE ST. LOUIS CLIMATE SUMMARY FOR SEPTEMBER 2 2014...
VALID TODAY AS OF 0400 PM LOCAL TIME.

CLIMATE NORMAL PERIOD 1981 TO 2010
CLIMATE RECORD PERIOD 1874 TO 2014


WEATHER ITEM   OBSERVED TIME   RECORD YEAR NORMAL DEPARTURE LAST
                VALUE   (LST)  VALUE       VALUE  FROM      YEAR
                                                  NORMAL
..................................................................
TEMPERATURE (F)
 TODAY
  MAXIMUM         84    249 PM 101    2011  85     -1       84
                                      1953
  MINIMUM         70    224 AM  50    1967  66      4       69
                                      1965
                                      1949
  AVERAGE         77                        76      1       77

PRECIPITATION (IN)
  TODAY            0.21          1.56 1993   0.11   0.10     0.00
  MONTH TO DATE    2.36                      0.21   2.15     1.81
  SINCE SEP 1      2.36                      0.21   2.15     1.81
  SINCE JAN 1     31.33                     27.96   3.37    36.42

SNOWFALL (IN)
  TODAY            0.0           0.0  2013   0.0    0.0      0.0
  MONTH TO DATE    0.0                       0.0    0.0      0.0
  SINCE SEP 1      0.0                       0.0    0.0      0.0
  SINCE JUL 1      0.0                       0.0    0.0      0.0
  SNOW DEPTH       0

DEGREE DAYS
 HEATING
  TODAY            0                         0      0        0
  MONTH TO DATE    0                         0      0        0
  SINCE SEP 1      0                         0      0        0
  SINCE JUL 1      0                         1     -1        0

 COOLING
  TODAY           12                        11      1       12
  MONTH TO DATE   25                        22      3       29
  SINCE SEP 1     25                        22      3       29
  SINCE JAN 1   1530                      1421    109     1415
..................................................................


WIND (MPH)
  HIGHEST WIND SPEED    14   HIGHEST WIND DIRECTION     W (250)
  HIGHEST GUST SPEED    20   HIGHEST GUST DIRECTION     W (250)
  AVERAGE WIND SPEED     8.3


SKY COVER
  AVERAGE SKY COVER 0.6



RELATIVE HUMIDITY (PERCENT)
 HIGHEST    90           500 AM
 LOWEST     63           300 PM
 AVERAGE    77

..........................................................


THE ST. LOUIS CLIMATE NORMALS FOR TOMORROW
                         NORMAL    RECORD    YEAR
 MAXIMUM TEMPERATURE (F)   85       101      2011
 MINIMUM TEMPERATURE (F)   66        45      1974


SUNRISE AND SUNSET
SEPTEMBER  2 2014.....SUNRISE   631 AM CDT   SUNSET   730 PM CDT
SEPTEMBER  3 2014.....SUNRISE   632 AM CDT   SUNSET   729 PM CDT


-  INDICATES NEGATIVE NUMBERS.
R  INDICATES RECORD WAS SET OR TIED.
MM INDICATES DATA IS MISSING.
T  INDICATES TRACE AMOUNT.




$$
