000
CDUS43 KLSX 112237
CLISTL


CLIMATE REPORT
NATIONAL WEATHER SERVICE ST LOUIS MO
536 PM CDT FRI JUL 11 2014


...................................

...THE ST. LOUIS CLIMATE SUMMARY FOR JULY 11 2014...
VALID TODAY AS OF 0500 PM LOCAL TIME.

CLIMATE NORMAL PERIOD 1981 TO 2010
CLIMATE RECORD PERIOD 1874 TO 2014


WEATHER ITEM   OBSERVED TIME   RECORD YEAR NORMAL DEPARTURE LAST
                VALUE   (LST)  VALUE       VALUE  FROM      YEAR
                                                  NORMAL
..................................................................
TEMPERATURE (F)
 TODAY
  MAXIMUM         90    304 PM 106    1966  89      1       84
                                      1930
  MINIMUM         66    500 AM  55    1963  71     -5       68
  AVERAGE         78                        80     -2       76

PRECIPITATION (IN)
  TODAY            0.00          2.60 1964   0.13  -0.13     0.00
  MONTH TO DATE    0.35                      1.47  -1.12     1.16
  SINCE JUN 1      5.61                      5.75  -0.14     7.09
  SINCE JAN 1     22.67                     22.12   0.55    31.23

SNOWFALL (IN)
  TODAY            0.0           0.0  2013   0.0    0.0      0.0
  MONTH TO DATE    0.0                       0.0    0.0      0.0
  SINCE JUN 1      0.0                       0.0    0.0      0.0
  SINCE JUL 1      0.0                       0.0    0.0      0.0
  SNOW DEPTH       0

DEGREE DAYS
 HEATING
  TODAY            0                         0      0        0
  MONTH TO DATE    0                         0      0        0
  SINCE JUN 1      0                         5     -5        1
  SINCE JUL 1      0                         0      0        0

 COOLING
  TODAY           13                        15     -2       11
  MONTH TO DATE  129                       165    -36      139
  SINCE JUN 1    527                       499     28      476
  SINCE JAN 1    789                       673    116      687
..................................................................


WIND (MPH)
  HIGHEST WIND SPEED    17   HIGHEST WIND DIRECTION    SE (150)
  HIGHEST GUST SPEED    23   HIGHEST GUST DIRECTION     S (160)
  AVERAGE WIND SPEED     8.1


SKY COVER
  AVERAGE SKY COVER 0.4



RELATIVE HUMIDITY (PERCENT)
 HIGHEST    73           400 AM
 LOWEST     50          1200 PM
 AVERAGE    62

..........................................................


THE ST. LOUIS CLIMATE NORMALS FOR TOMORROW
                         NORMAL    RECORD    YEAR
 MAXIMUM TEMPERATURE (F)   89       110      1954
 MINIMUM TEMPERATURE (F)   71        56      1975


SUNRISE AND SUNSET
JULY 11 2014..........SUNRISE   546 AM CDT   SUNSET   828 PM CDT
JULY 12 2014..........SUNRISE   547 AM CDT   SUNSET   827 PM CDT


-  INDICATES NEGATIVE NUMBERS.
R  INDICATES RECORD WAS SET OR TIED.
MM INDICATES DATA IS MISSING.
T  INDICATES TRACE AMOUNT.




$$
