000
CDUS43 KLSX 140730
CLISTL


CLIMATE REPORT
NATIONAL WEATHER SERVICE ST LOUIS MO
230 AM CDT SUN SEP 14 2014


...................................

...THE ST. LOUIS CLIMATE SUMMARY FOR SEPTEMBER 13 2014...

CLIMATE NORMAL PERIOD 1981 TO 2010
CLIMATE RECORD PERIOD 1874 TO 2014


WEATHER ITEM   OBSERVED TIME   RECORD YEAR NORMAL DEPARTURE LAST
                VALUE   (LST)  VALUE       VALUE  FROM      YEAR
                                                  NORMAL
..................................................................
TEMPERATURE (F)
 YESTERDAY
  MAXIMUM         65    214 PM 100    1939  81    -16       76
  MINIMUM         45    609 AM  43    1975  62    -17       58
  AVERAGE         55                        72    -17       67

PRECIPITATION (IN)
  YESTERDAY        0.00          4.61 1945   0.10  -0.10     0.00
  MONTH TO DATE    4.09                      1.34   2.75     2.22
  SINCE SEP 1      4.09                      1.34   2.75     2.22
  SINCE JAN 1     33.06                     29.09   3.97    36.83

SNOWFALL (IN)
  YESTERDAY        0.0           0.0  2013   0.0    0.0      0.0
  MONTH TO DATE    0.0                       0.0    0.0      0.0
  SINCE SEP 1      0.0                       0.0    0.0      0.0
  SINCE JUL 1      0.0                       0.0    0.0      0.0
  SNOW DEPTH       0

DEGREE DAYS
 HEATING
  YESTERDAY       10                         1      9        0
  MONTH TO DATE   22                         2     20        0
  SINCE SEP 1     22                         2     20        0
  SINCE JUL 1     22                         3     19        0

 COOLING
  YESTERDAY        0                         7     -7        2
  MONTH TO DATE  117                       121     -4      185
  SINCE SEP 1    117                       121     -4      185
  SINCE JAN 1   1622                      1520    102     1571
..................................................................


WIND (MPH)
  HIGHEST WIND SPEED    16   HIGHEST WIND DIRECTION     N (350)
  HIGHEST GUST SPEED    22   HIGHEST GUST DIRECTION     N (360)
  AVERAGE WIND SPEED     4.3


SKY COVER
  AVERAGE SKY COVER 0.5


WEATHER CONDITIONS
 THE FOLLOWING WEATHER WAS RECORDED YESTERDAY.
  HAZE


RELATIVE HUMIDITY (PERCENT)
 HIGHEST    89           500 AM
 LOWEST     40           400 PM
 AVERAGE    65

..........................................................


THE ST. LOUIS CLIMATE NORMALS FOR TODAY
                         NORMAL    RECORD    YEAR
 MAXIMUM TEMPERATURE (F)   81       101      1939
 MINIMUM TEMPERATURE (F)   61        46      1996
                                             1974
                                             1949


SUNRISE AND SUNSET
SEPTEMBER 14 2014.....SUNRISE   642 AM CDT   SUNSET   711 PM CDT
SEPTEMBER 15 2014.....SUNRISE   643 AM CDT   SUNSET   710 PM CDT


-  INDICATES NEGATIVE NUMBERS.
R  INDICATES RECORD WAS SET OR TIED.
MM INDICATES DATA IS MISSING.
T  INDICATES TRACE AMOUNT.




$$
