000
CDUS43 KLSX 280745
CLISTL


CLIMATE REPORT
NATIONAL WEATHER SERVICE ST LOUIS MO
245 AM CDT SUN JUN 28 2015


...................................

...THE ST. LOUIS CLIMATE SUMMARY FOR JUNE 27 2015...

CLIMATE NORMAL PERIOD 1981 TO 2010
CLIMATE RECORD PERIOD 1874 TO 2015


WEATHER ITEM   OBSERVED TIME   RECORD YEAR NORMAL DEPARTURE LAST
                VALUE   (LST)  VALUE       VALUE  FROM      YEAR
                                                  NORMAL
..................................................................
TEMPERATURE (F)
 YESTERDAY
  MAXIMUM         82    144 PM 104    1952  88     -6       88
  MINIMUM         67    700 AM  55    1968  70     -3       73
  AVERAGE         75                        79     -4       81

PRECIPITATION (IN)
  YESTERDAY        T             3.26 1886   0.12  -0.12     0.95
  MONTH TO DATE   12.10                      3.91   8.19     5.26
  SINCE JUN 1     12.10                      3.91   8.19     5.26
  SINCE JAN 1     27.09                     20.28   6.81    22.32

SNOWFALL (IN)
  YESTERDAY        0.0           0.0  2013   0.0    0.0      0.0
  MONTH TO DATE    0.0                       0.0    0.0      0.0
  SINCE JUN 1      0.0                       0.0    0.0      0.0
  SINCE JUL 1     16.8                      17.7   -0.9     28.8
  SNOW DEPTH       0

DEGREE DAYS
 HEATING
  YESTERDAY        0                         0      0        0
  MONTH TO DATE    3                         3      0        0
  SINCE JUN 1      3                         3      0        0
  SINCE JUL 1   4585                      4533     52     5027

 COOLING
  YESTERDAY       10                        14     -4       16
  MONTH TO DATE  354                       290     64      345
  SINCE JUN 1    354                       290     64      345
  SINCE JAN 1    578                       464    114      607
..................................................................


WIND (MPH)
  HIGHEST WIND SPEED    15   HIGHEST WIND DIRECTION     N (360)
  HIGHEST GUST SPEED    21   HIGHEST GUST DIRECTION     N (350)
  AVERAGE WIND SPEED     7.6


SKY COVER
  AVERAGE SKY COVER 0.7


WEATHER CONDITIONS
 THE FOLLOWING WEATHER WAS RECORDED YESTERDAY.
  NO SIGNIFICANT WEATHER WAS OBSERVED.


RELATIVE HUMIDITY (PERCENT)
 HIGHEST    84          1200 AM
 LOWEST     54          1200 PM
 AVERAGE    69

..........................................................


THE ST. LOUIS CLIMATE NORMALS FOR TODAY
                         NORMAL    RECORD    YEAR
 MAXIMUM TEMPERATURE (F)   88       108      2012
 MINIMUM TEMPERATURE (F)   70        54      1968


SUNRISE AND SUNSET
JUNE 28 2015..........SUNRISE   539 AM CDT   SUNSET   830 PM CDT
JUNE 29 2015..........SUNRISE   539 AM CDT   SUNSET   830 PM CDT


-  INDICATES NEGATIVE NUMBERS.
R  INDICATES RECORD WAS SET OR TIED.
MM INDICATES DATA IS MISSING.
T  INDICATES TRACE AMOUNT.




$$
