000
CDUS43 KLSX 142224
CLISTL


CLIMATE REPORT
NATIONAL WEATHER SERVICE ST LOUIS MO
523 PM CDT TUE MAR 14 2017


...................................

...THE ST. LOUIS CLIMATE SUMMARY FOR MARCH 14 2017...
VALID TODAY AS OF 0500 PM LOCAL TIME.

CLIMATE NORMAL PERIOD 1981 TO 2010
CLIMATE RECORD PERIOD 1874 TO 2017


WEATHER ITEM   OBSERVED TIME   RECORD YEAR NORMAL DEPARTURE LAST
                VALUE   (LST)  VALUE       VALUE  FROM      YEAR
                                                  NORMAL
..................................................................
TEMPERATURE (F)
 TODAY
  MAXIMUM         32    128 AM  86    2012  55    -23       70
  MINIMUM         29   1227 PM  13    1993  36     -7       54
  AVERAGE         31                        46    -15       62

PRECIPITATION (IN)
  TODAY            T             1.21 2011   0.10  -0.10     0.14
  MONTH TO DATE    1.35                      1.31   0.04     0.72
  SINCE MAR 1      1.35                      1.31   0.04     0.72
  SINCE JAN 1      3.64                      5.95  -2.31     2.32

SNOWFALL (IN)
  TODAY            T             3.0  1896   0.0    0.0      0.0
  MONTH TO DATE    1.7                       1.4    0.3       T
  SINCE MAR 1      1.7                       1.4    0.3       T
  SINCE JUL 1      3.1                      16.4  -13.3     10.6
  SNOW DEPTH       T

DEGREE DAYS
 HEATING
  TODAY           34                        20     14        3
  MONTH TO DATE  258                       308    -50      183
  SINCE MAR 1    258                       308    -50      183
  SINCE JUL 1   2991                      3906   -915     3013

 COOLING
  TODAY            0                         0      0        0
  MONTH TO DATE    0                         0      0        5
  SINCE MAR 1      0                         0      0        5
  SINCE JAN 1      2                         0      2        5
..................................................................


WIND (MPH)
  HIGHEST WIND SPEED    17   HIGHEST WIND DIRECTION     N (20)
  HIGHEST GUST SPEED    21   HIGHEST GUST DIRECTION     N (360)
  AVERAGE WIND SPEED    12.2


SKY COVER
  AVERAGE SKY COVER 0.9



RELATIVE HUMIDITY (PERCENT)
 HIGHEST    85          1000 AM
 LOWEST     58           300 PM
 AVERAGE    72

..........................................................


THE ST. LOUIS CLIMATE NORMALS FOR TOMORROW
                         NORMAL    RECORD    YEAR
 MAXIMUM TEMPERATURE (F)   56        82      2016
 MINIMUM TEMPERATURE (F)   36         9      1890


SUNRISE AND SUNSET
MARCH 14 2017.........SUNRISE   714 AM CDT   SUNSET   708 PM CDT
MARCH 15 2017.........SUNRISE   712 AM CDT   SUNSET   709 PM CDT


-  INDICATES NEGATIVE NUMBERS.
R  INDICATES RECORD WAS SET OR TIED.
MM INDICATES DATA IS MISSING.
T  INDICATES TRACE AMOUNT.




$$
