000
CDUS43 KLSX 150736
CLISTL


CLIMATE REPORT
NATIONAL WEATHER SERVICE ST LOUIS MO
235 AM CDT TUE APR 15 2014


...................................

...THE ST. LOUIS CLIMATE SUMMARY FOR APRIL 14 2014...

CLIMATE NORMAL PERIOD 1981 TO 2010
CLIMATE RECORD PERIOD 1874 TO 2014


WEATHER ITEM   OBSERVED TIME   RECORD YEAR NORMAL DEPARTURE LAST
                VALUE   (LST)  VALUE       VALUE  FROM      YEAR
                                                  NORMAL
..................................................................
TEMPERATURE (F)
 YESTERDAY
  MAXIMUM         60   1218 AM  92    2006  67     -7       80
  MINIMUM         35   1159 PM  28    1950  47    -12       47
                                      1943
  AVERAGE         48                        57     -9       64

PRECIPITATION (IN)
  YESTERDAY        0.07          1.60 1879   0.12  -0.05     0.00
  MONTH TO DATE    6.05                      1.67   4.38     1.14
  SINCE MAR 1      7.60                      4.99   2.61     6.09
  SINCE JAN 1     10.75                      9.63   1.12    12.48

SNOWFALL (IN)
  YESTERDAY        T             5.0  1980   0.0    0.0      0.0
  MONTH TO DATE    T                         0.3   -0.3       T
  SINCE MAR 1      1.6                       2.6   -1.0     14.3
  SINCE JUL 1     28.8                      17.6   11.2     27.9
  SNOW DEPTH       0

DEGREE DAYS
 HEATING
  YESTERDAY       17                         9      8        1
  MONTH TO DATE  134                       160    -26      150
  SINCE MAR 1    824                       748     76      903
  SINCE JUL 1   4861                      4346    515     4220

 COOLING
  YESTERDAY        0                         1     -1        0
  MONTH TO DATE   13                        14     -1       21
  SINCE MAR 1     13                        21     -8       21
  SINCE JAN 1     13                        21     -8       21
..................................................................


WIND (MPH)
  HIGHEST WIND SPEED    23   HIGHEST WIND DIRECTION    NW (320)
  HIGHEST GUST SPEED    31   HIGHEST GUST DIRECTION    NW (330)
  AVERAGE WIND SPEED    14.9


SKY COVER
  AVERAGE SKY COVER 0.9


WEATHER CONDITIONS
 THE FOLLOWING WEATHER WAS RECORDED YESTERDAY.
  LIGHT RAIN
  SNOW
  LIGHT SNOW
  FOG
  HAZE


RELATIVE HUMIDITY (PERCENT)
 HIGHEST    86           200 AM
 LOWEST     64          1100 PM
 AVERAGE    75

..........................................................


THE ST. LOUIS CLIMATE NORMALS FOR TODAY
                         NORMAL    RECORD    YEAR
 MAXIMUM TEMPERATURE (F)   67        89      2002
 MINIMUM TEMPERATURE (F)   47        27      1928


SUNRISE AND SUNSET
APRIL 15 2014.........SUNRISE   625 AM CDT   SUNSET   738 PM CDT
APRIL 16 2014.........SUNRISE   624 AM CDT   SUNSET   739 PM CDT


-  INDICATES NEGATIVE NUMBERS.
R  INDICATES RECORD WAS SET OR TIED.
MM INDICATES DATA IS MISSING.
T  INDICATES TRACE AMOUNT.




$$
