000
CDUS43 KLSX 232229
CLISTL


CLIMATE REPORT
NATIONAL WEATHER SERVICE ST LOUIS MO
529 PM CDT SAT AUG 23 2014


...................................

...THE ST. LOUIS CLIMATE SUMMARY FOR AUGUST 23 2014...
VALID TODAY AS OF 0500 PM LOCAL TIME.

CLIMATE NORMAL PERIOD 1981 TO 2010
CLIMATE RECORD PERIOD 1874 TO 2014


WEATHER ITEM   OBSERVED TIME   RECORD YEAR NORMAL DEPARTURE LAST
                VALUE   (LST)  VALUE       VALUE  FROM      YEAR
                                                  NORMAL
..................................................................
TEMPERATURE (F)
 TODAY
  MAXIMUM         99    343 PM 102    1947  87     12       90
                                      1938
                                      1936
  MINIMUM         80    534 AM  54    1966  69     11       74
  AVERAGE         90                        78     12       82

PRECIPITATION (IN)
  TODAY            0.00          1.58 1977   0.09  -0.09     0.00
  MONTH TO DATE    4.46                      2.26   2.20     1.01
  SINCE JUN 1     11.31                     10.65   0.66    10.29
  SINCE JAN 1     28.37                     27.02   1.35    34.43

SNOWFALL (IN)
  TODAY            0.0           0.0  2013   0.0    0.0      0.0
  MONTH TO DATE    0.0                       0.0    0.0      0.0
  SINCE JUN 1      0.0                       0.0    0.0      0.0
  SINCE JUL 1      0.0                       0.0    0.0      0.0
  SNOW DEPTH       0

DEGREE DAYS
 HEATING
  TODAY            0                         0      0        0
  MONTH TO DATE    0                         0      0        0
  SINCE JUN 1      0                         5     -5        1
  SINCE JUL 1      0                         0      0        0

 COOLING
  TODAY           25                        13     12       17
  MONTH TO DATE  320                       327     -7      260
  SINCE JUN 1   1080                      1128    -48     1003
  SINCE JAN 1   1342                      1302     40     1214
..................................................................


WIND (MPH)
  HIGHEST WIND SPEED    13   HIGHEST WIND DIRECTION     W (280)
  HIGHEST GUST SPEED    16   HIGHEST GUST DIRECTION     W (280)
  AVERAGE WIND SPEED     4.7


SKY COVER
  AVERAGE SKY COVER 0.5



RELATIVE HUMIDITY (PERCENT)
 HIGHEST    91           100 AM
 LOWEST     45          1100 AM
 AVERAGE    68

..........................................................


THE ST. LOUIS CLIMATE NORMALS FOR TOMORROW
                         NORMAL    RECORD    YEAR
 MAXIMUM TEMPERATURE (F)   87       103      1947
 MINIMUM TEMPERATURE (F)   69        51      1942


SUNRISE AND SUNSET
AUGUST 23 2014........SUNRISE   623 AM CDT   SUNSET   745 PM CDT
AUGUST 24 2014........SUNRISE   623 AM CDT   SUNSET   744 PM CDT


-  INDICATES NEGATIVE NUMBERS.
R  INDICATES RECORD WAS SET OR TIED.
MM INDICATES DATA IS MISSING.
T  INDICATES TRACE AMOUNT.




$$
