000
CDUS43 KLSX 262229
CLISTL


CLIMATE REPORT
NATIONAL WEATHER SERVICE ST LOUIS MO
526 PM CDT TUE APR 26 2016


...................................

...THE ST. LOUIS CLIMATE SUMMARY FOR APRIL 26 2016...
VALID TODAY AS OF 0500 PM LOCAL TIME.

CLIMATE NORMAL PERIOD 1981 TO 2010
CLIMATE RECORD PERIOD 1874 TO 2016


WEATHER ITEM   OBSERVED TIME   RECORD YEAR NORMAL DEPARTURE LAST
                VALUE   (LST)  VALUE       VALUE  FROM      YEAR
                                                  NORMAL
..................................................................
TEMPERATURE (F)
 TODAY
  MAXIMUM         83   1045 AM  93    1989  71     12       64
  MINIMUM         60    122 PM  30    1976  51      9       48
  AVERAGE         72                        61     11       56

PRECIPITATION (IN)
  TODAY            1.07          1.66 1912   0.12   0.95      T
  MONTH TO DATE    2.86                      3.17  -0.31     5.42
  SINCE MAR 1      5.15                      6.49  -1.34     8.42
  SINCE JAN 1      6.75                     11.13  -4.38    11.37

SNOWFALL (IN)
  TODAY            0.0           0.0  2015   0.0    0.0      0.0
  MONTH TO DATE    0.0                       0.4   -0.4      0.0
  SINCE MAR 1      0.3                       2.7   -2.4      0.6
  SINCE JUL 1     10.9                      17.7   -6.8     16.8
  SNOW DEPTH       0

DEGREE DAYS
 HEATING
  TODAY            0                         6     -6        9
  MONTH TO DATE  193                       249    -56      135
  SINCE MAR 1    566                       837   -271      704
  SINCE JUL 1   3396                      4435  -1039     4506

 COOLING
  TODAY            7                         2      5        0
  MONTH TO DATE   44                        34     10       25
  SINCE MAR 1     52                        41     11       25
  SINCE JAN 1     52                        41     11       25
..................................................................


WIND (MPH)
  HIGHEST WIND SPEED    48   HIGHEST WIND DIRECTION     W (250)
  HIGHEST GUST SPEED    60   HIGHEST GUST DIRECTION    SW (240)
  AVERAGE WIND SPEED     4.6


SKY COVER
  AVERAGE SKY COVER 0.8



RELATIVE HUMIDITY (PERCENT)
 HIGHEST    84           300 PM
 LOWEST     55          1000 AM
 AVERAGE    70

..........................................................


THE ST. LOUIS CLIMATE NORMALS FOR TOMORROW
                         NORMAL    RECORD    YEAR
 MAXIMUM TEMPERATURE (F)   71        92      1989
 MINIMUM TEMPERATURE (F)   51        34      1967
                                             1933
                                             1932


SUNRISE AND SUNSET
APRIL 26 2016.........SUNRISE   610 AM CDT   SUNSET   750 PM CDT
APRIL 27 2016.........SUNRISE   608 AM CDT   SUNSET   750 PM CDT


-  INDICATES NEGATIVE NUMBERS.
R  INDICATES RECORD WAS SET OR TIED.
MM INDICATES DATA IS MISSING.
T  INDICATES TRACE AMOUNT.




$$
