000
CDUS43 KLSX 290733
CLISTL


CLIMATE REPORT
NATIONAL WEATHER SERVICE ST LOUIS MO
131 AM CST FRI JAN 29 2016


...................................

...THE ST. LOUIS CLIMATE SUMMARY FOR JANUARY 28 2016...

CLIMATE NORMAL PERIOD 1981 TO 2010
CLIMATE RECORD PERIOD 1874 TO 2016


WEATHER ITEM   OBSERVED TIME   RECORD YEAR NORMAL DEPARTURE LAST
                VALUE   (LST)  VALUE       VALUE  FROM      YEAR
                                                  NORMAL
..................................................................
TEMPERATURE (F)
 YESTERDAY
  MAXIMUM         56    143 PM  76    1970  41     15       52
  MINIMUM         34   1159 PM -11    1936  24     10       28
  AVERAGE         45                        32     13       40

PRECIPITATION (IN)
  YESTERDAY        0.00          1.54 1876   0.07  -0.07     0.00
  MONTH TO DATE    0.80                      2.18  -1.38     1.21
  SINCE DEC 1     12.54                      5.02   7.52     3.93
  SINCE JAN 1      0.80                      2.18  -1.38     1.21

SNOWFALL (IN)
  YESTERDAY        0.0           2.1  1895   0.2   -0.2      0.0
  MONTH TO DATE    3.3                       5.1   -1.8      0.3
  SINCE DEC 1      3.3                       9.5   -6.2      0.5
  SINCE JUL 1      3.3                      10.2   -6.9      4.3
  SNOW DEPTH       0

DEGREE DAYS
 HEATING
  YESTERDAY       20                        33    -13       25
  MONTH TO DATE  912                       932    -20      903
  SINCE DEC 1   1509                      1871   -362     1707
  SINCE JUL 1   2071                      2697   -626     2664

 COOLING
  YESTERDAY        0                         0      0        0
  MONTH TO DATE    0                         0      0        0
  SINCE DEC 1      0                         0      0        0
  SINCE JAN 1      0                         0      0        0
..................................................................


WIND (MPH)
  HIGHEST WIND SPEED    25   HIGHEST WIND DIRECTION    NW (310)
  HIGHEST GUST SPEED    31   HIGHEST GUST DIRECTION    NW (330)
  AVERAGE WIND SPEED    11.8


SKY COVER
  AVERAGE SKY COVER 0.5


WEATHER CONDITIONS
 THE FOLLOWING WEATHER WAS RECORDED YESTERDAY.
  NO SIGNIFICANT WEATHER WAS OBSERVED.


RELATIVE HUMIDITY (PERCENT)
 HIGHEST    70          1000 PM
 LOWEST     38          1200 PM
 AVERAGE    54

..........................................................


THE ST. LOUIS CLIMATE NORMALS FOR TODAY
                         NORMAL    RECORD    YEAR
 MAXIMUM TEMPERATURE (F)   41        73      2008
 MINIMUM TEMPERATURE (F)   24        -8      1966


SUNRISE AND SUNSET
JANUARY 29 2016.......SUNRISE   710 AM CST   SUNSET   519 PM CST
JANUARY 30 2016.......SUNRISE   710 AM CST   SUNSET   520 PM CST


-  INDICATES NEGATIVE NUMBERS.
R  INDICATES RECORD WAS SET OR TIED.
MM INDICATES DATA IS MISSING.
T  INDICATES TRACE AMOUNT.




$$
