000
CDUS43 KLSX 182228
CLISTL


CLIMATE REPORT
NATIONAL WEATHER SERVICE ST LOUIS MO
526 PM CDT FRI JUL 18 2014


...................................

...THE ST. LOUIS CLIMATE SUMMARY FOR JULY 18 2014...
VALID TODAY AS OF 0500 PM LOCAL TIME.

CLIMATE NORMAL PERIOD 1981 TO 2010
CLIMATE RECORD PERIOD 1874 TO 2014


WEATHER ITEM   OBSERVED TIME   RECORD YEAR NORMAL DEPARTURE LAST
                VALUE   (LST)  VALUE       VALUE  FROM      YEAR
                                                  NORMAL
..................................................................
TEMPERATURE (F)
 TODAY
  MAXIMUM         82    347 PM 112    1954  89     -7       94
  MINIMUM         65    500 AM  57    1976  71     -6       78
  AVERAGE         74                        80     -6       86

PRECIPITATION (IN)
  TODAY            0.00          1.62 1915   0.14  -0.14     0.28
  MONTH TO DATE    1.57                      2.44  -0.87     1.77
  SINCE JUN 1      6.83                      6.72   0.11     7.70
  SINCE JAN 1     23.89                     23.09   0.80    31.84

SNOWFALL (IN)
  TODAY            0.0           0.0  2013   0.0    0.0      0.0
  MONTH TO DATE    0.0                       0.0    0.0      0.0
  SINCE JUN 1      0.0                       0.0    0.0      0.0
  SINCE JUL 1      0.0                       0.0    0.0      0.0
  SNOW DEPTH       0

DEGREE DAYS
 HEATING
  TODAY            0                         0      0        0
  MONTH TO DATE    0                         0      0        0
  SINCE JUN 1      0                         5     -5        1
  SINCE JUL 1      0                         0      0        0

 COOLING
  TODAY            9                        15     -6       21
  MONTH TO DATE  209                       270    -61      254
  SINCE JUN 1    607                       604      3      591
  SINCE JAN 1    869                       778     91      802
..................................................................


WIND (MPH)
  HIGHEST WIND SPEED    16   HIGHEST WIND DIRECTION     E (90)
  HIGHEST GUST SPEED    21   HIGHEST GUST DIRECTION     E (90)
  AVERAGE WIND SPEED     5.1


SKY COVER
  AVERAGE SKY COVER 0.7



RELATIVE HUMIDITY (PERCENT)
 HIGHEST    78           500 AM
 LOWEST     39          1200 PM
 AVERAGE    59

..........................................................


THE ST. LOUIS CLIMATE NORMALS FOR TOMORROW
                         NORMAL    RECORD    YEAR
 MAXIMUM TEMPERATURE (F)   89       106      1934
 MINIMUM TEMPERATURE (F)   71        59      1984


SUNRISE AND SUNSET
JULY 18 2014..........SUNRISE   551 AM CDT   SUNSET   824 PM CDT
JULY 19 2014..........SUNRISE   552 AM CDT   SUNSET   823 PM CDT


-  INDICATES NEGATIVE NUMBERS.
R  INDICATES RECORD WAS SET OR TIED.
MM INDICATES DATA IS MISSING.
T  INDICATES TRACE AMOUNT.




$$
