000
CDUS43 KLSX 092229
CLISTL


CLIMATE REPORT
NATIONAL WEATHER SERVICE ST LOUIS MO
428 PM CST SUN NOV 9 2014


...................................

...THE ST. LOUIS CLIMATE SUMMARY FOR NOVEMBER 9 2014...
VALID TODAY AS OF 0400 PM LOCAL TIME.

CLIMATE NORMAL PERIOD 1981 TO 2010
CLIMATE RECORD PERIOD 1874 TO 2014


WEATHER ITEM   OBSERVED TIME   RECORD YEAR NORMAL DEPARTURE LAST
                VALUE   (LST)  VALUE       VALUE  FROM      YEAR
                                                  NORMAL
..................................................................
TEMPERATURE (F)
 TODAY
  MAXIMUM         64    309 PM  78    1975  59      5       69
  MINIMUM         34    329 AM  16    1991  41     -7       48
  AVERAGE         49                        50     -1       59

PRECIPITATION (IN)
  TODAY            0.00          1.18 1946   0.12  -0.12     0.00
  MONTH TO DATE    0.58                      1.09  -0.51     0.44
  SINCE SEP 1      9.86                      7.55   2.31     5.53
  SINCE JAN 1     38.83                     35.30   3.53    40.14

SNOWFALL (IN)
  TODAY            0.0           T    1968   0.0    0.0      0.0
  MONTH TO DATE    0.0                       0.1   -0.1      0.0
  SINCE SEP 1      0.0                       0.1   -0.1      0.0
  SINCE JUL 1      0.0                       0.1   -0.1      0.0
  SNOW DEPTH       0

DEGREE DAYS
 HEATING
  TODAY           16                        15      1        6
  MONTH TO DATE  149                       122     27      123
  SINCE SEP 1    385                       397    -12      366
  SINCE JUL 1    385                       398    -13      366

 COOLING
  TODAY            0                         0      0        0
  MONTH TO DATE    0                         0      0        0
  SINCE SEP 1    227                       243    -16      342
  SINCE JAN 1   1732                      1642     90     1728
..................................................................


WIND (MPH)
  HIGHEST WIND SPEED    16   HIGHEST WIND DIRECTION     S (190)
  HIGHEST GUST SPEED    29   HIGHEST GUST DIRECTION     S (200)
  AVERAGE WIND SPEED     6.6


SKY COVER
  AVERAGE SKY COVER 0.5



RELATIVE HUMIDITY (PERCENT)
 HIGHEST    75           100 AM
 LOWEST     32           200 PM
 AVERAGE    54

..........................................................


THE ST. LOUIS CLIMATE NORMALS FOR TOMORROW
                         NORMAL    RECORD    YEAR
 MAXIMUM TEMPERATURE (F)   59        81      2012
 MINIMUM TEMPERATURE (F)   41        18      1973


SUNRISE AND SUNSET
NOVEMBER  9 2014......SUNRISE   637 AM CST   SUNSET   453 PM CST
NOVEMBER 10 2014......SUNRISE   638 AM CST   SUNSET   452 PM CST


-  INDICATES NEGATIVE NUMBERS.
R  INDICATES RECORD WAS SET OR TIED.
MM INDICATES DATA IS MISSING.
T  INDICATES TRACE AMOUNT.




$$
