000
CDUS43 KLSX 080745
CLISTL


CLIMATE REPORT
NATIONAL WEATHER SERVICE ST LOUIS MO
145 AM CST WED FEB 8 2017


...................................

...THE ST. LOUIS CLIMATE SUMMARY FOR FEBRUARY 7 2017...

CLIMATE NORMAL PERIOD 1981 TO 2010
CLIMATE RECORD PERIOD 1874 TO 2017


WEATHER ITEM   OBSERVED TIME   RECORD YEAR NORMAL DEPARTURE LAST
                VALUE   (LST)  VALUE       VALUE  FROM      YEAR
                                                  NORMAL
..................................................................
TEMPERATURE (F)
 YESTERDAY
  MAXIMUM         67   1026 AM  71    2015  43     24       55
  MINIMUM         40   1159 PM  -3    1895  26     14       38
  AVERAGE         54                        34     20       47

PRECIPITATION (IN)
  YESTERDAY        0.01          1.79 1999   0.08  -0.07      T
  MONTH TO DATE    0.02                      0.54  -0.52     0.15
  SINCE DEC 1      2.95                      5.78  -2.83    12.69
  SINCE JAN 1      1.82                      2.94  -1.12     0.95

SNOWFALL (IN)
  YESTERDAY        0.0           2.6  1973   0.2   -0.2      0.0
  MONTH TO DATE    0.0                       1.2   -1.2       T
  SINCE DEC 1      1.2                      11.2  -10.0      3.3
  SINCE JUL 1      1.2                      11.9  -10.7      3.3
  SNOW DEPTH       0

DEGREE DAYS
 HEATING
  YESTERDAY       11                        31    -20       18
  MONTH TO DATE  175                       220    -45      156
  SINCE DEC 1   1936                      2188   -252     1712
  SINCE JUL 1   2427                      3014   -587     2274

 COOLING
  YESTERDAY        0                         0      0        0
  MONTH TO DATE    0                         0      0        0
  SINCE DEC 1      0                         0      0        0
  SINCE JAN 1      0                         0      0        0
..................................................................


WIND (MPH)
  HIGHEST WIND SPEED    33   HIGHEST WIND DIRECTION    SW (210)
  HIGHEST GUST SPEED    45   HIGHEST GUST DIRECTION    SW (220)
  AVERAGE WIND SPEED    14.2


SKY COVER
  AVERAGE SKY COVER 0.8


WEATHER CONDITIONS
 THE FOLLOWING WEATHER WAS RECORDED YESTERDAY.
  THUNDERSTORM
  LIGHT RAIN


RELATIVE HUMIDITY (PERCENT)
 HIGHEST    84          1200 AM
 LOWEST     44           300 PM
 AVERAGE    64

..........................................................


THE ST. LOUIS CLIMATE NORMALS FOR TODAY
                         NORMAL    RECORD    YEAR
 MAXIMUM TEMPERATURE (F)   43        70      1990
 MINIMUM TEMPERATURE (F)   26       -12      1895


SUNRISE AND SUNSET
FEBRUARY  8 2017......SUNRISE   700 AM CST   SUNSET   532 PM CST
FEBRUARY  9 2017......SUNRISE   659 AM CST   SUNSET   533 PM CST


-  INDICATES NEGATIVE NUMBERS.
R  INDICATES RECORD WAS SET OR TIED.
MM INDICATES DATA IS MISSING.
T  INDICATES TRACE AMOUNT.




$$
