000
CDUS43 KLSX 120733
CLISTL


CLIMATE REPORT
NATIONAL WEATHER SERVICE ST LOUIS MO
233 AM CDT FRI SEP 12 2014


...................................

...THE ST. LOUIS CLIMATE SUMMARY FOR SEPTEMBER 11 2014...

CLIMATE NORMAL PERIOD 1981 TO 2010
CLIMATE RECORD PERIOD 1874 TO 2014


WEATHER ITEM   OBSERVED TIME   RECORD YEAR NORMAL DEPARTURE LAST
                VALUE   (LST)  VALUE       VALUE  FROM      YEAR
                                                  NORMAL
..................................................................
TEMPERATURE (F)
 YESTERDAY
  MAXIMUM         67    120 AM  98    2013  82    -15       98
  MINIMUM         56   1159 PM  42    1940  63     -7       72
  AVERAGE         62                        73    -11       85

PRECIPITATION (IN)
  YESTERDAY        T             1.28 1944   0.10  -0.10     0.00
  MONTH TO DATE    4.08                      1.13   2.95     2.22
  SINCE SEP 1      4.08                      1.13   2.95     2.22
  SINCE JAN 1     33.05                     28.88   4.17    36.83

SNOWFALL (IN)
  YESTERDAY        0.0           0.0  2013   0.0    0.0      0.0
  MONTH TO DATE    0.0                       0.0    0.0      0.0
  SINCE SEP 1      0.0                       0.0    0.0      0.0
  SINCE JUL 1      0.0                       0.0    0.0      0.0
  SNOW DEPTH       0

DEGREE DAYS
 HEATING
  YESTERDAY        3                         0      3        0
  MONTH TO DATE    3                         0      3        0
  SINCE SEP 1      3                         0      3        0
  SINCE JUL 1      3                         1      2        0

 COOLING
  YESTERDAY        0                         8     -8       20
  MONTH TO DATE  117                       106     11      171
  SINCE SEP 1    117                       106     11      171
  SINCE JAN 1   1622                      1505    117     1557
..................................................................


WIND (MPH)
  HIGHEST WIND SPEED    16   HIGHEST WIND DIRECTION     N (20)
  HIGHEST GUST SPEED    20   HIGHEST GUST DIRECTION     N (20)
  AVERAGE WIND SPEED    10.0


SKY COVER
  AVERAGE SKY COVER 1.0


WEATHER CONDITIONS
 THE FOLLOWING WEATHER WAS RECORDED YESTERDAY.
  LIGHT RAIN
  FOG


RELATIVE HUMIDITY (PERCENT)
 HIGHEST    87          1200 AM
 LOWEST     72           500 PM
 AVERAGE    80

..........................................................


THE ST. LOUIS CLIMATE NORMALS FOR TODAY
                         NORMAL    RECORD    YEAR
 MAXIMUM TEMPERATURE (F)   82        98      1956
                                             1936
                                             1897
 MINIMUM TEMPERATURE (F)   62        44      1940


SUNRISE AND SUNSET
SEPTEMBER 12 2014.....SUNRISE   640 AM CDT   SUNSET   714 PM CDT
SEPTEMBER 13 2014.....SUNRISE   641 AM CDT   SUNSET   713 PM CDT


-  INDICATES NEGATIVE NUMBERS.
R  INDICATES RECORD WAS SET OR TIED.
MM INDICATES DATA IS MISSING.
T  INDICATES TRACE AMOUNT.




$$
