000
CDUS43 KLSX 162143
CLISTL


CLIMATE REPORT
NATIONAL WEATHER SERVICE ST LOUIS MO
442 PM CDT SAT AUG 16 2014


...................................

...THE ST. LOUIS CLIMATE SUMMARY FOR AUGUST 16 2014...
VALID TODAY AS OF 0400 PM LOCAL TIME.

CLIMATE NORMAL PERIOD 1981 TO 2010
CLIMATE RECORD PERIOD 1874 TO 2014


WEATHER ITEM   OBSERVED TIME   RECORD YEAR NORMAL DEPARTURE LAST
                VALUE   (LST)  VALUE       VALUE  FROM      YEAR
                                                  NORMAL
..................................................................
TEMPERATURE (F)
 TODAY
  MAXIMUM         81    259 PM 103    1936  88     -7       77
  MINIMUM         71   1025 AM  56    1992  70      1       60
                                      1964
  AVERAGE         76                        79     -3       69

PRECIPITATION (IN)
  TODAY            0.87          2.35 1946   0.09   0.78     0.00
  MONTH TO DATE    4.14                      1.61   2.53     1.01
  SINCE JUN 1     10.99                     10.00   0.99    10.29
  SINCE JAN 1     28.05                     26.37   1.68    34.43

SNOWFALL (IN)
  TODAY            0.0           0.0  2013   0.0    0.0      0.0
  MONTH TO DATE    0.0                       0.0    0.0      0.0
  SINCE JUN 1      0.0                       0.0    0.0      0.0
  SINCE JUL 1      0.0                       0.0    0.0      0.0
  SNOW DEPTH       0

DEGREE DAYS
 HEATING
  TODAY            0                         0      0        0
  MONTH TO DATE    0                         0      0        0
  SINCE JUN 1      0                         5     -5        1
  SINCE JUL 1      0                         0      0        0

 COOLING
  TODAY           11                        14     -3        4
  MONTH TO DATE  191                       232    -41      162
  SINCE JUN 1    951                      1033    -82      905
  SINCE JAN 1   1213                      1207      6     1116
..................................................................


WIND (MPH)
  HIGHEST WIND SPEED    16   HIGHEST WIND DIRECTION     S (180)
  HIGHEST GUST SPEED    21   HIGHEST GUST DIRECTION     S (200)
  AVERAGE WIND SPEED     9.5


SKY COVER
  AVERAGE SKY COVER 0.9



RELATIVE HUMIDITY (PERCENT)
 HIGHEST    93           700 AM
 LOWEST     60           100 PM
 AVERAGE    77

..........................................................


THE ST. LOUIS CLIMATE NORMALS FOR TOMORROW
                         NORMAL    RECORD    YEAR
 MAXIMUM TEMPERATURE (F)   88       104      1936
 MINIMUM TEMPERATURE (F)   70        55      1879


SUNRISE AND SUNSET
AUGUST 16 2014........SUNRISE   616 AM CDT   SUNSET   755 PM CDT
AUGUST 17 2014........SUNRISE   617 AM CDT   SUNSET   753 PM CDT


-  INDICATES NEGATIVE NUMBERS.
R  INDICATES RECORD WAS SET OR TIED.
MM INDICATES DATA IS MISSING.
T  INDICATES TRACE AMOUNT.




$$
