000
CDUS43 KLSX 012143
CLISTL


CLIMATE REPORT
NATIONAL WEATHER SERVICE ST LOUIS MO
442 PM CDT TUE SEP 1 2015


...................................

...THE ST. LOUIS CLIMATE SUMMARY FOR SEPTEMBER 1 2015...
VALID TODAY AS OF 0400 PM LOCAL TIME.

CLIMATE NORMAL PERIOD 1981 TO 2010
CLIMATE RECORD PERIOD 1874 TO 2015


WEATHER ITEM   OBSERVED TIME   RECORD YEAR NORMAL DEPARTURE LAST
                VALUE   (LST)  VALUE       VALUE  FROM      YEAR
                                                  NORMAL
..................................................................
TEMPERATURE (F)
 TODAY
  MAXIMUM         93    257 PM 104    2011  86      7       87
                                      1984
  MINIMUM         75    555 AM  49    1967  67      8       69
                                      1949
  AVERAGE         84                        76      8       78

PRECIPITATION (IN)
  TODAY            0.00          4.70 1931   0.10  -0.10     2.15
  MONTH TO DATE    0.00                      0.10  -0.10     2.15
  SINCE SEP 1      0.00                      0.10  -0.10     2.15
  SINCE JAN 1     38.93                     27.85  11.08    31.12

SNOWFALL (IN)
  TODAY            0.0           0.0  2013   0.0    0.0      0.0
  MONTH TO DATE    0.0                       0.0    0.0      0.0
  SINCE SEP 1      0.0                       0.0    0.0      0.0
  SINCE JUL 1      0.0                       0.0    0.0      0.0
  SNOW DEPTH       0

DEGREE DAYS
 HEATING
  TODAY            0                         0      0        0
  MONTH TO DATE    0                         0      0        0
  SINCE SEP 1      0                         0      0        0
  SINCE JUL 1      0                         1     -1        0

 COOLING
  TODAY           19                        11      8       13
  MONTH TO DATE   19                        11      8       13
  SINCE SEP 1     19                        11      8       13
  SINCE JAN 1   1526                      1410    116     1518
..................................................................


WIND (MPH)
  HIGHEST WIND SPEED    14   HIGHEST WIND DIRECTION     S (200)
  HIGHEST GUST SPEED    20   HIGHEST GUST DIRECTION     S (200)
  AVERAGE WIND SPEED     5.6


SKY COVER
  AVERAGE SKY COVER 0.2



RELATIVE HUMIDITY (PERCENT)
 HIGHEST    82           400 AM
 LOWEST     41           100 PM
 AVERAGE    62

..........................................................


THE ST. LOUIS CLIMATE NORMALS FOR TOMORROW
                         NORMAL    RECORD    YEAR
 MAXIMUM TEMPERATURE (F)   85       101      2011
                                             1953
 MINIMUM TEMPERATURE (F)   66        50      1967
                                             1965
                                             1949


SUNRISE AND SUNSET
SEPTEMBER  1 2015.....SUNRISE   630 AM CDT   SUNSET   732 PM CDT
SEPTEMBER  2 2015.....SUNRISE   631 AM CDT   SUNSET   730 PM CDT


-  INDICATES NEGATIVE NUMBERS.
R  INDICATES RECORD WAS SET OR TIED.
MM INDICATES DATA IS MISSING.
T  INDICATES TRACE AMOUNT.




$$
