000
CDUS43 KLSX 282134
CLISTL


CLIMATE REPORT
NATIONAL WEATHER SERVICE ST LOUIS MO
433 PM CDT THU MAY 28 2015


...................................

...THE ST. LOUIS CLIMATE SUMMARY FOR MAY 28 2015...
VALID TODAY AS OF 0400 PM LOCAL TIME.

CLIMATE NORMAL PERIOD 1981 TO 2010
CLIMATE RECORD PERIOD 1874 TO 2015


WEATHER ITEM   OBSERVED TIME   RECORD YEAR NORMAL DEPARTURE LAST
                VALUE   (LST)  VALUE       VALUE  FROM      YEAR
                                                  NORMAL
..................................................................
TEMPERATURE (F)
 TODAY
  MAXIMUM         86    122 PM  94    2012  80      6       87
  MINIMUM         62    310 AM  42    1971  61      1       67
  AVERAGE         74                        70      4       77

PRECIPITATION (IN)
  TODAY            T             1.95 1989   0.16  -0.16     0.00
  MONTH TO DATE    3.00                      4.22  -1.22     3.84
  SINCE MAR 1     11.42                     11.23   0.19    13.77
  SINCE JAN 1     14.37                     15.87  -1.50    16.92

SNOWFALL (IN)
  TODAY            0.0           0.0  2014   0.0    0.0      0.0
  MONTH TO DATE    0.0                       0.0    0.0      0.0
  SINCE MAR 1      0.6                       2.7   -2.1      1.6
  SINCE JUL 1     16.8                      17.7   -0.9     28.8
  SNOW DEPTH       0

DEGREE DAYS
 HEATING
  TODAY            0                         1     -1        0
  MONTH TO DATE   42                        72    -30       79
  SINCE MAR 1    772                       930   -158      990
  SINCE JUL 1   4574                      4528     46     5027

 COOLING
  TODAY            9                         6      3       12
  MONTH TO DATE  183                       108     75      185
  SINCE MAR 1    208                       154     54      222
  SINCE JAN 1    208                       154     54      222
..................................................................


WIND (MPH)
  HIGHEST WIND SPEED    16   HIGHEST WIND DIRECTION     S (190)
  HIGHEST GUST SPEED    21   HIGHEST GUST DIRECTION     S (190)
  AVERAGE WIND SPEED     6.4


SKY COVER
  AVERAGE SKY COVER 0.7



RELATIVE HUMIDITY (PERCENT)
 HIGHEST    78           400 AM
 LOWEST     51           200 PM
 AVERAGE    65

..........................................................


THE ST. LOUIS CLIMATE NORMALS FOR TOMORROW
                         NORMAL    RECORD    YEAR
 MAXIMUM TEMPERATURE (F)   80        94      1926
 MINIMUM TEMPERATURE (F)   61        41      1984


SUNRISE AND SUNSET
MAY 28 2015...........SUNRISE   540 AM CDT   SUNSET   818 PM CDT
MAY 29 2015...........SUNRISE   540 AM CDT   SUNSET   818 PM CDT


-  INDICATES NEGATIVE NUMBERS.
R  INDICATES RECORD WAS SET OR TIED.
MM INDICATES DATA IS MISSING.
T  INDICATES TRACE AMOUNT.




$$
