000
CDUS43 KLSX 142239
CLISTL


CLIMATE REPORT
NATIONAL WEATHER SERVICE ST LOUIS MO
539 PM CDT SUN AUG 14 2016


...................................

...THE ST. LOUIS CLIMATE SUMMARY FOR AUGUST 14 2016...
VALID TODAY AS OF 0500 PM LOCAL TIME.

CLIMATE NORMAL PERIOD 1981 TO 2010
CLIMATE RECORD PERIOD 1874 TO 2016


WEATHER ITEM   OBSERVED TIME   RECORD YEAR NORMAL DEPARTURE LAST
                VALUE   (LST)  VALUE       VALUE  FROM      YEAR
                                                  NORMAL
..................................................................
TEMPERATURE (F)
 TODAY
  MAXIMUM         76    757 AM 103    2007  88    -12       90
  MINIMUM         69   1213 PM  55    1933  70     -1       73
  AVERAGE         73                        79     -6       82

PRECIPITATION (IN)
  TODAY            0.19          3.67 1916   0.09   0.10     0.00
  MONTH TO DATE    2.52                      1.43   1.09     4.79
  SINCE JUN 1     12.18                      9.82   2.36    22.06
  SINCE JAN 1     25.23                     26.19  -0.96    37.05

SNOWFALL (IN)
  TODAY            0.0           0.0  2015   0.0    0.0      0.0
  MONTH TO DATE    0.0                       0.0    0.0      0.0
  SINCE JUN 1      0.0                       0.0    0.0      0.0
  SINCE JUL 1      0.0                       0.0    0.0      0.0
  SNOW DEPTH       0

DEGREE DAYS
 HEATING
  TODAY            0                         0      0        0
  MONTH TO DATE    0                         0      0        0
  SINCE JUN 1      0                         5     -5        3
  SINCE JUL 1      0                         0      0        0

 COOLING
  TODAY            8                        14     -6       17
  MONTH TO DATE  233                       204     29      229
  SINCE JUN 1   1250                      1005    245     1109
  SINCE JAN 1   1444                      1179    265     1333
..................................................................


WIND (MPH)
  HIGHEST WIND SPEED    16   HIGHEST WIND DIRECTION    SE (140)
  HIGHEST GUST SPEED    19   HIGHEST GUST DIRECTION     S (170)
  AVERAGE WIND SPEED     4.5


SKY COVER
  AVERAGE SKY COVER 0.9



RELATIVE HUMIDITY (PERCENT)
 HIGHEST    93           600 AM
 LOWEST     64           400 PM
 AVERAGE    79

..........................................................


THE ST. LOUIS CLIMATE NORMALS FOR TOMORROW
                         NORMAL    RECORD    YEAR
 MAXIMUM TEMPERATURE (F)   88       105      2007
 MINIMUM TEMPERATURE (F)   70        51      1992


SUNRISE AND SUNSET
AUGUST 14 2016........SUNRISE   615 AM CDT   SUNSET   757 PM CDT
AUGUST 15 2016........SUNRISE   616 AM CDT   SUNSET   755 PM CDT


-  INDICATES NEGATIVE NUMBERS.
R  INDICATES RECORD WAS SET OR TIED.
MM INDICATES DATA IS MISSING.
T  INDICATES TRACE AMOUNT.




$$
