000
CDUS43 KLSX 022229
CLISTL


CLIMATE REPORT
NATIONAL WEATHER SERVICE ST LOUIS MO
428 PM CST FRI FEB 2 2018


...................................

...THE ST. LOUIS CLIMATE SUMMARY FOR FEBRUARY 2 2018...
VALID TODAY AS OF 0400 PM LOCAL TIME.

CLIMATE NORMAL PERIOD 1981 TO 2010
CLIMATE RECORD PERIOD 1874 TO 2018


WEATHER ITEM   OBSERVED TIME   RECORD YEAR NORMAL DEPARTURE LAST
                VALUE   (LST)  VALUE       VALUE  FROM      YEAR
                                                  NORMAL
..................................................................
TEMPERATURE (F)
 TODAY
  MAXIMUM         31    345 PM  66    2016  42    -11       38
  MINIMUM         11    734 AM -10    1917  25    -14       26
                                      1905
  AVERAGE         21                        33    -12       32

PRECIPITATION (IN)
  TODAY            0.00          1.18 1883   0.07  -0.07     0.00
  MONTH TO DATE    0.00                      0.15  -0.15     0.00
  SINCE DEC 1      2.07                      5.39  -3.32     2.93
  SINCE JAN 1      1.23                      2.55  -1.32     1.80

SNOWFALL (IN)
  TODAY            0.0           7.8  1961   0.2   -0.2      0.0
  MONTH TO DATE    0.0                       0.4   -0.4      0.0
  SINCE DEC 1      4.7                      10.4   -5.7      1.2
  SINCE JUL 1      4.7                      11.1   -6.4      1.2
  SNOW DEPTH       0

DEGREE DAYS
 HEATING
  TODAY           44                        32     12       33
  MONTH TO DATE   80                        64     16       58
  SINCE DEC 1   2099                      2032     67     1819
  SINCE JUL 1   2801                      2858    -57     2310

 COOLING
  TODAY            0                         0      0        0
  MONTH TO DATE    0                         0      0        0
  SINCE DEC 1      0                         0      0        0
  SINCE JAN 1      0                         0      0        0
..................................................................


WIND (MPH)
  HIGHEST WIND SPEED    14   HIGHEST WIND DIRECTION    NW (330)
  HIGHEST GUST SPEED    18   HIGHEST GUST DIRECTION    NW (330)
  AVERAGE WIND SPEED     5.2


SKY COVER
  AVERAGE SKY COVER 0.1



RELATIVE HUMIDITY (PERCENT)
 HIGHEST    67           500 AM
 LOWEST     27           400 PM
 AVERAGE    47

..........................................................


THE ST. LOUIS CLIMATE NORMALS FOR TOMORROW
                         NORMAL    RECORD    YEAR
 MAXIMUM TEMPERATURE (F)   42        75      1890
 MINIMUM TEMPERATURE (F)   25       -12      1996


SUNRISE AND SUNSET
FEBRUARY  2 2018......SUNRISE   706 AM CST   SUNSET   524 PM CST
FEBRUARY  3 2018......SUNRISE   706 AM CST   SUNSET   526 PM CST


-  INDICATES NEGATIVE NUMBERS.
R  INDICATES RECORD WAS SET OR TIED.
MM INDICATES DATA IS MISSING.
T  INDICATES TRACE AMOUNT.




$$
