000
CDUS43 KLSX 152236
CLISTL


CLIMATE REPORT
NATIONAL WEATHER SERVICE ST LOUIS MO
536 PM CDT FRI AUG 15 2014


...................................

...THE ST. LOUIS CLIMATE SUMMARY FOR AUGUST 15 2014...
VALID TODAY AS OF 0500 PM LOCAL TIME.

CLIMATE NORMAL PERIOD 1981 TO 2010
CLIMATE RECORD PERIOD 1874 TO 2014


WEATHER ITEM   OBSERVED TIME   RECORD YEAR NORMAL DEPARTURE LAST
                VALUE   (LST)  VALUE       VALUE  FROM      YEAR
                                                  NORMAL
..................................................................
TEMPERATURE (F)
 TODAY
  MAXIMUM         87    259 PM 105    2007  88     -1       76
  MINIMUM         67    434 AM  51    1992  70     -3       60
  AVERAGE         77                        79     -2       68

PRECIPITATION (IN)
  TODAY            0.00          4.31 1946   0.09  -0.09     0.00
  MONTH TO DATE    3.18                      1.52   1.66     1.01
  SINCE JUN 1     10.03                      9.91   0.12    10.29
  SINCE JAN 1     27.09                     26.28   0.81    34.43

SNOWFALL (IN)
  TODAY            0.0           0.0  2013   0.0    0.0      0.0
  MONTH TO DATE    0.0                       0.0    0.0      0.0
  SINCE JUN 1      0.0                       0.0    0.0      0.0
  SINCE JUL 1      0.0                       0.0    0.0      0.0
  SNOW DEPTH       0

DEGREE DAYS
 HEATING
  TODAY            0                         0      0        0
  MONTH TO DATE    0                         0      0        0
  SINCE JUN 1      0                         5     -5        1
  SINCE JUL 1      0                         0      0        0

 COOLING
  TODAY           12                        14     -2        3
  MONTH TO DATE  180                       218    -38      158
  SINCE JUN 1    940                      1019    -79      901
  SINCE JAN 1   1202                      1193      9     1112
..................................................................


WIND (MPH)
  HIGHEST WIND SPEED    12   HIGHEST WIND DIRECTION    SE (130)
  HIGHEST GUST SPEED    15   HIGHEST GUST DIRECTION     S (190)
  AVERAGE WIND SPEED     4.9


SKY COVER
  AVERAGE SKY COVER 0.6



RELATIVE HUMIDITY (PERCENT)
 HIGHEST    87           500 AM
 LOWEST     48           100 PM
 AVERAGE    68

..........................................................


THE ST. LOUIS CLIMATE NORMALS FOR TOMORROW
                         NORMAL    RECORD    YEAR
 MAXIMUM TEMPERATURE (F)   88       103      1936
 MINIMUM TEMPERATURE (F)   70        56      1992
                                             1964


SUNRISE AND SUNSET
AUGUST 15 2014........SUNRISE   615 AM CDT   SUNSET   756 PM CDT
AUGUST 16 2014........SUNRISE   616 AM CDT   SUNSET   755 PM CDT


-  INDICATES NEGATIVE NUMBERS.
R  INDICATES RECORD WAS SET OR TIED.
MM INDICATES DATA IS MISSING.
T  INDICATES TRACE AMOUNT.




$$
