000
CDUS43 KLSX 262227
CLISTL


CLIMATE REPORT
NATIONAL WEATHER SERVICE ST LOUIS MO
526 PM CDT SAT JUL 26 2014


...................................

...THE ST. LOUIS CLIMATE SUMMARY FOR JULY 26 2014...
VALID TODAY AS OF 0500 PM LOCAL TIME.

CLIMATE NORMAL PERIOD 1981 TO 2010
CLIMATE RECORD PERIOD 1874 TO 2014


WEATHER ITEM   OBSERVED TIME   RECORD YEAR NORMAL DEPARTURE LAST
                VALUE   (LST)  VALUE       VALUE  FROM      YEAR
                                                  NORMAL
..................................................................
TEMPERATURE (F)
 TODAY
  MAXIMUM         99    146 PM 105    1936  89     10       76
  MINIMUM         73    553 AM  55    1962  71      2       69
  AVERAGE         86                        80      6       73

PRECIPITATION (IN)
  TODAY            0.00          2.24 1909   0.12  -0.12     0.05
  MONTH TO DATE    1.59                      3.47  -1.88     1.82
  SINCE JUN 1      6.85                      7.75  -0.90     7.75
  SINCE JAN 1     23.91                     24.12  -0.21    31.89

SNOWFALL (IN)
  TODAY            0.0           0.0  2013   0.0    0.0      0.0
  MONTH TO DATE    0.0                       0.0    0.0      0.0
  SINCE JUN 1      0.0                       0.0    0.0      0.0
  SINCE JUL 1      0.0                       0.0    0.0      0.0
  SNOW DEPTH       0

DEGREE DAYS
 HEATING
  TODAY            0                         0      0        0
  MONTH TO DATE    0                         0      0        0
  SINCE JUN 1      0                         5     -5        1
  SINCE JUL 1      0                         0      0        0

 COOLING
  TODAY           21                        15      6        8
  MONTH TO DATE  310                       390    -80      372
  SINCE JUN 1    708                       724    -16      709
  SINCE JAN 1    970                       898     72      920
..................................................................


WIND (MPH)
  HIGHEST WIND SPEED    23   HIGHEST WIND DIRECTION     W (280)
  HIGHEST GUST SPEED    30   HIGHEST GUST DIRECTION     W (280)
  AVERAGE WIND SPEED    10.5


SKY COVER
  AVERAGE SKY COVER 0.6



RELATIVE HUMIDITY (PERCENT)
 HIGHEST    82           700 AM
 LOWEST     39           200 PM
 AVERAGE    61

..........................................................


THE ST. LOUIS CLIMATE NORMALS FOR TOMORROW
                         NORMAL    RECORD    YEAR
 MAXIMUM TEMPERATURE (F)   89       106      1930
 MINIMUM TEMPERATURE (F)   71        51      1962


SUNRISE AND SUNSET
JULY 26 2014..........SUNRISE   558 AM CDT   SUNSET   818 PM CDT
JULY 27 2014..........SUNRISE   559 AM CDT   SUNSET   817 PM CDT


-  INDICATES NEGATIVE NUMBERS.
R  INDICATES RECORD WAS SET OR TIED.
MM INDICATES DATA IS MISSING.
T  INDICATES TRACE AMOUNT.




$$
