000
CDUS43 KLSX 242129
CLISTL


CLIMATE REPORT
NATIONAL WEATHER SERVICE ST LOUIS MO
429 PM CDT WED SEP 24 2014


...................................

...THE ST. LOUIS CLIMATE SUMMARY FOR SEPTEMBER 24 2014...
VALID TODAY AS OF 0400 PM LOCAL TIME.

CLIMATE NORMAL PERIOD 1981 TO 2010
CLIMATE RECORD PERIOD 1874 TO 2014


WEATHER ITEM   OBSERVED TIME   RECORD YEAR NORMAL DEPARTURE LAST
                VALUE   (LST)  VALUE       VALUE  FROM      YEAR
                                                  NORMAL
..................................................................
TEMPERATURE (F)
 TODAY
  MAXIMUM         79    252 PM  94    1891  77      2       83
                                      1881
  MINIMUM         53    555 AM  37    1942  57     -4       57
  AVERAGE         66                        67     -1       70

PRECIPITATION (IN)
  TODAY            0.00          2.57 1941   0.12  -0.12     0.00
  MONTH TO DATE    4.20                      2.49   1.71     2.73
  SINCE SEP 1      4.20                      2.49   1.71     2.73
  SINCE JAN 1     33.17                     30.24   2.93    37.34

SNOWFALL (IN)
  TODAY            0.0           0.0  2013   0.0    0.0      0.0
  MONTH TO DATE    0.0                       0.0    0.0      0.0
  SINCE SEP 1      0.0                       0.0    0.0      0.0
  SINCE JUL 1      0.0                       0.0    0.0      0.0
  SNOW DEPTH       0

DEGREE DAYS
 HEATING
  TODAY            0                         2     -2        0
  MONTH TO DATE   39                        19     20        3
  SINCE SEP 1     39                        19     20        3
  SINCE JUL 1     39                        20     19        3

 COOLING
  TODAY            1                         4     -3        5
  MONTH TO DATE  141                       182    -41      236
  SINCE SEP 1    141                       182    -41      236
  SINCE JAN 1   1646                      1581     65     1622
..................................................................


WIND (MPH)
  HIGHEST WIND SPEED     9   HIGHEST WIND DIRECTION     E (110)
  HIGHEST GUST SPEED    13   HIGHEST GUST DIRECTION     E (110)
  AVERAGE WIND SPEED     3.6


SKY COVER
  AVERAGE SKY COVER 0.6



RELATIVE HUMIDITY (PERCENT)
 HIGHEST    83           600 AM
 LOWEST     32           200 PM
 AVERAGE    58

..........................................................


THE ST. LOUIS CLIMATE NORMALS FOR TOMORROW
                         NORMAL    RECORD    YEAR
 MAXIMUM TEMPERATURE (F)   76        92      1900
                                             1881
 MINIMUM TEMPERATURE (F)   56        39      1942


SUNRISE AND SUNSET
SEPTEMBER 24 2014.....SUNRISE   651 AM CDT   SUNSET   655 PM CDT
SEPTEMBER 25 2014.....SUNRISE   652 AM CDT   SUNSET   654 PM CDT


-  INDICATES NEGATIVE NUMBERS.
R  INDICATES RECORD WAS SET OR TIED.
MM INDICATES DATA IS MISSING.
T  INDICATES TRACE AMOUNT.




$$
