000
CDUS43 KLSX 082130
CLISTL


CLIMATE REPORT
NATIONAL WEATHER SERVICE ST LOUIS MO
430 PM CDT TUE JUL 8 2014


...................................

...THE ST. LOUIS CLIMATE SUMMARY FOR JULY 8 2014...
VALID TODAY AS OF 0400 PM LOCAL TIME.

CLIMATE NORMAL PERIOD 1981 TO 2010
CLIMATE RECORD PERIOD 1874 TO 2014


WEATHER ITEM   OBSERVED TIME   RECORD YEAR NORMAL DEPARTURE LAST
                VALUE   (LST)  VALUE       VALUE  FROM      YEAR
                                                  NORMAL
..................................................................
TEMPERATURE (F)
 TODAY
  MAXIMUM         88    128 PM 101    1980  89     -1       94
  MINIMUM         68    531 AM  56    1891  71     -3       77
  AVERAGE         78                        80     -2       86

PRECIPITATION (IN)
  TODAY            0.33          3.19 1898   0.14   0.19     0.00
  MONTH TO DATE    0.35                      1.06  -0.71     0.61
  SINCE JUN 1      5.61                      5.34   0.27     6.54
  SINCE JAN 1     22.67                     21.71   0.96    30.68

SNOWFALL (IN)
  TODAY            0.0           0.0  2013   0.0    0.0      0.0
  MONTH TO DATE    0.0                       0.0    0.0      0.0
  SINCE JUN 1      0.0                       0.0    0.0      0.0
  SINCE JUL 1      0.0                       0.0    0.0      0.0
  SNOW DEPTH       0

DEGREE DAYS
 HEATING
  TODAY            0                         0      0        0
  MONTH TO DATE    0                         0      0        0
  SINCE JUN 1      0                         5     -5        1
  SINCE JUL 1      0                         0      0        0

 COOLING
  TODAY           13                        15     -2       21
  MONTH TO DATE   94                       120    -26       89
  SINCE JUN 1    492                       454     38      426
  SINCE JAN 1    754                       628    126      637
..................................................................


WIND (MPH)
  HIGHEST WIND SPEED    35   HIGHEST WIND DIRECTION     W (270)
  HIGHEST GUST SPEED    45   HIGHEST GUST DIRECTION     W (270)
  AVERAGE WIND SPEED    14.3


SKY COVER
  AVERAGE SKY COVER 0.8



RELATIVE HUMIDITY (PERCENT)
 HIGHEST    90           300 AM
 LOWEST     46           200 PM
 AVERAGE    68

..........................................................


THE ST. LOUIS CLIMATE NORMALS FOR TOMORROW
                         NORMAL    RECORD    YEAR
 MAXIMUM TEMPERATURE (F)   89       103      1936
 MINIMUM TEMPERATURE (F)   71        54      1963
                                             1961


SUNRISE AND SUNSET
JULY  8 2014..........SUNRISE   544 AM CDT   SUNSET   829 PM CDT
JULY  9 2014..........SUNRISE   545 AM CDT   SUNSET   828 PM CDT


-  INDICATES NEGATIVE NUMBERS.
R  INDICATES RECORD WAS SET OR TIED.
MM INDICATES DATA IS MISSING.
T  INDICATES TRACE AMOUNT.




$$
