000
CDUS43 KLSX 232338
CLISTL


CLIMATE REPORT
NATIONAL WEATHER SERVICE ST LOUIS MO
538 PM CST FRI JAN 23 2015


...................................

...THE ST. LOUIS CLIMATE SUMMARY FOR JANUARY 23 2015...
VALID TODAY AS OF 0500 PM LOCAL TIME.

CLIMATE NORMAL PERIOD 1981 TO 2010
CLIMATE RECORD PERIOD 1874 TO 2015


WEATHER ITEM   OBSERVED TIME   RECORD YEAR NORMAL DEPARTURE LAST
                VALUE   (LST)  VALUE       VALUE  FROM      YEAR
                                                  NORMAL
..................................................................
TEMPERATURE (F)
 TODAY
  MAXIMUM         41    353 PM  75    1967  40      1       14
  MINIMUM         34    911 AM -11    1963  24     10        2
  AVERAGE         38                        32      6        8

PRECIPITATION (IN)
  TODAY            0.00          0.87 1999   0.07  -0.07      T
  MONTH TO DATE    1.02                      1.81  -0.79     1.67
  SINCE DEC 1      3.74                      4.65  -0.91     3.63
  SINCE JAN 1      1.02                      1.81  -0.79     1.67

SNOWFALL (IN)
  TODAY            0.0           3.6  1977   0.2   -0.2       T
  MONTH TO DATE    0.3                       4.2   -3.9     15.8
  SINCE DEC 1      0.5                       8.6   -8.1     21.4
  SINCE JUL 1      4.3                       9.3   -5.0     21.4
  SNOW DEPTH       0

DEGREE DAYS
 HEATING
  TODAY           27                        33     -6       57
  MONTH TO DATE  771                       767      4      853
  SINCE DEC 1   1575                      1706   -131     1823
  SINCE JUL 1   2532                      2532      0     2693

 COOLING
  TODAY            0                         0      0        0
  MONTH TO DATE    0                         0      0        0
  SINCE DEC 1      0                         0      0        0
  SINCE JAN 1      0                         0      0        0
..................................................................


WIND (MPH)
  HIGHEST WIND SPEED     9   HIGHEST WIND DIRECTION    NW (320)
  HIGHEST GUST SPEED    12   HIGHEST GUST DIRECTION    NW (320)
  AVERAGE WIND SPEED     2.4


SKY COVER
  AVERAGE SKY COVER 0.8



RELATIVE HUMIDITY (PERCENT)
 HIGHEST    69           400 AM
 LOWEST     51           300 PM
 AVERAGE    60

..........................................................


THE ST. LOUIS CLIMATE NORMALS FOR TOMORROW
                         NORMAL    RECORD    YEAR
 MAXIMUM TEMPERATURE (F)   40        77      1950
 MINIMUM TEMPERATURE (F)   24       -11      1894


SUNRISE AND SUNSET
JANUARY 23 2015.......SUNRISE   714 AM CST   SUNSET   513 PM CST
JANUARY 24 2015.......SUNRISE   714 AM CST   SUNSET   514 PM CST


-  INDICATES NEGATIVE NUMBERS.
R  INDICATES RECORD WAS SET OR TIED.
MM INDICATES DATA IS MISSING.
T  INDICATES TRACE AMOUNT.




$$
