000
CDUS43 KLSX 222231
CLISTL


CLIMATE REPORT
NATIONAL WEATHER SERVICE ST LOUIS MO
530 PM CDT SUN MAR 22 2015


...................................

...THE ST. LOUIS CLIMATE SUMMARY FOR MARCH 22 2015...
VALID TODAY AS OF 0500 PM LOCAL TIME.

CLIMATE NORMAL PERIOD 1981 TO 2010
CLIMATE RECORD PERIOD 1874 TO 2015


WEATHER ITEM   OBSERVED TIME   RECORD YEAR NORMAL DEPARTURE LAST
                VALUE   (LST)  VALUE       VALUE  FROM      YEAR
                                                  NORMAL
..................................................................
TEMPERATURE (F)
 TODAY
  MAXIMUM         65    354 PM  88    1907  58      7       51
  MINIMUM         45    524 AM  13    1885  39      6       36
  AVERAGE         55                        48      7       44

PRECIPITATION (IN)
  TODAY            0.00          1.72 1893   0.12  -0.12     0.00
  MONTH TO DATE    1.67                      2.22  -0.55     1.35
  SINCE MAR 1      1.67                      2.22  -0.55     1.35
  SINCE JAN 1      4.62                      6.86  -2.24     4.50

SNOWFALL (IN)
  TODAY            0.0           0.5  1955   0.1   -0.1      0.0
  MONTH TO DATE    0.6                       2.0   -1.4      1.5
  SINCE MAR 1      0.6                       2.0   -1.4      1.5
  SINCE JUL 1     16.8                      17.0   -0.2     28.7
  SNOW DEPTH       0

DEGREE DAYS
 HEATING
  TODAY           10                        17     -7       21
  MONTH TO DATE  417                       452    -35      493
  SINCE MAR 1    417                       452    -35      493
  SINCE JUL 1   4219                      4050    169     4530

 COOLING
  TODAY            0                         0      0        0
  MONTH TO DATE    0                         0      0        0
  SINCE MAR 1      0                         0      0        0
  SINCE JAN 1      0                         0      0        0
..................................................................


WIND (MPH)
  HIGHEST WIND SPEED    16   HIGHEST WIND DIRECTION     E (100)
  HIGHEST GUST SPEED    21   HIGHEST GUST DIRECTION     E (100)
  AVERAGE WIND SPEED     9.3


SKY COVER
  AVERAGE SKY COVER 0.8



RELATIVE HUMIDITY (PERCENT)
 HIGHEST    76           600 AM
 LOWEST     34           200 PM
 AVERAGE    55

..........................................................


THE ST. LOUIS CLIMATE NORMALS FOR TOMORROW
                         NORMAL    RECORD    YEAR
 MAXIMUM TEMPERATURE (F)   59        87      1910
 MINIMUM TEMPERATURE (F)   39         7      1974


SUNRISE AND SUNSET
MARCH 22 2015.........SUNRISE   702 AM CDT   SUNSET   715 PM CDT
MARCH 23 2015.........SUNRISE   701 AM CDT   SUNSET   716 PM CDT


-  INDICATES NEGATIVE NUMBERS.
R  INDICATES RECORD WAS SET OR TIED.
MM INDICATES DATA IS MISSING.
T  INDICATES TRACE AMOUNT.




$$
