000
CDUS43 KLSX 300743
CLISTL


CLIMATE REPORT
NATIONAL WEATHER SERVICE ST LOUIS MO
141 AM CST SAT JAN 30 2016


...................................

...THE ST. LOUIS CLIMATE SUMMARY FOR JANUARY 29 2016...

CLIMATE NORMAL PERIOD 1981 TO 2010
CLIMATE RECORD PERIOD 1874 TO 2016


WEATHER ITEM   OBSERVED TIME   RECORD YEAR NORMAL DEPARTURE LAST
                VALUE   (LST)  VALUE       VALUE  FROM      YEAR
                                                  NORMAL
..................................................................
TEMPERATURE (F)
 YESTERDAY
  MAXIMUM         51    415 PM  73    2008  41     10       54
  MINIMUM         27    654 AM  -8    1966  24      3       36
  AVERAGE         39                        33      6       45

PRECIPITATION (IN)
  YESTERDAY        0.00          1.44 2013   0.07  -0.07     0.00
  MONTH TO DATE    0.80                      2.25  -1.45     1.21
  SINCE DEC 1     12.54                      5.09   7.45     3.93
  SINCE JAN 1      0.80                      2.25  -1.45     1.21

SNOWFALL (IN)
  YESTERDAY        0.0           4.8  1956   0.1   -0.1      0.0
  MONTH TO DATE    3.3                       5.2   -1.9      0.3
  SINCE DEC 1      3.3                       9.6   -6.3      0.5
  SINCE JUL 1      3.3                      10.3   -7.0      4.3
  SNOW DEPTH       0

DEGREE DAYS
 HEATING
  YESTERDAY       26                        32     -6       20
  MONTH TO DATE  938                       964    -26      923
  SINCE DEC 1   1535                      1903   -368     1727
  SINCE JUL 1   2097                      2729   -632     2684

 COOLING
  YESTERDAY        0                         0      0        0
  MONTH TO DATE    0                         0      0        0
  SINCE DEC 1      0                         0      0        0
  SINCE JAN 1      0                         0      0        0
..................................................................


WIND (MPH)
  HIGHEST WIND SPEED    18   HIGHEST WIND DIRECTION    SE (130)
  HIGHEST GUST SPEED    23   HIGHEST GUST DIRECTION    SE (140)
  AVERAGE WIND SPEED     7.0


SKY COVER
  AVERAGE SKY COVER 0.2


WEATHER CONDITIONS
 THE FOLLOWING WEATHER WAS RECORDED YESTERDAY.
  NO SIGNIFICANT WEATHER WAS OBSERVED.


RELATIVE HUMIDITY (PERCENT)
 HIGHEST    84           700 AM
 LOWEST     38           300 PM
 AVERAGE    61

..........................................................


THE ST. LOUIS CLIMATE NORMALS FOR TODAY
                         NORMAL    RECORD    YEAR
 MAXIMUM TEMPERATURE (F)   41        67      2012
                                             1884
 MINIMUM TEMPERATURE (F)   24        -9      1936


SUNRISE AND SUNSET
JANUARY 30 2016.......SUNRISE   710 AM CST   SUNSET   520 PM CST
JANUARY 31 2016.......SUNRISE   709 AM CST   SUNSET   522 PM CST


-  INDICATES NEGATIVE NUMBERS.
R  INDICATES RECORD WAS SET OR TIED.
MM INDICATES DATA IS MISSING.
T  INDICATES TRACE AMOUNT.




$$
