000
CDUS43 KLSX 182240
CLISTL


CLIMATE REPORT
NATIONAL WEATHER SERVICE ST LOUIS MO
537 PM CDT WED MAY 18 2016


...................................

...THE ST. LOUIS CLIMATE SUMMARY FOR MAY 18 2016...
VALID TODAY AS OF 0500 PM LOCAL TIME.

CLIMATE NORMAL PERIOD 1981 TO 2010
CLIMATE RECORD PERIOD 1874 TO 2016


WEATHER ITEM   OBSERVED TIME   RECORD YEAR NORMAL DEPARTURE LAST
                VALUE   (LST)  VALUE       VALUE  FROM      YEAR
                                                  NORMAL
..................................................................
TEMPERATURE (F)
 TODAY
  MAXIMUM         69    359 PM  94    1996  77     -8       85
  MINIMUM         49    509 AM  39    2002  58     -9       59
  AVERAGE         59                        67     -8       72

PRECIPITATION (IN)
  TODAY            0.00          2.38 1890   0.15  -0.15     0.00
  MONTH TO DATE    3.11                      2.65   0.46     2.37
  SINCE MAR 1      9.89                      9.66   0.23    10.79
  SINCE JAN 1     11.49                     14.30  -2.81    13.74

SNOWFALL (IN)
  TODAY            0.0           0.0  2015   0.0    0.0      0.0
  MONTH TO DATE    0.0                       0.0    0.0      0.0
  SINCE MAR 1      0.3                       2.7   -2.4      0.6
  SINCE JUL 1     10.9                      17.7   -6.8     16.8
  SNOW DEPTH       0

DEGREE DAYS
 HEATING
  TODAY            6                         2      4        0
  MONTH TO DATE   78                        58     20       15
  SINCE MAR 1    649                       916   -267      745
  SINCE JUL 1   3479                      4514  -1035     4547

 COOLING
  TODAY            0                         4     -4        7
  MONTH TO DATE   29                        54    -25      122
  SINCE MAR 1     89                       100    -11      147
  SINCE JAN 1     89                       100    -11      147
..................................................................


WIND (MPH)
  HIGHEST WIND SPEED    16   HIGHEST WIND DIRECTION     N (10)
  HIGHEST GUST SPEED    20   HIGHEST GUST DIRECTION     N (20)
  AVERAGE WIND SPEED     6.3


SKY COVER
  AVERAGE SKY COVER 0.5



RELATIVE HUMIDITY (PERCENT)
 HIGHEST    93           500 AM
 LOWEST     40          1100 AM
 AVERAGE    67

..........................................................


THE ST. LOUIS CLIMATE NORMALS FOR TOMORROW
                         NORMAL    RECORD    YEAR
 MAXIMUM TEMPERATURE (F)   77        94      1996
 MINIMUM TEMPERATURE (F)   58        40      1894


SUNRISE AND SUNSET
MAY 18 2016...........SUNRISE   546 AM CDT   SUNSET   810 PM CDT
MAY 19 2016...........SUNRISE   546 AM CDT   SUNSET   811 PM CDT


-  INDICATES NEGATIVE NUMBERS.
R  INDICATES RECORD WAS SET OR TIED.
MM INDICATES DATA IS MISSING.
T  INDICATES TRACE AMOUNT.




$$
