000
CDUS43 KLSX 222140
CLISTL


CLIMATE REPORT
NATIONAL WEATHER SERVICE ST LOUIS MO
439 PM CDT FRI JUL 22 2016


...................................

...THE ST. LOUIS CLIMATE SUMMARY FOR JULY 22 2016...
VALID TODAY AS OF 0400 PM LOCAL TIME.

CLIMATE NORMAL PERIOD 1981 TO 2010
CLIMATE RECORD PERIOD 1874 TO 2016


WEATHER ITEM   OBSERVED TIME   RECORD YEAR NORMAL DEPARTURE LAST
                VALUE   (LST)  VALUE       VALUE  FROM      YEAR
                                                  NORMAL
..................................................................
TEMPERATURE (F)
 TODAY
  MAXIMUM         88   1200 AM 107    1901  89     -1       85
  MINIMUM         75    935 AM  55    1970  71      4       69
                                      1947
  AVERAGE         82                        80      2       77

PRECIPITATION (IN)
  TODAY            0.07          2.70 1874   0.12  -0.05     0.00
  MONTH TO DATE    6.79                      2.95   3.84     3.89
  SINCE JUN 1      8.08                      7.23   0.85    17.03
  SINCE JAN 1     21.13                     23.60  -2.47    32.02

SNOWFALL (IN)
  TODAY            0.0           0.0  2015   0.0    0.0      0.0
  MONTH TO DATE    0.0                       0.0    0.0      0.0
  SINCE JUN 1      0.0                       0.0    0.0      0.0
  SINCE JUL 1      0.0                       0.0    0.0      0.0
  SNOW DEPTH       0

DEGREE DAYS
 HEATING
  TODAY            0                         0      0        0
  MONTH TO DATE    0                         0      0        0
  SINCE JUN 1      0                         5     -5        3
  SINCE JUL 1      0                         0      0        0

 COOLING
  TODAY           17                        15      2       12
  MONTH TO DATE  351                       330     21      323
  SINCE JUN 1    846                       664    182      713
  SINCE JAN 1   1040                       838    202      937
..................................................................


WIND (MPH)
  HIGHEST WIND SPEED    29   HIGHEST WIND DIRECTION     N (20)
  HIGHEST GUST SPEED    38   HIGHEST GUST DIRECTION     N (10)
  AVERAGE WIND SPEED     5.9


SKY COVER
  AVERAGE SKY COVER 0.7



RELATIVE HUMIDITY (PERCENT)
 HIGHEST    82           900 AM
 LOWEST     65           300 PM
 AVERAGE    74

..........................................................


THE ST. LOUIS CLIMATE NORMALS FOR TOMORROW
                         NORMAL    RECORD    YEAR
 MAXIMUM TEMPERATURE (F)   89       108      1934
 MINIMUM TEMPERATURE (F)   71        52      1947


SUNRISE AND SUNSET
JULY 22 2016..........SUNRISE   555 AM CDT   SUNSET   821 PM CDT
JULY 23 2016..........SUNRISE   556 AM CDT   SUNSET   820 PM CDT


-  INDICATES NEGATIVE NUMBERS.
R  INDICATES RECORD WAS SET OR TIED.
MM INDICATES DATA IS MISSING.
T  INDICATES TRACE AMOUNT.




$$
