000
CDUS43 KLSX 262139
CLISTL


CLIMATE REPORT
NATIONAL WEATHER SERVICE ST LOUIS MO
438 PM CDT FRI SEP 26 2014


...................................

...THE ST. LOUIS CLIMATE SUMMARY FOR SEPTEMBER 26 2014...
VALID TODAY AS OF 0400 PM LOCAL TIME.

CLIMATE NORMAL PERIOD 1981 TO 2010
CLIMATE RECORD PERIOD 1874 TO 2014


WEATHER ITEM   OBSERVED TIME   RECORD YEAR NORMAL DEPARTURE LAST
                VALUE   (LST)  VALUE       VALUE  FROM      YEAR
                                                  NORMAL
..................................................................
TEMPERATURE (F)
 TODAY
  MAXIMUM         84    232 PM  94    1897  76      8       85
  MINIMUM         64    318 AM  35    1940  56      8       62
  AVERAGE         74                        66      8       74

PRECIPITATION (IN)
  TODAY            0.00          2.26 1884   0.11  -0.11     0.00
  MONTH TO DATE    4.20                      2.71   1.49     2.73
  SINCE SEP 1      4.20                      2.71   1.49     2.73
  SINCE JAN 1     33.17                     30.46   2.71    37.34

SNOWFALL (IN)
  TODAY            0.0           0.0  2013   0.0    0.0      0.0
  MONTH TO DATE    0.0                       0.0    0.0      0.0
  SINCE SEP 1      0.0                       0.0    0.0      0.0
  SINCE JUL 1      0.0                       0.0    0.0      0.0
  SNOW DEPTH       0

DEGREE DAYS
 HEATING
  TODAY            0                         3     -3        0
  MONTH TO DATE   39                        25     14        3
  SINCE SEP 1     39                        25     14        3
  SINCE JUL 1     39                        26     13        3

 COOLING
  TODAY            9                         4      5        9
  MONTH TO DATE  158                       190    -32      255
  SINCE SEP 1    158                       190    -32      255
  SINCE JAN 1   1663                      1589     74     1641
..................................................................


WIND (MPH)
  HIGHEST WIND SPEED    10   HIGHEST WIND DIRECTION     E (110)
  HIGHEST GUST SPEED    14   HIGHEST GUST DIRECTION     E (110)
  AVERAGE WIND SPEED     4.0


SKY COVER
  AVERAGE SKY COVER 0.5



RELATIVE HUMIDITY (PERCENT)
 HIGHEST    78           300 AM
 LOWEST     43           200 PM
 AVERAGE    61

..........................................................


THE ST. LOUIS CLIMATE NORMALS FOR TOMORROW
                         NORMAL    RECORD    YEAR
 MAXIMUM TEMPERATURE (F)   75        91      1891
 MINIMUM TEMPERATURE (F)   56        36      1940


SUNRISE AND SUNSET
SEPTEMBER 26 2014.....SUNRISE   653 AM CDT   SUNSET   652 PM CDT
SEPTEMBER 27 2014.....SUNRISE   654 AM CDT   SUNSET   651 PM CDT


-  INDICATES NEGATIVE NUMBERS.
R  INDICATES RECORD WAS SET OR TIED.
MM INDICATES DATA IS MISSING.
T  INDICATES TRACE AMOUNT.




$$
