000
CDUS43 KLSX 080734
CLISTL


CLIMATE REPORT
NATIONAL WEATHER SERVICE ST LOUIS MO
232 AM CDT TUE APR 8 2014


...................................

...THE ST. LOUIS CLIMATE SUMMARY FOR APRIL 7 2014...

CLIMATE NORMAL PERIOD 1981 TO 2010
CLIMATE RECORD PERIOD 1874 TO 2014


WEATHER ITEM   OBSERVED TIME   RECORD YEAR NORMAL DEPARTURE LAST
                VALUE   (LST)  VALUE       VALUE  FROM      YEAR
                                                  NORMAL
..................................................................
TEMPERATURE (F)
 YESTERDAY
  MAXIMUM         53    542 PM  88    1948  65    -12       79
                                      1893
  MINIMUM         46   1044 AM  23    2007  44      2       52
  AVERAGE         50                        54     -4       66

PRECIPITATION (IN)
  YESTERDAY        0.66          2.86 1929   0.12   0.54     0.02
  MONTH TO DATE    5.49                      0.84   4.65     0.02
  SINCE MAR 1      7.04                      4.16   2.88     4.97
  SINCE JAN 1     10.19                      8.80   1.39    11.36

SNOWFALL (IN)
  YESTERDAY        0.0           1.5  1982   0.0    0.0      0.0
  MONTH TO DATE    T                         0.2   -0.2       T
  SINCE MAR 1      1.6                       2.5   -0.9     14.3
  SINCE JUL 1     28.8                      17.5   11.3     27.9
  SNOW DEPTH       0

DEGREE DAYS
 HEATING
  YESTERDAY       15                        11      4        0
  MONTH TO DATE   94                        88      6       97
  SINCE MAR 1    784                       676    108      850
  SINCE JUL 1   4821                      4274    547     4167

 COOLING
  YESTERDAY        0                         1     -1        1
  MONTH TO DATE    0                         7     -7        1
  SINCE MAR 1      0                        14    -14        1
  SINCE JAN 1      0                        14    -14        1
..................................................................


WIND (MPH)
  HIGHEST WIND SPEED    18   HIGHEST WIND DIRECTION    NW (320)
  HIGHEST GUST SPEED    23   HIGHEST GUST DIRECTION    NW (330)
  AVERAGE WIND SPEED     6.3


SKY COVER
  AVERAGE SKY COVER 1.0


WEATHER CONDITIONS
 THE FOLLOWING WEATHER WAS RECORDED YESTERDAY.
  RAIN
  LIGHT RAIN
  FOG


RELATIVE HUMIDITY (PERCENT)
 HIGHEST    86          1100 AM
 LOWEST     54          1200 AM
 AVERAGE    70

..........................................................


THE ST. LOUIS CLIMATE NORMALS FOR TODAY
                         NORMAL    RECORD    YEAR
 MAXIMUM TEMPERATURE (F)   65        89      1890
 MINIMUM TEMPERATURE (F)   45        22      1972


SUNRISE AND SUNSET
APRIL  8 2014.........SUNRISE   636 AM CDT   SUNSET   732 PM CDT
APRIL  9 2014.........SUNRISE   634 AM CDT   SUNSET   733 PM CDT


-  INDICATES NEGATIVE NUMBERS.
R  INDICATES RECORD WAS SET OR TIED.
MM INDICATES DATA IS MISSING.
T  INDICATES TRACE AMOUNT.




$$
