000
CDUS43 KLSX 281137 CCA
CLISTL

CLIMATE REPORT
NATIONAL WEATHER SERVICE ST LOUIS MO
228 AM CDT FRI AUG 28 2015


...................................

...THE ST. LOUIS CLIMATE SUMMARY FOR AUGUST 27 2015...

CLIMATE NORMAL PERIOD 1981 TO 2010
CLIMATE RECORD PERIOD 1874 TO 2015


WEATHER ITEM   OBSERVED TIME   RECORD YEAR NORMAL DEPARTURE LAST
                VALUE   (LST)  VALUE       VALUE  FROM      YEAR
                                                  NORMAL
..................................................................
TEMPERATURE (F)
 YESTERDAY
  MAXIMUM         80    120 PM 102    1881  87     -7       95
  MINIMUM         59    414 AM  51    1968  68     -9       74
  AVERAGE         70                        77     -7       85

PRECIPITATION (IN)
  YESTERDAY        0.00          1.72 1874   0.09  -0.09     0.18
  MONTH TO DATE    6.67                      2.62   4.05     4.71
  SINCE JUN 1     23.94                     11.01  12.93    11.56
  SINCE JAN 1     38.93                     27.38  11.55    28.62

SNOWFALL (IN)
  YESTERDAY        0.0           0.0  2013   0.0    0.0      0.0
  MONTH TO DATE    0.0                       0.0    0.0      0.0
  SINCE JUN 1      0.0                       0.0    0.0      0.0
  SINCE JUL 1      0.0                       0.0    0.0      0.0
  SNOW DEPTH       0

DEGREE DAYS
 HEATING
  YESTERDAY        0                         0      0        0
  MONTH TO DATE    0                         0      0        0
  SINCE JUN 1      3                         5     -2        0
  SINCE JUL 1      0                         0      0        0

 COOLING
  YESTERDAY        5                        12     -7       20
  MONTH TO DATE  348                       378    -30      412
  SINCE JUN 1   1228                      1179     49     1172
  SINCE JAN 1   1452                      1353     99     1434
..................................................................


WIND (MPH)
  HIGHEST WIND SPEED     9   HIGHEST WIND DIRECTION    SE (120)
  HIGHEST GUST SPEED     M   HIGHEST GUST DIRECTION     M
  AVERAGE WIND SPEED     4.4


SKY COVER
  AVERAGE SKY COVER 0.5


WEATHER CONDITIONS
 THE FOLLOWING WEATHER WAS RECORDED YESTERDAY.
  NO SIGNIFICANT WEATHER WAS OBSERVED.


RELATIVE HUMIDITY (PERCENT)
 HIGHEST    84           100 AM
 LOWEST     45          1200 PM
 AVERAGE    65

..........................................................


THE ST. LOUIS CLIMATE NORMALS FOR TODAY
                         NORMAL    RECORD    YEAR
 MAXIMUM TEMPERATURE (F)   87       101      1990
                                             1913
 MINIMUM TEMPERATURE (F)   68        48      1986


SUNRISE AND SUNSET
AUGUST 28 2015........SUNRISE   627 AM CDT   SUNSET   738 PM CDT
AUGUST 29 2015........SUNRISE   628 AM CDT   SUNSET   737 PM CDT


-  INDICATES NEGATIVE NUMBERS.
R  INDICATES RECORD WAS SET OR TIED.
MM INDICATES DATA IS MISSING.
T  INDICATES TRACE AMOUNT.




$$
