000
CDUS43 KLSX 052233
CLISTL


CLIMATE REPORT
NATIONAL WEATHER SERVICE ST LOUIS MO
432 PM CST SUN NOV 5 2017


...................................

...THE ST. LOUIS CLIMATE SUMMARY FOR NOVEMBER 5 2017...
VALID TODAY AS OF 0400 PM LOCAL TIME.

CLIMATE NORMAL PERIOD 1981 TO 2010
CLIMATE RECORD PERIOD 1874 TO 2017


WEATHER ITEM   OBSERVED TIME   RECORD YEAR NORMAL DEPARTURE LAST
                VALUE   (LST)  VALUE       VALUE  FROM      YEAR
                                                  NORMAL
..................................................................
TEMPERATURE (F)
 TODAY
  MAXIMUM         79    124 PM  82    1978  61     18       65
  MINIMUM         62    259 PM  23    1976  43     19       45
  AVERAGE         71                        52     19       55

PRECIPITATION (IN)
  TODAY            0.91          1.62 1956   0.13   0.78     0.00
  MONTH TO DATE    0.92                      0.60   0.32     2.82
  SINCE SEP 1      4.90                      7.06  -2.16    10.92
  SINCE JAN 1     35.20                     34.81   0.39    39.40

SNOWFALL (IN)
  TODAY            0.0           3.4  1951   0.0    0.0      0.0
  MONTH TO DATE    T                         0.0    0.0      0.0
  SINCE SEP 1      T                         0.0    0.0      0.0
  SINCE JUL 1      T                         0.0    0.0      0.0
  SNOW DEPTH       0

DEGREE DAYS
 HEATING
  TODAY            0                        14    -14       10
  MONTH TO DATE   36                        64    -28       19
  SINCE SEP 1    238                       339   -101      110
  SINCE JUL 1    238                       340   -102      110

 COOLING
  TODAY            6                         0      6        0
  MONTH TO DATE    6                         0      6       20
  SINCE SEP 1    363                       243    120      454
  SINCE JAN 1   1965                      1642    323     2159
..................................................................


WIND (MPH)
  HIGHEST WIND SPEED    23   HIGHEST WIND DIRECTION    NW (330)
  HIGHEST GUST SPEED    27   HIGHEST GUST DIRECTION    NW (330)
  AVERAGE WIND SPEED     7.6


SKY COVER
  AVERAGE SKY COVER 0.8



RELATIVE HUMIDITY (PERCENT)
 HIGHEST   100           200 AM
 LOWEST     69           100 PM
 AVERAGE    85

..........................................................


THE ST. LOUIS CLIMATE NORMALS FOR TOMORROW
                         NORMAL    RECORD    YEAR
 MAXIMUM TEMPERATURE (F)   61        81      1915
 MINIMUM TEMPERATURE (F)   42        22      1959
                                             1930


SUNRISE AND SUNSET
NOVEMBER  5 2017......SUNRISE   633 AM CST   SUNSET   457 PM CST
NOVEMBER  6 2017......SUNRISE   634 AM CST   SUNSET   456 PM CST


-  INDICATES NEGATIVE NUMBERS.
R  INDICATES RECORD WAS SET OR TIED.
MM INDICATES DATA IS MISSING.
T  INDICATES TRACE AMOUNT.




$$
