000
CDUS43 KLSX 150742
CLISTL


CLIMATE REPORT
NATIONAL WEATHER SERVICE ST LOUIS MO
238 AM CDT FRI AUG 15 2014


...................................

...THE ST. LOUIS CLIMATE SUMMARY FOR AUGUST 14 2014...

CLIMATE NORMAL PERIOD 1981 TO 2010
CLIMATE RECORD PERIOD 1874 TO 2014


WEATHER ITEM   OBSERVED TIME   RECORD YEAR NORMAL DEPARTURE LAST
                VALUE   (LST)  VALUE       VALUE  FROM      YEAR
                                                  NORMAL
..................................................................
TEMPERATURE (F)
 YESTERDAY
  MAXIMUM         86    412 PM 103    2007  88     -2       76
  MINIMUM         63    458 AM  55    1933  70     -7       57
  AVERAGE         75                        79     -4       67

PRECIPITATION (IN)
  YESTERDAY        0.00          3.67 1916   0.09  -0.09     0.00
  MONTH TO DATE    3.18                      1.43   1.75     1.01
  SINCE JUN 1     10.03                      9.82   0.21    10.29
  SINCE JAN 1     27.09                     26.19   0.90    34.43

SNOWFALL (IN)
  YESTERDAY        0.0           0.0  2013   0.0    0.0      0.0
  MONTH TO DATE    0.0                       0.0    0.0      0.0
  SINCE JUN 1      0.0                       0.0    0.0      0.0
  SINCE JUL 1      0.0                       0.0    0.0      0.0
  SNOW DEPTH       0

DEGREE DAYS
 HEATING
  YESTERDAY        0                         0      0        0
  MONTH TO DATE    0                         0      0        0
  SINCE JUN 1      0                         5     -5        1
  SINCE JUL 1      0                         0      0        0

 COOLING
  YESTERDAY       10                        14     -4        2
  MONTH TO DATE  168                       204    -36      155
  SINCE JUN 1    928                      1005    -77      898
  SINCE JAN 1   1190                      1179     11     1109
..................................................................


WIND (MPH)
  HIGHEST WIND SPEED     9   HIGHEST WIND DIRECTION     N (350)
  HIGHEST GUST SPEED    13   HIGHEST GUST DIRECTION    NW (330)
  AVERAGE WIND SPEED     2.8


SKY COVER
  AVERAGE SKY COVER 0.4


WEATHER CONDITIONS
 THE FOLLOWING WEATHER WAS RECORDED YESTERDAY.
  NO SIGNIFICANT WEATHER WAS OBSERVED.


RELATIVE HUMIDITY (PERCENT)
 HIGHEST    90           500 AM
 LOWEST     43           100 PM
 AVERAGE    67

..........................................................


THE ST. LOUIS CLIMATE NORMALS FOR TODAY
                         NORMAL    RECORD    YEAR
 MAXIMUM TEMPERATURE (F)   88       105      2007
 MINIMUM TEMPERATURE (F)   70        51      1992


SUNRISE AND SUNSET
AUGUST 15 2014........SUNRISE   615 AM CDT   SUNSET   756 PM CDT
AUGUST 16 2014........SUNRISE   616 AM CDT   SUNSET   755 PM CDT


-  INDICATES NEGATIVE NUMBERS.
R  INDICATES RECORD WAS SET OR TIED.
MM INDICATES DATA IS MISSING.
T  INDICATES TRACE AMOUNT.




$$
