000
CDUS43 KLSX 200745
CLISTL


CLIMATE REPORT
NATIONAL WEATHER SERVICE ST LOUIS MO
245 AM CDT WED APR 20 2016


...................................

...THE ST. LOUIS CLIMATE SUMMARY FOR APRIL 19 2016...

CLIMATE NORMAL PERIOD 1981 TO 2010
CLIMATE RECORD PERIOD 1874 TO 2016


WEATHER ITEM   OBSERVED TIME   RECORD YEAR NORMAL DEPARTURE LAST
                VALUE   (LST)  VALUE       VALUE  FROM      YEAR
                                                  NORMAL
..................................................................
TEMPERATURE (F)
 YESTERDAY
  MAXIMUM         77   1239 PM  88    2011  69      8       67
                                      1948
  MINIMUM         63    608 AM  26    1983  49     14       57
  AVERAGE         70                        59     11       62

PRECIPITATION (IN)
  YESTERDAY        0.00          1.83 1874   0.12  -0.12     0.77
  MONTH TO DATE    1.57                      2.28  -0.71     5.13
  SINCE MAR 1      3.86                      5.60  -1.74     8.13
  SINCE JAN 1      5.46                     10.24  -4.78    11.08

SNOWFALL (IN)
  YESTERDAY        0.0           T    2013   0.0    0.0      0.0
  MONTH TO DATE    0.0                       0.3   -0.3      0.0
  SINCE MAR 1      0.3                       2.6   -2.3      0.6
  SINCE JUL 1     10.9                      17.6   -6.7     16.8
  SNOW DEPTH       0

DEGREE DAYS
 HEATING
  YESTERDAY        0                         8     -8        3
  MONTH TO DATE  189                       202    -13       67
  SINCE MAR 1    562                       790   -228      636
  SINCE JUL 1   3392                      4388   -996     4438

 COOLING
  YESTERDAY        5                         2      3        0
  MONTH TO DATE   16                        20     -4       25
  SINCE MAR 1     24                        27     -3       25
  SINCE JAN 1     24                        27     -3       25
..................................................................


WIND (MPH)
  HIGHEST WIND SPEED    16   HIGHEST WIND DIRECTION    SE (150)
  HIGHEST GUST SPEED    21   HIGHEST GUST DIRECTION    SE (150)
  AVERAGE WIND SPEED     4.9


SKY COVER
  AVERAGE SKY COVER 0.9


WEATHER CONDITIONS
 THE FOLLOWING WEATHER WAS RECORDED YESTERDAY.
  NO SIGNIFICANT WEATHER WAS OBSERVED.


RELATIVE HUMIDITY (PERCENT)
 HIGHEST    84           600 AM
 LOWEST     42          1200 AM
 AVERAGE    63

..........................................................


THE ST. LOUIS CLIMATE NORMALS FOR TODAY
                         NORMAL    RECORD    YEAR
 MAXIMUM TEMPERATURE (F)   69        89      1987
 MINIMUM TEMPERATURE (F)   49        28      1904


SUNRISE AND SUNSET
APRIL 20 2016.........SUNRISE   617 AM CDT   SUNSET   744 PM CDT
APRIL 21 2016.........SUNRISE   616 AM CDT   SUNSET   745 PM CDT


-  INDICATES NEGATIVE NUMBERS.
R  INDICATES RECORD WAS SET OR TIED.
MM INDICATES DATA IS MISSING.
T  INDICATES TRACE AMOUNT.




$$
