000
CDUS43 KLSX 050728
CLISTL


CLIMATE REPORT
NATIONAL WEATHER SERVICE ST LOUIS MO
127 AM CST SUN NOV 5 2017


...................................

...THE ST. LOUIS CLIMATE SUMMARY FOR NOVEMBER 4 2017...

CLIMATE NORMAL PERIOD 1981 TO 2010
CLIMATE RECORD PERIOD 1874 TO 2017


WEATHER ITEM   OBSERVED TIME   RECORD YEAR NORMAL DEPARTURE LAST
                VALUE   (LST)  VALUE       VALUE  FROM      YEAR
                                                  NORMAL
..................................................................
TEMPERATURE (F)
 YESTERDAY
  MAXIMUM         68    411 PM  82    1978  61      7       68
  MINIMUM         54    237 AM  18    1951  43     11       49
  AVERAGE         61                        52      9       59

PRECIPITATION (IN)
  YESTERDAY        T             1.35 1990   0.12  -0.12     0.00
  MONTH TO DATE    0.01                      0.47  -0.46     2.82
  SINCE SEP 1      3.99                      6.93  -2.94    10.92
  SINCE JAN 1     34.29                     34.68  -0.39    39.40

SNOWFALL (IN)
  YESTERDAY        0.0           T    1992   0.0    0.0      0.0
  MONTH TO DATE    T                         0.0    0.0      0.0
  SINCE SEP 1      T                         0.0    0.0      0.0
  SINCE JUL 1      T                         0.0    0.0      0.0
  SNOW DEPTH       0

DEGREE DAYS
 HEATING
  YESTERDAY        4                        13     -9        6
  MONTH TO DATE   36                        50    -14        9
  SINCE SEP 1    238                       325    -87      100
  SINCE JUL 1    238                       326    -88      100

 COOLING
  YESTERDAY        0                         0      0        0
  MONTH TO DATE    0                         0      0       20
  SINCE SEP 1    357                       243    114      454
  SINCE JAN 1   1959                      1642    317     2159
..................................................................


WIND (MPH)
  HIGHEST WIND SPEED    13   HIGHEST WIND DIRECTION     S (200)
  HIGHEST GUST SPEED    16   HIGHEST GUST DIRECTION     S (190)
  AVERAGE WIND SPEED     7.1


SKY COVER
  AVERAGE SKY COVER 1.0


WEATHER CONDITIONS
 THE FOLLOWING WEATHER WAS RECORDED YESTERDAY.
  LIGHT RAIN
  FOG


RELATIVE HUMIDITY (PERCENT)
 HIGHEST   100           700 AM
 LOWEST     73           300 PM
 AVERAGE    87

..........................................................


THE ST. LOUIS CLIMATE NORMALS FOR TODAY
                         NORMAL    RECORD    YEAR
 MAXIMUM TEMPERATURE (F)   61        82      1978
 MINIMUM TEMPERATURE (F)   43        23      1976


SUNRISE AND SUNSET
NOVEMBER  5 2017......SUNRISE   633 AM CST   SUNSET   457 PM CST
NOVEMBER  6 2017......SUNRISE   634 AM CST   SUNSET   456 PM CST


-  INDICATES NEGATIVE NUMBERS.
R  INDICATES RECORD WAS SET OR TIED.
MM INDICATES DATA IS MISSING.
T  INDICATES TRACE AMOUNT.




$$
