000
CDUS43 KLSX 300746
CLISTL


CLIMATE REPORT
NATIONAL WEATHER SERVICE ST LOUIS MO
244 AM CDT THU JUL 30 2015


...................................

...THE ST. LOUIS CLIMATE SUMMARY FOR JULY 29 2015...

CLIMATE NORMAL PERIOD 1981 TO 2010
CLIMATE RECORD PERIOD 1874 TO 2015


WEATHER ITEM   OBSERVED TIME   RECORD YEAR NORMAL DEPARTURE LAST
                VALUE   (LST)  VALUE       VALUE  FROM      YEAR
                                                  NORMAL
..................................................................
TEMPERATURE (F)
 YESTERDAY
  MAXIMUM         91    318 PM 103    1999  89      2       82
                                      1941
  MINIMUM         73   1159 PM  54    1971  71      2       59
  AVERAGE         82                        80      2       71

PRECIPITATION (IN)
  YESTERDAY        0.00          2.74 1956   0.12  -0.12     0.00
  MONTH TO DATE    4.13                      3.85   0.28     1.59
  SINCE JUN 1     17.27                      8.13   9.14     6.85
  SINCE JAN 1     32.26                     24.50   7.76    23.91

SNOWFALL (IN)
  YESTERDAY        0.0           0.0  2013   0.0    0.0      0.0
  MONTH TO DATE    0.0                       0.0    0.0      0.0
  SINCE JUN 1      0.0                       0.0    0.0      0.0
  SINCE JUL 1      0.0                       0.0    0.0      0.0
  SNOW DEPTH       0

DEGREE DAYS
 HEATING
  YESTERDAY        0                         0      0        0
  MONTH TO DATE    0                         0      0        0
  SINCE JUN 1      3                         5     -2        0
  SINCE JUL 1      0                         0      0        0

 COOLING
  YESTERDAY       17                        15      2        6
  MONTH TO DATE  456                       435     21      341
  SINCE JUN 1    846                       769     77      739
  SINCE JAN 1   1070                       943    127     1001
..................................................................


WIND (MPH)
  HIGHEST WIND SPEED    17   HIGHEST WIND DIRECTION     N (340)
  HIGHEST GUST SPEED    24   HIGHEST GUST DIRECTION    NW (330)
  AVERAGE WIND SPEED     8.3


SKY COVER
  AVERAGE SKY COVER 0.5


WEATHER CONDITIONS
 THE FOLLOWING WEATHER WAS RECORDED YESTERDAY.
  NO SIGNIFICANT WEATHER WAS OBSERVED.


RELATIVE HUMIDITY (PERCENT)
 HIGHEST    79           500 AM
 LOWEST     45           600 PM
 AVERAGE    62

..........................................................


THE ST. LOUIS CLIMATE NORMALS FOR TODAY
                         NORMAL    RECORD    YEAR
 MAXIMUM TEMPERATURE (F)   89       104      1953
 MINIMUM TEMPERATURE (F)   71        57      1971


SUNRISE AND SUNSET
JULY 30 2015..........SUNRISE   601 AM CDT   SUNSET   814 PM CDT
JULY 31 2015..........SUNRISE   602 AM CDT   SUNSET   814 PM CDT


-  INDICATES NEGATIVE NUMBERS.
R  INDICATES RECORD WAS SET OR TIED.
MM INDICATES DATA IS MISSING.
T  INDICATES TRACE AMOUNT.




$$
