000
CDUS43 KLSX 232232
CLISTL


CLIMATE REPORT
NATIONAL WEATHER SERVICE ST LOUIS MO
531 PM CDT SAT APR 23 2016


...................................

...THE ST. LOUIS CLIMATE SUMMARY FOR APRIL 23 2016...
VALID TODAY AS OF 0500 PM LOCAL TIME.

CLIMATE NORMAL PERIOD 1981 TO 2010
CLIMATE RECORD PERIOD 1874 TO 2016


WEATHER ITEM   OBSERVED TIME   RECORD YEAR NORMAL DEPARTURE LAST
                VALUE   (LST)  VALUE       VALUE  FROM      YEAR
                                                  NORMAL
..................................................................
TEMPERATURE (F)
 TODAY
  MAXIMUM         73    357 PM  91    1960  70      3       66
  MINIMUM         49    523 AM  28    1910  50     -1       38
  AVERAGE         61                        60      1       52

PRECIPITATION (IN)
  TODAY            0.00          3.88 1878   0.13  -0.13     0.00
  MONTH TO DATE    1.79                      2.79  -1.00     5.13
  SINCE MAR 1      4.08                      6.11  -2.03     8.13
  SINCE JAN 1      5.68                     10.75  -5.07    11.08

SNOWFALL (IN)
  TODAY            0.0           0.8  1910   0.0    0.0      0.0
  MONTH TO DATE    0.0                       0.4   -0.4      0.0
  SINCE MAR 1      0.3                       2.7   -2.4      0.6
  SINCE JUL 1     10.9                      17.7   -6.8     16.8
  SNOW DEPTH       0

DEGREE DAYS
 HEATING
  TODAY            4                         7     -3       13
  MONTH TO DATE  193                       231    -38      113
  SINCE MAR 1    566                       819   -253      682
  SINCE JUL 1   3396                      4417  -1021     4484

 COOLING
  TODAY            0                         2     -2        0
  MONTH TO DATE   21                        28     -7       25
  SINCE MAR 1     29                        35     -6       25
  SINCE JAN 1     29                        35     -6       25
..................................................................


WIND (MPH)
  HIGHEST WIND SPEED    10   HIGHEST WIND DIRECTION     E (110)
  HIGHEST GUST SPEED    14   HIGHEST GUST DIRECTION     E (110)
  AVERAGE WIND SPEED     3.0


SKY COVER
  AVERAGE SKY COVER 0.1



RELATIVE HUMIDITY (PERCENT)
 HIGHEST    83           300 AM
 LOWEST     38           400 PM
 AVERAGE    61

..........................................................


THE ST. LOUIS CLIMATE NORMALS FOR TOMORROW
                         NORMAL    RECORD    YEAR
 MAXIMUM TEMPERATURE (F)   70        90      2009
                                             1990
                                             1989
 MINIMUM TEMPERATURE (F)   50        25      1910


SUNRISE AND SUNSET
APRIL 23 2016.........SUNRISE   613 AM CDT   SUNSET   747 PM CDT
APRIL 24 2016.........SUNRISE   612 AM CDT   SUNSET   748 PM CDT


-  INDICATES NEGATIVE NUMBERS.
R  INDICATES RECORD WAS SET OR TIED.
MM INDICATES DATA IS MISSING.
T  INDICATES TRACE AMOUNT.




$$
