000
CDUS43 KLSX 112241
CLISTL


CLIMATE REPORT
NATIONAL WEATHER SERVICE ST LOUIS MO
541 PM CDT FRI APR 11 2014


...................................

...THE ST. LOUIS CLIMATE SUMMARY FOR APRIL 11 2014...
VALID TODAY AS OF 0500 PM LOCAL TIME.

CLIMATE NORMAL PERIOD 1981 TO 2010
CLIMATE RECORD PERIOD 1874 TO 2014


WEATHER ITEM   OBSERVED TIME   RECORD YEAR NORMAL DEPARTURE LAST
                VALUE   (LST)  VALUE       VALUE  FROM      YEAR
                                                  NORMAL
..................................................................
TEMPERATURE (F)
 TODAY
  MAXIMUM         74    257 PM  90    1930  66      8       60
  MINIMUM         54    608 AM  24    1973  46      8       42
  AVERAGE         64                        56      8       51

PRECIPITATION (IN)
  TODAY            0.00          4.79 1979   0.12  -0.12     0.10
  MONTH TO DATE    5.49                      1.32   4.17     1.14
  SINCE MAR 1      7.04                      4.64   2.40     6.09
  SINCE JAN 1     10.19                      9.28   0.91    12.48

SNOWFALL (IN)
  TODAY            0.0           0.7  1957   0.0    0.0      0.0
  MONTH TO DATE    T                         0.2   -0.2       T
  SINCE MAR 1      1.6                       2.5   -0.9     14.3
  SINCE JUL 1     28.8                      17.5   11.3     27.9
  SNOW DEPTH       0

DEGREE DAYS
 HEATING
  TODAY            1                        10     -9       14
  MONTH TO DATE  117                       131    -14      111
  SINCE MAR 1    807                       719     88      864
  SINCE JUL 1   4844                      4317    527     4181

 COOLING
  TODAY            0                         1     -1        0
  MONTH TO DATE    5                        11     -6       21
  SINCE MAR 1      5                        18    -13       21
  SINCE JAN 1      5                        18    -13       21
..................................................................


WIND (MPH)
  HIGHEST WIND SPEED    10   HIGHEST WIND DIRECTION    SE (120)
  HIGHEST GUST SPEED    14   HIGHEST GUST DIRECTION    SE (150)
  AVERAGE WIND SPEED     5.3


SKY COVER
  AVERAGE SKY COVER 0.7



RELATIVE HUMIDITY (PERCENT)
 HIGHEST    42          1200 AM
 LOWEST     19           300 PM
 AVERAGE    31

..........................................................


THE ST. LOUIS CLIMATE NORMALS FOR TOMORROW
                         NORMAL    RECORD    YEAR
 MAXIMUM TEMPERATURE (F)   66        89      1971
 MINIMUM TEMPERATURE (F)   46        24      1940
                                             1939


SUNRISE AND SUNSET
APRIL 11 2014.........SUNRISE   631 AM CDT   SUNSET   735 PM CDT
APRIL 12 2014.........SUNRISE   630 AM CDT   SUNSET   736 PM CDT


-  INDICATES NEGATIVE NUMBERS.
R  INDICATES RECORD WAS SET OR TIED.
MM INDICATES DATA IS MISSING.
T  INDICATES TRACE AMOUNT.




$$
