000
CDUS43 KLSX 040739
CLISTL


CLIMATE REPORT
NATIONAL WEATHER SERVICE ST LOUIS MO
235 AM CDT FRI APR 4 2014


...................................

...THE ST. LOUIS CLIMATE SUMMARY FOR APRIL 3 2014...

CLIMATE NORMAL PERIOD 1981 TO 2010
CLIMATE RECORD PERIOD 1874 TO 2014


WEATHER ITEM   OBSERVED TIME   RECORD YEAR NORMAL DEPARTURE LAST
                VALUE   (LST)  VALUE       VALUE  FROM      YEAR
                                                  NORMAL
..................................................................
TEMPERATURE (F)
 YESTERDAY
  MAXIMUM         66    418 AM  90    2011  63      3       53
  MINIMUM         55    118 AM  20    1936  43     12       33
  AVERAGE         61                        53      8       43

PRECIPITATION (IN)
  YESTERDAY        2.23R         2.08 1984   0.12   2.11     0.00
  MONTH TO DATE    4.83                      0.37   4.46      T
  SINCE MAR 1      6.38                      3.69   2.69     4.95
  SINCE JAN 1      9.53                      8.33   1.20    11.34

SNOWFALL (IN)
  YESTERDAY        0.0           2.5  1899   0.0    0.0      0.0
  MONTH TO DATE    T                         0.1   -0.1       T
  SINCE MAR 1      1.6                       2.4   -0.8     14.3
  SINCE JUL 1     28.8                      17.4   11.4     27.9
  SNOW DEPTH       0

DEGREE DAYS
 HEATING
  YESTERDAY        4                        13     -9       22
  MONTH TO DATE   32                        40     -8       70
  SINCE MAR 1    722                       628     94      823
  SINCE JUL 1   4759                      4226    533     4140

 COOLING
  YESTERDAY        0                         1     -1        0
  MONTH TO DATE    0                         3     -3        0
  SINCE MAR 1      0                        10    -10        0
  SINCE JAN 1      0                        10    -10        0
..................................................................


WIND (MPH)
  HIGHEST WIND SPEED    30   HIGHEST WIND DIRECTION     W (280)
  HIGHEST GUST SPEED    39   HIGHEST GUST DIRECTION     W (280)
  AVERAGE WIND SPEED    10.1


SKY COVER
  AVERAGE SKY COVER 1.0


WEATHER CONDITIONS
 THE FOLLOWING WEATHER WAS RECORDED YESTERDAY.
  THUNDERSTORM
  HEAVY RAIN
  RAIN
  LIGHT RAIN
  FOG
  HAZE


RELATIVE HUMIDITY (PERCENT)
 HIGHEST    93           200 AM
 LOWEST     84           600 PM
 AVERAGE    89

..........................................................


THE ST. LOUIS CLIMATE NORMALS FOR TODAY
                         NORMAL    RECORD    YEAR
 MAXIMUM TEMPERATURE (F)   63        87      1929
 MINIMUM TEMPERATURE (F)   43        23      1975


SUNRISE AND SUNSET
APRIL  4 2014.........SUNRISE   642 AM CDT   SUNSET   728 PM CDT
APRIL  5 2014.........SUNRISE   640 AM CDT   SUNSET   729 PM CDT


-  INDICATES NEGATIVE NUMBERS.
R  INDICATES RECORD WAS SET OR TIED.
MM INDICATES DATA IS MISSING.
T  INDICATES TRACE AMOUNT.




$$
