411
CDUS43 KLSX 102129
CLISTL


CLIMATE REPORT
NATIONAL WEATHER SERVICE ST LOUIS MO
429 PM CDT SUN MAY 10 2015


...................................

...THE ST. LOUIS CLIMATE SUMMARY FOR MAY 10 2015...
VALID TODAY AS OF 0400 PM LOCAL TIME.

CLIMATE NORMAL PERIOD 1981 TO 2010
CLIMATE RECORD PERIOD 1874 TO 2015


WEATHER ITEM   OBSERVED TIME   RECORD YEAR NORMAL DEPARTURE LAST
                VALUE   (LST)  VALUE       VALUE  FROM      YEAR
                                                  NORMAL
..................................................................
TEMPERATURE (F)
 TODAY
  MAXIMUM         84    224 PM  91    1963  75      9       84
                                      1928
  MINIMUM         66    221 AM  31    1966  55     11       59
  AVERAGE         75                        65     10       72

PRECIPITATION (IN)
  TODAY            0.02          2.22 1921   0.14  -0.12     0.32
  MONTH TO DATE    0.65                      1.43  -0.78     0.34
  SINCE MAR 1      9.07                      8.44   0.63    10.27
  SINCE JAN 1     12.02                     13.08  -1.06    13.42

SNOWFALL (IN)
  TODAY            0.0           0.0  2014   0.0    0.0      0.0
  MONTH TO DATE    0.0                       0.0    0.0      0.0
  SINCE MAR 1      0.6                       2.7   -2.1      1.6
  SINCE JUL 1     16.8                      17.7   -0.9     28.8
  SNOW DEPTH       0

DEGREE DAYS
 HEATING
  TODAY            0                         3     -3        0
  MONTH TO DATE    7                        37    -30       24
  SINCE MAR 1    737                       895   -158      935
  SINCE JUL 1   4539                      4493     46     4972

 COOLING
  TODAY           10                         3      7        7
  MONTH TO DATE   81                        24     57       63
  SINCE MAR 1    106                        70     36      100
  SINCE JAN 1    106                        70     36      100
..................................................................


WIND (MPH)
  HIGHEST WIND SPEED    16   HIGHEST WIND DIRECTION     S (180)
  HIGHEST GUST SPEED    21   HIGHEST GUST DIRECTION     S (160)
  AVERAGE WIND SPEED     7.1


SKY COVER
  AVERAGE SKY COVER 0.8



RELATIVE HUMIDITY (PERCENT)
 HIGHEST    93           200 AM
 LOWEST     55           100 PM
 AVERAGE    74

..........................................................


THE ST. LOUIS CLIMATE NORMALS FOR TOMORROW
                         NORMAL    RECORD    YEAR
 MAXIMUM TEMPERATURE (F)   75        91      2011
                                             1914
 MINIMUM TEMPERATURE (F)   56        35      1907


SUNRISE AND SUNSET
MAY 10 2015...........SUNRISE   554 AM CDT   SUNSET   802 PM CDT
MAY 11 2015...........SUNRISE   553 AM CDT   SUNSET   803 PM CDT


-  INDICATES NEGATIVE NUMBERS.
R  INDICATES RECORD WAS SET OR TIED.
MM INDICATES DATA IS MISSING.
T  INDICATES TRACE AMOUNT.




$$
