000
CDUS43 KLSX 252141
CLISTL


CLIMATE REPORT
NATIONAL WEATHER SERVICE ST LOUIS MO
440 PM CDT MON JUL 25 2016


...................................

...THE ST. LOUIS CLIMATE SUMMARY FOR JULY 25 2016...
VALID TODAY AS OF 0400 PM LOCAL TIME.

CLIMATE NORMAL PERIOD 1981 TO 2010
CLIMATE RECORD PERIOD 1874 TO 2016


WEATHER ITEM   OBSERVED TIME   RECORD YEAR NORMAL DEPARTURE LAST
                VALUE   (LST)  VALUE       VALUE  FROM      YEAR
                                                  NORMAL
..................................................................
TEMPERATURE (F)
 TODAY
  MAXIMUM         90    244 PM 108    2012  89      1       92
  MINIMUM         74    538 AM  59    1911  71      3       79
  AVERAGE         82                        80      2       86

PRECIPITATION (IN)
  TODAY            1.21          3.35 1948   0.13   1.08      T
  MONTH TO DATE    8.16                      3.35   4.81     3.89
  SINCE JUN 1      9.45                      7.63   1.82    17.03
  SINCE JAN 1     22.50                     24.00  -1.50    32.02

SNOWFALL (IN)
  TODAY            0.0           0.0  2015   0.0    0.0      0.0
  MONTH TO DATE    0.0                       0.0    0.0      0.0
  SINCE JUN 1      0.0                       0.0    0.0      0.0
  SINCE JUL 1      0.0                       0.0    0.0      0.0
  SNOW DEPTH       0

DEGREE DAYS
 HEATING
  TODAY            0                         0      0        0
  MONTH TO DATE    0                         0      0        0
  SINCE JUN 1      0                         5     -5        3
  SINCE JUL 1      0                         0      0        0

 COOLING
  TODAY           17                        15      2       21
  MONTH TO DATE  415                       375     40      376
  SINCE JUN 1    910                       709    201      766
  SINCE JAN 1   1104                       883    221      990
..................................................................


WIND (MPH)
  HIGHEST WIND SPEED    37   HIGHEST WIND DIRECTION     W (280)
  HIGHEST GUST SPEED    49   HIGHEST GUST DIRECTION     W (280)
  AVERAGE WIND SPEED     7.2


SKY COVER
  AVERAGE SKY COVER 0.8



RELATIVE HUMIDITY (PERCENT)
 HIGHEST    93           400 AM
 LOWEST     63           100 PM
 AVERAGE    78

..........................................................


THE ST. LOUIS CLIMATE NORMALS FOR TOMORROW
                         NORMAL    RECORD    YEAR
 MAXIMUM TEMPERATURE (F)   89       105      1936
 MINIMUM TEMPERATURE (F)   71        55      1962


SUNRISE AND SUNSET
JULY 25 2016..........SUNRISE   557 AM CDT   SUNSET   818 PM CDT
JULY 26 2016..........SUNRISE   558 AM CDT   SUNSET   817 PM CDT


-  INDICATES NEGATIVE NUMBERS.
R  INDICATES RECORD WAS SET OR TIED.
MM INDICATES DATA IS MISSING.
T  INDICATES TRACE AMOUNT.




$$
