000
CDUS43 KLSX 130745
CLISTL


CLIMATE REPORT
NATIONAL WEATHER SERVICE ST LOUIS MO
245 AM CDT SUN JUL 13 2014


...................................

...THE ST. LOUIS CLIMATE SUMMARY FOR JULY 12 2014...

CLIMATE NORMAL PERIOD 1981 TO 2010
CLIMATE RECORD PERIOD 1874 TO 2014


WEATHER ITEM   OBSERVED TIME   RECORD YEAR NORMAL DEPARTURE LAST
                VALUE   (LST)  VALUE       VALUE  FROM      YEAR
                                                  NORMAL
..................................................................
TEMPERATURE (F)
 YESTERDAY
  MAXIMUM         97    242 PM 110    1954  89      8       85
  MINIMUM         80    704 AM  56    1975  71      9       65
  AVERAGE         89                        80      9       75

PRECIPITATION (IN)
  YESTERDAY        0.00          2.28 1928   0.14  -0.14     0.00
  MONTH TO DATE    0.35                      1.61  -1.26     1.16
  SINCE JUN 1      5.61                      5.89  -0.28     7.09
  SINCE JAN 1     22.67                     22.26   0.41    31.23

SNOWFALL (IN)
  YESTERDAY        0.0           0.0  2013   0.0    0.0      0.0
  MONTH TO DATE    0.0                       0.0    0.0      0.0
  SINCE JUN 1      0.0                       0.0    0.0      0.0
  SINCE JUL 1      0.0                       0.0    0.0      0.0
  SNOW DEPTH       0

DEGREE DAYS
 HEATING
  YESTERDAY        0                         0      0        0
  MONTH TO DATE    0                         0      0        0
  SINCE JUN 1      0                         5     -5        1
  SINCE JUL 1      0                         0      0        0

 COOLING
  YESTERDAY       24                        15      9       10
  MONTH TO DATE  153                       180    -27      149
  SINCE JUN 1    551                       514     37      486
  SINCE JAN 1    813                       688    125      697
..................................................................


WIND (MPH)
  HIGHEST WIND SPEED    16   HIGHEST WIND DIRECTION    SW (210)
  HIGHEST GUST SPEED    21   HIGHEST GUST DIRECTION    SW (210)
  AVERAGE WIND SPEED     9.9


SKY COVER
  AVERAGE SKY COVER 0.9


WEATHER CONDITIONS
 THE FOLLOWING WEATHER WAS RECORDED YESTERDAY.
  NO SIGNIFICANT WEATHER WAS OBSERVED.


RELATIVE HUMIDITY (PERCENT)
 HIGHEST    79           600 AM
 LOWEST     38           300 PM
 AVERAGE    59

..........................................................


THE ST. LOUIS CLIMATE NORMALS FOR TODAY
                         NORMAL    RECORD    YEAR
 MAXIMUM TEMPERATURE (F)   89       106      1966
                                             1936
 MINIMUM TEMPERATURE (F)   71        52      1975


SUNRISE AND SUNSET
JULY 13 2014..........SUNRISE   548 AM CDT   SUNSET   827 PM CDT
JULY 14 2014..........SUNRISE   548 AM CDT   SUNSET   826 PM CDT


-  INDICATES NEGATIVE NUMBERS.
R  INDICATES RECORD WAS SET OR TIED.
MM INDICATES DATA IS MISSING.
T  INDICATES TRACE AMOUNT.




$$
