000
CDUS43 KLSX 052231
CLISTL


CLIMATE REPORT
NATIONAL WEATHER SERVICE ST LOUIS MO
531 PM CDT SAT APR 5 2014


...................................

...THE ST. LOUIS CLIMATE SUMMARY FOR APRIL 5 2014...
VALID TODAY AS OF 0500 PM LOCAL TIME.

CLIMATE NORMAL PERIOD 1981 TO 2010
CLIMATE RECORD PERIOD 1874 TO 2014


WEATHER ITEM   OBSERVED TIME   RECORD YEAR NORMAL DEPARTURE LAST
                VALUE   (LST)  VALUE       VALUE  FROM      YEAR
                                                  NORMAL
..................................................................
TEMPERATURE (F)
 TODAY
  MAXIMUM         55    347 PM  91    1988  64     -9       68
  MINIMUM         39    613 AM  22    1920  44     -5       39
  AVERAGE         47                        54     -7       54

PRECIPITATION (IN)
  TODAY            0.00          1.58 1926   0.12  -0.12     0.00
  MONTH TO DATE    4.83                      0.60   4.23      T
  SINCE MAR 1      6.38                      3.92   2.46     4.95
  SINCE JAN 1      9.53                      8.56   0.97    11.34

SNOWFALL (IN)
  TODAY            0.0           1.7  1971   0.0    0.0      0.0
  MONTH TO DATE    T                         0.1   -0.1       T
  SINCE MAR 1      1.6                       2.4   -0.8     14.3
  SINCE JUL 1     28.8                      17.4   11.4     27.9
  SNOW DEPTH       0

DEGREE DAYS
 HEATING
  TODAY           18                        12      6       11
  MONTH TO DATE   64                        65     -1       97
  SINCE MAR 1    754                       653    101      850
  SINCE JUL 1   4791                      4251    540     4167

 COOLING
  TODAY            0                         1     -1        0
  MONTH TO DATE    0                         5     -5        0
  SINCE MAR 1      0                        12    -12        0
  SINCE JAN 1      0                        12    -12        0
..................................................................


WIND (MPH)
  HIGHEST WIND SPEED    10   HIGHEST WIND DIRECTION     N (350)
  HIGHEST GUST SPEED    15   HIGHEST GUST DIRECTION    SE (120)
  AVERAGE WIND SPEED     4.9


SKY COVER
  AVERAGE SKY COVER 0.6



RELATIVE HUMIDITY (PERCENT)
 HIGHEST    62          1200 AM
 LOWEST     38           200 PM
 AVERAGE    50

..........................................................


THE ST. LOUIS CLIMATE NORMALS FOR TOMORROW
                         NORMAL    RECORD    YEAR
 MAXIMUM TEMPERATURE (F)   64        87      2010
                                             1972
 MINIMUM TEMPERATURE (F)   44        23      1982


SUNRISE AND SUNSET
APRIL  5 2014.........SUNRISE   640 AM CDT   SUNSET   729 PM CDT
APRIL  6 2014.........SUNRISE   639 AM CDT   SUNSET   730 PM CDT


-  INDICATES NEGATIVE NUMBERS.
R  INDICATES RECORD WAS SET OR TIED.
MM INDICATES DATA IS MISSING.
T  INDICATES TRACE AMOUNT.




$$
