092
CDUS43 KLSX 252126
CLISTL


CLIMATE REPORT
NATIONAL WEATHER SERVICE ST LOUIS MO
425 PM CDT MON APR 25 2016


...................................

...THE ST. LOUIS CLIMATE SUMMARY FOR APRIL 25 2016...
VALID TODAY AS OF 0400 PM LOCAL TIME.

CLIMATE NORMAL PERIOD 1981 TO 2010
CLIMATE RECORD PERIOD 1874 TO 2016


WEATHER ITEM   OBSERVED TIME   RECORD YEAR NORMAL DEPARTURE LAST
                VALUE   (LST)  VALUE       VALUE  FROM      YEAR
                                                  NORMAL
..................................................................
TEMPERATURE (F)
 TODAY
  MAXIMUM         87    259 PM  92    1986  71     16       71
  MINIMUM         64    515 AM  32    1934  51     13       50
  AVERAGE         76                        61     15       61

PRECIPITATION (IN)
  TODAY            0.00          1.71 1921   0.13  -0.13     0.29
  MONTH TO DATE    1.79                      3.05  -1.26     5.42
  SINCE MAR 1      4.08                      6.37  -2.29     8.42
  SINCE JAN 1      5.68                     11.01  -5.33    11.37

SNOWFALL (IN)
  TODAY            0.0           0.0  2015   0.0    0.0      0.0
  MONTH TO DATE    0.0                       0.4   -0.4      0.0
  SINCE MAR 1      0.3                       2.7   -2.4      0.6
  SINCE JUL 1     10.9                      17.7   -6.8     16.8
  SNOW DEPTH       0

DEGREE DAYS
 HEATING
  TODAY            0                         6     -6        4
  MONTH TO DATE  193                       243    -50      126
  SINCE MAR 1    566                       831   -265      695
  SINCE JUL 1   3396                      4429  -1033     4497

 COOLING
  TODAY           11                         2      9        0
  MONTH TO DATE   37                        32      5       25
  SINCE MAR 1     45                        39      6       25
  SINCE JAN 1     45                        39      6       25
..................................................................


WIND (MPH)
  HIGHEST WIND SPEED    21   HIGHEST WIND DIRECTION    SW (210)
  HIGHEST GUST SPEED    26   HIGHEST GUST DIRECTION    SW (210)
  AVERAGE WIND SPEED    10.3


SKY COVER
  AVERAGE SKY COVER 0.4



RELATIVE HUMIDITY (PERCENT)
 HIGHEST    63           500 AM
 LOWEST     36           300 PM
 AVERAGE    50

..........................................................


THE ST. LOUIS CLIMATE NORMALS FOR TOMORROW
                         NORMAL    RECORD    YEAR
 MAXIMUM TEMPERATURE (F)   71        93      1989
 MINIMUM TEMPERATURE (F)   51        30      1976


SUNRISE AND SUNSET
APRIL 25 2016.........SUNRISE   611 AM CDT   SUNSET   749 PM CDT
APRIL 26 2016.........SUNRISE   610 AM CDT   SUNSET   750 PM CDT


-  INDICATES NEGATIVE NUMBERS.
R  INDICATES RECORD WAS SET OR TIED.
MM INDICATES DATA IS MISSING.
T  INDICATES TRACE AMOUNT.




$$
