000
CDUS43 KLSX 240742
CLISTL


CLIMATE REPORT
NATIONAL WEATHER SERVICE ST LOUIS MO
241 AM CDT WED SEP 24 2014


...................................

...THE ST. LOUIS CLIMATE SUMMARY FOR SEPTEMBER 23 2014...

CLIMATE NORMAL PERIOD 1981 TO 2010
CLIMATE RECORD PERIOD 1874 TO 2014


WEATHER ITEM   OBSERVED TIME   RECORD YEAR NORMAL DEPARTURE LAST
                VALUE   (LST)  VALUE       VALUE  FROM      YEAR
                                                  NORMAL
..................................................................
TEMPERATURE (F)
 YESTERDAY
  MAXIMUM         75    344 PM  94    1891  77     -2       77
                                      1881
  MINIMUM         51    605 AM  36    1974  57     -6       53
  AVERAGE         63                        67     -4       65

PRECIPITATION (IN)
  YESTERDAY        0.00          1.23 1996   0.10  -0.10     0.00
  MONTH TO DATE    4.20                      2.37   1.83     2.73
  SINCE SEP 1      4.20                      2.37   1.83     2.73
  SINCE JAN 1     33.17                     30.12   3.05    37.34

SNOWFALL (IN)
  YESTERDAY        0.0           0.0  2013   0.0    0.0      0.0
  MONTH TO DATE    0.0                       0.0    0.0      0.0
  SINCE SEP 1      0.0                       0.0    0.0      0.0
  SINCE JUL 1      0.0                       0.0    0.0      0.0
  SNOW DEPTH       0

DEGREE DAYS
 HEATING
  YESTERDAY        2                         2      0        0
  MONTH TO DATE   39                        17     22        3
  SINCE SEP 1     39                        17     22        3
  SINCE JUL 1     39                        18     21        3

 COOLING
  YESTERDAY        0                         4     -4        0
  MONTH TO DATE  140                       178    -38      231
  SINCE SEP 1    140                       178    -38      231
  SINCE JAN 1   1645                      1577     68     1617
..................................................................


WIND (MPH)
  HIGHEST WIND SPEED    12   HIGHEST WIND DIRECTION     E (100)
  HIGHEST GUST SPEED    16   HIGHEST GUST DIRECTION     E (110)
  AVERAGE WIND SPEED     4.7


SKY COVER
  AVERAGE SKY COVER 0.6


WEATHER CONDITIONS
 THE FOLLOWING WEATHER WAS RECORDED YESTERDAY.
  NO SIGNIFICANT WEATHER WAS OBSERVED.


RELATIVE HUMIDITY (PERCENT)
 HIGHEST    89           400 AM
 LOWEST     38           200 PM
 AVERAGE    64

..........................................................


THE ST. LOUIS CLIMATE NORMALS FOR TODAY
                         NORMAL    RECORD    YEAR
 MAXIMUM TEMPERATURE (F)   77        94      1891
                                             1881
 MINIMUM TEMPERATURE (F)   57        37      1942


SUNRISE AND SUNSET
SEPTEMBER 24 2014.....SUNRISE   651 AM CDT   SUNSET   655 PM CDT
SEPTEMBER 25 2014.....SUNRISE   652 AM CDT   SUNSET   654 PM CDT


-  INDICATES NEGATIVE NUMBERS.
R  INDICATES RECORD WAS SET OR TIED.
MM INDICATES DATA IS MISSING.
T  INDICATES TRACE AMOUNT.




$$
