000
CDUS43 KLSX 260736
CLISTL


CLIMATE REPORT
NATIONAL WEATHER SERVICE ST LOUIS MO
235 AM CDT FRI JUN 26 2015


...................................

...THE ST. LOUIS CLIMATE SUMMARY FOR JUNE 25 2015...

CLIMATE NORMAL PERIOD 1981 TO 2010
CLIMATE RECORD PERIOD 1874 TO 2015


WEATHER ITEM   OBSERVED TIME   RECORD YEAR NORMAL DEPARTURE LAST
                VALUE   (LST)  VALUE       VALUE  FROM      YEAR
                                                  NORMAL
..................................................................
TEMPERATURE (F)
 YESTERDAY
  MAXIMUM         95    358 PM 102    1954  88      7       90
  MINIMUM         71    908 PM  50    1974  70      1       70
  AVERAGE         83                        79      4       80

PRECIPITATION (IN)
  YESTERDAY        1.57          3.31 2003   0.13   1.44     0.00
  MONTH TO DATE   10.99                      3.66   7.33     4.31
  SINCE JUN 1     10.99                      3.66   7.33     4.31
  SINCE JAN 1     25.98                     20.03   5.95    21.37

SNOWFALL (IN)
  YESTERDAY        0.0           0.0  2013   0.0    0.0      0.0
  MONTH TO DATE    0.0                       0.0    0.0      0.0
  SINCE JUN 1      0.0                       0.0    0.0      0.0
  SINCE JUL 1     16.8                      17.7   -0.9     28.8
  SNOW DEPTH       0

DEGREE DAYS
 HEATING
  YESTERDAY        0                         0      0        0
  MONTH TO DATE    3                         3      0        0
  SINCE JUN 1      3                         3      0        0
  SINCE JUL 1   4585                      4533     52     5027

 COOLING
  YESTERDAY       18                        14      4       15
  MONTH TO DATE  332                       262     70      312
  SINCE JUN 1    332                       262     70      312
  SINCE JAN 1    556                       436    120      574
..................................................................


WIND (MPH)
  HIGHEST WIND SPEED    38   HIGHEST WIND DIRECTION     N (20)
  HIGHEST GUST SPEED    47   HIGHEST GUST DIRECTION     N (20)
  AVERAGE WIND SPEED    11.3


SKY COVER
  AVERAGE SKY COVER 0.8


WEATHER CONDITIONS
 THE FOLLOWING WEATHER WAS RECORDED YESTERDAY.
  THUNDERSTORM
  HEAVY RAIN
  LIGHT RAIN
  FOG


RELATIVE HUMIDITY (PERCENT)
 HIGHEST    90           900 PM
 LOWEST     46           200 PM
 AVERAGE    68

..........................................................


THE ST. LOUIS CLIMATE NORMALS FOR TODAY
                         NORMAL    RECORD    YEAR
 MAXIMUM TEMPERATURE (F)   88       102      1954
 MINIMUM TEMPERATURE (F)   70        51      1958


SUNRISE AND SUNSET
JUNE 26 2015..........SUNRISE   538 AM CDT   SUNSET   830 PM CDT
JUNE 27 2015..........SUNRISE   539 AM CDT   SUNSET   830 PM CDT


-  INDICATES NEGATIVE NUMBERS.
R  INDICATES RECORD WAS SET OR TIED.
MM INDICATES DATA IS MISSING.
T  INDICATES TRACE AMOUNT.




$$
